{"id":2348,"date":"2023-11-23T20:24:15","date_gmt":"2023-11-23T20:24:15","guid":{"rendered":"https:\/\/tropiques-atrium.fr\/scene-nationale\/?page_id=2348"},"modified":"2023-11-23T20:33:59","modified_gmt":"2023-11-23T20:33:59","slug":"les-lieux","status":"publish","type":"page","link":"https:\/\/tropiques-atrium.fr\/scene-nationale\/tropiques-atrium\/pratique\/les-lieux\/","title":{"rendered":"Les lieux"},"content":{"rendered":"\t\t<div data-elementor-type=\"wp-page\" data-elementor-id=\"2348\" class=\"elementor elementor-2348\" data-elementor-post-type=\"page\">\n\t\t\t\t<div class=\"elementor-element elementor-element-f0bc71b e-flex e-con-boxed e-con e-parent\" data-id=\"f0bc71b\" data-element_type=\"container\">\n\t\t\t\t\t<div class=\"e-con-inner\">\n\t\t<div class=\"elementor-element elementor-element-03c81c8 e-con-full e-flex e-con e-child\" data-id=\"03c81c8\" data-element_type=\"container\">\n\t\t\t\t<\/div>\n\t\t<div class=\"elementor-element elementor-element-d501764 e-con-full e-flex e-con e-child\" data-id=\"d501764\" data-element_type=\"container\">\n\t\t\t\t<div class=\"elementor-element elementor-element-b6d1db6 elementor-widget elementor-widget-text-editor\" data-id=\"b6d1db6\" data-element_type=\"widget\" data-widget_type=\"text-editor.default\">\n\t\t\t\t<div class=\"elementor-widget-container\">\n\t\t\t<style>\/*! elementor - v3.23.0 - 05-08-2024 *\/\n.elementor-widget-text-editor.elementor-drop-cap-view-stacked .elementor-drop-cap{background-color:#69727d;color:#fff}.elementor-widget-text-editor.elementor-drop-cap-view-framed .elementor-drop-cap{color:#69727d;border:3px solid;background-color:transparent}.elementor-widget-text-editor:not(.elementor-drop-cap-view-default) .elementor-drop-cap{margin-top:8px}.elementor-widget-text-editor:not(.elementor-drop-cap-view-default) .elementor-drop-cap-letter{width:1em;height:1em}.elementor-widget-text-editor .elementor-drop-cap{float:left;text-align:center;line-height:1;font-size:50px}.elementor-widget-text-editor .elementor-drop-cap-letter{display:inline-block}<\/style>\t\t\t\t<p><span style=\"font-size: 21px;\"><strong>Salle Aim\u00e9 C\u00e9saire<\/strong><\/span><\/p><p>Salle de 958 places assises num\u00e9rot\u00e9es.<br \/>Adresse : 6, rue Jacques Cazotte. 97200, Fort-de-France<\/p>\t\t\t\t\t\t<\/div>\n\t\t\t\t<\/div>\n\t\t\t\t<\/div>\n\t\t\t\t\t<\/div>\n\t\t\t\t<\/div>\n\t\t<div class=\"elementor-element elementor-element-a5ebc82 e-flex e-con-boxed e-con e-parent\" data-id=\"a5ebc82\" data-element_type=\"container\">\n\t\t\t\t\t<div class=\"e-con-inner\">\n\t\t<div class=\"elementor-element elementor-element-aadfaf1 e-con-full e-flex e-con e-child\" data-id=\"aadfaf1\" data-element_type=\"container\">\n\t\t\t\t<\/div>\n\t\t<div class=\"elementor-element elementor-element-3965dc6 e-con-full e-flex e-con e-child\" data-id=\"3965dc6\" data-element_type=\"container\">\n\t\t\t\t<div class=\"elementor-element elementor-element-bfc068f elementor-widget elementor-widget-text-editor\" data-id=\"bfc068f\" data-element_type=\"widget\" data-widget_type=\"text-editor.default\">\n\t\t\t\t<div class=\"elementor-widget-container\">\n\t\t\t\t\t\t\t<p><span style=\"font-size: 21px;\"><strong>Salle Frantz Fanon<\/strong><\/span><\/p><p>Salle de 278 places assises.<br \/>Adresse : 6, rue Jacques Cazotte. 97200, Fort-de-France<\/p>\t\t\t\t\t\t<\/div>\n\t\t\t\t<\/div>\n\t\t\t\t<\/div>\n\t\t\t\t\t<\/div>\n\t\t\t\t<\/div>\n\t\t<div class=\"elementor-element elementor-element-2aaf13d e-flex e-con-boxed e-con e-parent\" data-id=\"2aaf13d\" data-element_type=\"container\">\n\t\t\t\t\t<div class=\"e-con-inner\">\n\t\t<div class=\"elementor-element elementor-element-5a32bc1 e-con-full e-flex e-con e-child\" data-id=\"5a32bc1\" data-element_type=\"container\">\n\t\t\t\t<\/div>\n\t\t<div class=\"elementor-element elementor-element-3632a48 e-con-full e-flex e-con e-child\" data-id=\"3632a48\" data-element_type=\"container\">\n\t\t\t\t<div class=\"elementor-element elementor-element-d4959f7 elementor-widget elementor-widget-text-editor\" data-id=\"d4959f7\" data-element_type=\"widget\" data-widget_type=\"text-editor.default\">\n\t\t\t\t<div class=\"elementor-widget-container\">\n\t\t\t\t\t\t\t<p><span style=\"font-size: 21px;\"><strong>Salle Mobile<\/strong><\/span><\/p><p>Salle mobile ayant jusqu\u2019\u00e0 300 places assises.<br \/>Structure itin\u00e9rante et modulable.<\/p>\t\t\t\t\t\t<\/div>\n\t\t\t\t<\/div>\n\t\t\t\t<\/div>\n\t\t\t\t\t<\/div>\n\t\t\t\t<\/div>\n\t\t<div class=\"elementor-element elementor-element-b66d6c7 e-flex e-con-boxed e-con e-parent\" data-id=\"b66d6c7\" data-element_type=\"container\">\n\t\t\t\t\t<div class=\"e-con-inner\">\n\t\t<div class=\"elementor-element elementor-element-fa9675c e-con-full e-flex e-con e-child\" data-id=\"fa9675c\" data-element_type=\"container\">\n\t\t\t\t<\/div>\n\t\t<div class=\"elementor-element elementor-element-ea78694 e-con-full e-flex e-con e-child\" data-id=\"ea78694\" data-element_type=\"container\">\n\t\t\t\t<div class=\"elementor-element elementor-element-be4a76c elementor-widget elementor-widget-text-editor\" data-id=\"be4a76c\" data-element_type=\"widget\" data-widget_type=\"text-editor.default\">\n\t\t\t\t<div class=\"elementor-widget-container\">\n\t\t\t\t\t\t\t<p><span style=\"font-size: 21px;\"><strong>La Terrasse<\/strong><\/span><\/p><p>Adresse : 6, rue Jacques Cazotte. 97200, Fort-de-France<\/p>\t\t\t\t\t\t<\/div>\n\t\t\t\t<\/div>\n\t\t\t\t<\/div>\n\t\t\t\t\t<\/div>\n\t\t\t\t<\/div>\n\t\t<div class=\"elementor-element elementor-element-616d36e e-flex e-con-boxed e-con e-parent\" data-id=\"616d36e\" data-element_type=\"container\">\n\t\t\t\t\t<div class=\"e-con-inner\">\n\t\t<div class=\"elementor-element elementor-element-cf72a98 e-con-full e-flex e-con e-child\" data-id=\"cf72a98\" data-element_type=\"container\">\n\t\t\t\t<\/div>\n\t\t<div class=\"elementor-element elementor-element-4da067c e-con-full e-flex e-con e-child\" data-id=\"4da067c\" data-element_type=\"container\">\n\t\t\t\t<div class=\"elementor-element elementor-element-0611270 elementor-widget elementor-widget-text-editor\" data-id=\"0611270\" data-element_type=\"widget\" data-widget_type=\"text-editor.default\">\n\t\t\t\t<div class=\"elementor-widget-container\">\n\t\t\t\t\t\t\t<p><span style=\"font-size: 21px;\"><strong>Galerie Andr\u00e9 Arsenec<\/strong><\/span><\/p><p>Adresse : 6, rue Jacques Cazotte. 97200, Fort-de-France<\/p>\t\t\t\t\t\t<\/div>\n\t\t\t\t<\/div>\n\t\t\t\t<\/div>\n\t\t\t\t\t<\/div>\n\t\t\t\t<\/div>\n\t\t<div class=\"elementor-element elementor-element-642103f e-flex e-con-boxed e-con e-parent\" data-id=\"642103f\" data-element_type=\"container\">\n\t\t\t\t\t<div class=\"e-con-inner\">\n\t\t<div class=\"elementor-element elementor-element-b2f8909 e-con-full e-flex e-con e-child\" data-id=\"b2f8909\" data-element_type=\"container\">\n\t\t\t\t<\/div>\n\t\t<div class=\"elementor-element elementor-element-a4c066e e-con-full e-flex e-con e-child\" data-id=\"a4c066e\" data-element_type=\"container\">\n\t\t\t\t<div class=\"elementor-element elementor-element-4285d2a elementor-widget elementor-widget-text-editor\" data-id=\"4285d2a\" data-element_type=\"widget\" data-widget_type=\"text-editor.default\">\n\t\t\t\t<div class=\"elementor-widget-container\">\n\t\t\t\t\t\t\t<p><span style=\"font-size: 21px;\"><strong>Galerie La V\u00e9randa<\/strong><\/span><\/p><p>Adresse : 6, rue Jacques Cazotte. 97200, Fort-de-France<\/p>\t\t\t\t\t\t<\/div>\n\t\t\t\t<\/div>\n\t\t\t\t<\/div>\n\t\t\t\t\t<\/div>\n\t\t\t\t<\/div>\n\t\t\t\t<\/div>\n\t\t","protected":false},"excerpt":{"rendered":"<p>Salle Aim\u00e9 C\u00e9saire Salle de 958 places assises num\u00e9rot\u00e9es.Adresse : 6, rue Jacques Cazotte. 97200, Fort-de-France Salle Frantz Fanon Salle&#8230;<\/p>\n","protected":false},"author":1,"featured_media":0,"parent":2346,"menu_order":0,"comment_status":"closed","ping_status":"closed","template":"","meta":{"footnotes":""},"_links":{"self":[{"href":"https:\/\/tropiques-atrium.fr\/scene-nationale\/wp-json\/wp\/v2\/pages\/2348"}],"collection":[{"href":"https:\/\/tropiques-atrium.fr\/scene-nationale\/wp-json\/wp\/v2\/pages"}],"about":[{"href":"https:\/\/tropiques-atrium.fr\/scene-nationale\/wp-json\/wp\/v2\/types\/page"}],"author":[{"embeddable":true,"href":"https:\/\/tropiques-atrium.fr\/scene-nationale\/wp-json\/wp\/v2\/users\/1"}],"replies":[{"embeddable":true,"href":"https:\/\/tropiques-atrium.fr\/scene-nationale\/wp-json\/wp\/v2\/comments?post=2348"}],"version-history":[{"count":22,"href":"https:\/\/tropiques-atrium.fr\/scene-nationale\/wp-json\/wp\/v2\/pages\/2348\/revisions"}],"predecessor-version":[{"id":2375,"href":"https:\/\/tropiques-atrium.fr\/scene-nationale\/wp-json\/wp\/v2\/pages\/2348\/revisions\/2375"}],"up":[{"embeddable":true,"href":"https:\/\/tropiques-atrium.fr\/scene-nationale\/wp-json\/wp\/v2\/pages\/2346"}],"wp:attachment":[{"href":"https:\/\/tropiques-atrium.fr\/scene-nationale\/wp-json\/wp\/v2\/media?parent=2348"}],"curies":[{"name":"wp","href":"https:\/\/api.w.org\/{rel}","templated":true}]}}