{"id":7275,"date":"2025-10-02T13:50:19","date_gmt":"2025-10-02T17:50:19","guid":{"rendered":"https:\/\/tropiques-atrium.fr\/scene-nationale\/events\/ubu-president\/"},"modified":"2025-11-05T12:03:16","modified_gmt":"2025-11-05T16:03:16","slug":"ubu-president","status":"publish","type":"ajde_events","link":"https:\/\/tropiques-atrium.fr\/scene-nationale\/events\/ubu-president\/","title":{"rendered":"Ubu Pr\u00e9sident"},"content":{"rendered":"\n\n\n<p class=\"has-text-align-right wp-embed-aspect-16-9 wp-has-aspect-ratio\"><strong>Samedi 15 novembre &#8211; 19h30<\/strong><br>Salle Frantz Fanon<\/p>\n\n\n\n<p class=\"has-text-align-right wp-embed-aspect-16-9 wp-has-aspect-ratio\">Tarif D : 25\u20ac 20\u20ac 8\u20ac<\/p>\n\n\n\n<h1 class=\"wp-block-heading\">Ubu Pr\u00e9sident<\/h1>\n\n\n\n<p>Adaptation contemporaine et musicale du texte d\u2019Alfred Jarry par<strong> Mohamed Kacimi<\/strong><br>Mise en sc\u00e8ne&nbsp;:<strong> Isabelle Starkier<\/strong><br>Musiques&nbsp;:<strong> Alain Territo<\/strong><br>Avec&nbsp;: <strong>St\u00e9phane Barri\u00e8re, Michelle Br\u00fbl\u00e9, St\u00e9phane Miquel,<\/strong> <strong>Clara Starkier, Virgile Vaugelade<\/strong><br>Costumes&nbsp;:<strong> Aurore Popineau<\/strong><br>D\u00e9cor&nbsp;:<strong> Jean-Pierre Benzekri<\/strong><br>Lumi\u00e8res&nbsp;:<strong> Jean Grison<\/strong><br>Assistante :<strong> Modestine Pellet<\/strong><br>Chef de Chant&nbsp;:<strong> Cathy Misika<\/strong><br>Photo&nbsp;:<strong> \u00c9lie Benzekri<\/strong><\/p>\n\n\n\n<p>Le p\u00e8re et la m\u00e8re Ubu, ch\u00f4meurs patent\u00e9s, s&#8217;\u00e9tripent dans leur cuisine o\u00f9 il n&#8217;y a plus rien \u00e0 manger. Une journaliste de Niouze en qu\u00eate de faits divers vient les filmer et d\u00e9cide de les aider \u00e0 r\u00e9aliser la seule id\u00e9e qui pourrait les sauver de leur d\u00e9cr\u00e9pitude : devenir pr\u00e9sident(s) !<\/p>\n\n\n\n<p><em>\u00c0 l\u2019heure o\u00f9 le monde vacille, o\u00f9 la culture qu\u2019on tente de censurer voire de supprimer, ne peut qu\u2019affirmer la place politique qu\u2019elle a et sa posture f\u00e9d\u00e9ratrice qui rassemble par le rire et par le r\u00eave, Ubu nous a paru le tremplin d\u2019o\u00f9 pourrait jaillir notre r\u00e9volte, notre rage mais aussi l\u2019humour et la distance que le th\u00e9\u00e2tre permet d\u2019offrir.<\/em> <em>Ce spectacle r\u00e9unit jeu, danse, chant et paroles. <\/em>Isabelle Starkier<\/p>\n\n\n\n<p>Production\u00a0:<strong> Sea Art<\/strong><br>Avec la participation de la <strong>Compagnie Isabelle Starkier<\/strong><br>Soutiens\u00a0: <strong>Atrium de Chaville, Th\u00e9\u00e2tre du Grenier \u00e0 Sel de Bougival<\/strong><\/p>\n\n\n\n<figure class=\"wp-block-embed is-type-video is-provider-youtube wp-block-embed-youtube wp-embed-aspect-16-9 wp-has-aspect-ratio\"><div class=\"wp-block-embed__wrapper\">\n<iframe title=\"UBU Pr\u00e9sident - Teaser\" width=\"500\" height=\"281\" src=\"https:\/\/www.youtube.com\/embed\/7utrdP86VqE?start=4&#038;feature=oembed\" frameborder=\"0\" allow=\"accelerometer; autoplay; clipboard-write; encrypted-media; gyroscope; picture-in-picture; web-share\" referrerpolicy=\"strict-origin-when-cross-origin\" allowfullscreen><\/iframe>\n<\/div><\/figure>\n\n\n<div class=\"wp-block-image\">\n<figure class=\"aligncenter size-large is-resized\"><img fetchpriority=\"high\" decoding=\"async\" width=\"683\" height=\"1024\" src=\"https:\/\/tropiques-atrium.fr\/scene-nationale\/wp-content\/uploads\/sites\/13\/2025\/10\/UbuPresident3Light-Elie-Benzekri-683x1024.jpg\" alt=\"\" class=\"wp-image-7277\" style=\"width:411px;height:auto\" srcset=\"https:\/\/tropiques-atrium.fr\/scene-nationale\/wp-content\/uploads\/sites\/13\/2025\/10\/UbuPresident3Light-Elie-Benzekri-683x1024.jpg 683w, https:\/\/tropiques-atrium.fr\/scene-nationale\/wp-content\/uploads\/sites\/13\/2025\/10\/UbuPresident3Light-Elie-Benzekri-200x300.jpg 200w, https:\/\/tropiques-atrium.fr\/scene-nationale\/wp-content\/uploads\/sites\/13\/2025\/10\/UbuPresident3Light-Elie-Benzekri-768x1152.jpg 768w, https:\/\/tropiques-atrium.fr\/scene-nationale\/wp-content\/uploads\/sites\/13\/2025\/10\/UbuPresident3Light-Elie-Benzekri-1024x1536.jpg 1024w, https:\/\/tropiques-atrium.fr\/scene-nationale\/wp-content\/uploads\/sites\/13\/2025\/10\/UbuPresident3Light-Elie-Benzekri-1365x2048.jpg 1365w, https:\/\/tropiques-atrium.fr\/scene-nationale\/wp-content\/uploads\/sites\/13\/2025\/10\/UbuPresident3Light-Elie-Benzekri-585x878.jpg 585w, https:\/\/tropiques-atrium.fr\/scene-nationale\/wp-content\/uploads\/sites\/13\/2025\/10\/UbuPresident3Light-Elie-Benzekri-scaled.jpg 1707w\" sizes=\"(max-width: 683px) 100vw, 683px\" \/><\/figure><\/div>\n\n\n<hr class=\"wp-block-separator has-alpha-channel-opacity\"\/>\n\n\n\n<p>Scolaire le 14 novembre \u00e0 9h00<\/p>\n","protected":false},"author":21,"featured_media":7279,"menu_order":0,"comment_status":"open","ping_status":"closed","template":"","meta":[],"tags":[],"event_type":[216,171,175],"event_type_2":[],"_links":{"self":[{"href":"https:\/\/tropiques-atrium.fr\/scene-nationale\/wp-json\/wp\/v2\/ajde_events\/7275"}],"collection":[{"href":"https:\/\/tropiques-atrium.fr\/scene-nationale\/wp-json\/wp\/v2\/ajde_events"}],"about":[{"href":"https:\/\/tropiques-atrium.fr\/scene-nationale\/wp-json\/wp\/v2\/types\/ajde_events"}],"author":[{"embeddable":true,"href":"https:\/\/tropiques-atrium.fr\/scene-nationale\/wp-json\/wp\/v2\/users\/21"}],"replies":[{"embeddable":true,"href":"https:\/\/tropiques-atrium.fr\/scene-nationale\/wp-json\/wp\/v2\/comments?post=7275"}],"wp:featuredmedia":[{"embeddable":true,"href":"https:\/\/tropiques-atrium.fr\/scene-nationale\/wp-json\/wp\/v2\/media\/7279"}],"wp:attachment":[{"href":"https:\/\/tropiques-atrium.fr\/scene-nationale\/wp-json\/wp\/v2\/media?parent=7275"}],"wp:term":[{"taxonomy":"post_tag","embeddable":true,"href":"https:\/\/tropiques-atrium.fr\/scene-nationale\/wp-json\/wp\/v2\/tags?post=7275"},{"taxonomy":"event_type","embeddable":true,"href":"https:\/\/tropiques-atrium.fr\/scene-nationale\/wp-json\/wp\/v2\/event_type?post=7275"},{"taxonomy":"event_type_2","embeddable":true,"href":"https:\/\/tropiques-atrium.fr\/scene-nationale\/wp-json\/wp\/v2\/event_type_2?post=7275"}],"curies":[{"name":"wp","href":"https:\/\/api.w.org\/{rel}","templated":true}]}}

Ubu Président

<p class="has-text-align-right wp-embed-aspect-16-9 wp-has-aspect-ratio"><strong>Samedi 15 novembre &#8211; 19h30</strong><br>Salle Frantz Fanon</p>



<p class="has-text-align-right wp-embed-aspect-16-9 wp-has-aspect-ratio">Tarif D : 25€ 20€ 8€</p>



<h1 class="wp-block-heading">Ubu Président</h1>



<p>Adaptation contemporaine et musicale du texte d’Alfred Jarry par<strong> Mohamed Kacimi</strong><br>Mise en scène&nbsp;:<strong> Isabelle Starkier</strong><br>Musiques&nbsp;:<strong> Alain Territo</strong><br>Avec&nbsp;: <strong>Stéphane Barrière, Michelle Brûlé, Stéphane Miquel,</strong> <strong>Clara Starkier, Virgile Vaugelade</strong><br>Costumes&nbsp;:<strong> Aurore Popineau</strong><br>Décor&nbsp;:<strong> Jean-Pierre Benzekri</strong><br>Lumières&nbsp;:<strong> Jean Grison</strong><br>Assistante :<strong> Modestine Pellet</strong><br>Chef de Chant&nbsp;:<strong> Cathy Misika</strong><br>Photo&nbsp;:<strong> Élie Benzekri</strong></p>



<p>Le père et la mère Ubu, chômeurs patentés, s&#8217;étripent dans leur cuisine où il n&#8217;y a plus rien à manger. Une journaliste de Niouze en quête de faits divers vient les filmer et décide de les aider à réaliser la seule idée qui pourrait les sauver de leur décrépitude : devenir président(s) !</p>



<p><em>À l’heure où le monde vacille, où la culture qu’on tente de censurer voire de supprimer, ne peut qu’affirmer la place politique qu’elle a et sa posture fédératrice qui rassemble par le rire et par le rêve, Ubu nous a paru le tremplin d’où pourrait jaillir notre révolte, notre rage mais aussi l’humour et la distance que le théâtre permet d’offrir.</em> <em>Ce spectacle réunit jeu, danse, chant et paroles. </em>Isabelle Starkier</p>



<p>Production :<strong> Sea Art</strong><br>Avec la participation de la <strong>Compagnie Isabelle Starkier</strong><br>Soutiens : <strong>Atrium de Chaville, Théâtre du Grenier à Sel de Bougival</strong></p>



<figure class="wp-block-embed is-type-video is-provider-youtube wp-block-embed-youtube wp-embed-aspect-16-9 wp-has-aspect-ratio"><div class="wp-block-embed__wrapper">
<iframe title="UBU Président - Teaser" width="500" height="281" src="https://www.youtube.com/embed/7utrdP86VqE?start=4&#038;feature=oembed" frameborder="0" allow="accelerometer; autoplay; clipboard-write; encrypted-media; gyroscope; picture-in-picture; web-share" referrerpolicy="strict-origin-when-cross-origin" allowfullscreen></iframe>
</div></figure>


<div class="wp-block-image">
<figure class="aligncenter size-large is-resized"><img fetchpriority="high" decoding="async" width="683" height="1024" src="https://tropiques-atrium.fr/scene-nationale/wp-content/uploads/sites/13/2025/10/UbuPresident3Light-Elie-Benzekri-683x1024.jpg" alt="" class="wp-image-7277" style="width:411px;height:auto" srcset="https://tropiques-atrium.fr/scene-nationale/wp-content/uploads/sites/13/2025/10/UbuPresident3Light-Elie-Benzekri-683x1024.jpg 683w, https://tropiques-atrium.fr/scene-nationale/wp-content/uploads/sites/13/2025/10/UbuPresident3Light-Elie-Benzekri-200x300.jpg 200w, https://tropiques-atrium.fr/scene-nationale/wp-content/uploads/sites/13/2025/10/UbuPresident3Light-Elie-Benzekri-768x1152.jpg 768w, https://tropiques-atrium.fr/scene-nationale/wp-content/uploads/sites/13/2025/10/UbuPresident3Light-Elie-Benzekri-1024x1536.jpg 1024w, https://tropiques-atrium.fr/scene-nationale/wp-content/uploads/sites/13/2025/10/UbuPresident3Light-Elie-Benzekri-1365x2048.jpg 1365w, https://tropiques-atrium.fr/scene-nationale/wp-content/uploads/sites/13/2025/10/UbuPresident3Light-Elie-Benzekri-585x878.jpg 585w, https://tropiques-atrium.fr/scene-nationale/wp-content/uploads/sites/13/2025/10/UbuPresident3Light-Elie-Benzekri-scaled.jpg 1707w" sizes="(max-width: 683px) 100vw, 683px" /></figure></div>


<hr class="wp-block-separator has-alpha-channel-opacity"/>



<p>Scolaire le 14 novembre à 9h00</p>
