{"id":6611,"date":"2025-04-16T16:09:20","date_gmt":"2025-04-16T20:09:20","guid":{"rendered":"https:\/\/tropiques-atrium.fr\/scene-nationale\/events\/ekanga\/"},"modified":"2025-05-07T10:38:10","modified_gmt":"2025-05-07T14:38:10","slug":"ekanga","status":"publish","type":"ajde_events","link":"https:\/\/tropiques-atrium.fr\/scene-nationale\/events\/ekanga\/","title":{"rendered":"Ekanga"},"content":{"rendered":"\n\n<div class=\"wp-block-image\">\n<figure class=\"alignleft size-thumbnail\"><img decoding=\"async\" width=\"150\" height=\"150\" src=\"https:\/\/tropiques-atrium.fr\/scene-nationale\/wp-content\/uploads\/sites\/13\/2023\/11\/Rezistans-mai-2025-Logo-Tropiques-Atrium-1-150x150.jpg\" alt=\"\" class=\"wp-image-6734\" srcset=\"https:\/\/tropiques-atrium.fr\/scene-nationale\/wp-content\/uploads\/sites\/13\/2023\/11\/Rezistans-mai-2025-Logo-Tropiques-Atrium-1-150x150.jpg 150w, https:\/\/tropiques-atrium.fr\/scene-nationale\/wp-content\/uploads\/sites\/13\/2023\/11\/Rezistans-mai-2025-Logo-Tropiques-Atrium-1-585x585.jpg 585w, https:\/\/tropiques-atrium.fr\/scene-nationale\/wp-content\/uploads\/sites\/13\/2023\/11\/Rezistans-mai-2025-Logo-Tropiques-Atrium-1-220x220.jpg 220w, https:\/\/tropiques-atrium.fr\/scene-nationale\/wp-content\/uploads\/sites\/13\/2023\/11\/Rezistans-mai-2025-Logo-Tropiques-Atrium-1-80x80.jpg 80w\" sizes=\"(max-width: 150px) 100vw, 150px\" \/><\/figure><\/div>\n\n\n<p class=\"has-text-align-right\"><strong>Musique<\/strong><br><strong>Samedi 10 mai &#8211; 19h30<br><\/strong>Salle Aim\u00e9 C\u00e9saire<\/p>\n\n\n\n<p class=\"has-text-align-right\">Tarif B \u2013 35\u20ac 30\u20ac 15\u20ac<\/p>\n\n\n\n<h1 class=\"wp-block-heading\">Ekanga<\/h1>\n\n\n\n<p>Direction artistique&nbsp;:&nbsp;<strong>Roger Jalta<\/strong><br>Direction musicale, Guitare&nbsp;:&nbsp;<strong>Renaud Rinto<\/strong><br>Batterie&nbsp;:&nbsp;<strong>Yan Icheck<\/strong><br>Basse&nbsp;:&nbsp;<strong>Miguel Ag\u00e9silas<\/strong><br>Piano, clavier&nbsp;:&nbsp;<strong>Alain Anexime<\/strong><br>Tambour B\u00e8l\u00e8&nbsp;:&nbsp;<strong>Maurice Justand<\/strong><br>Djemb\u00e9, congas&nbsp;:&nbsp;<strong>La\u00ebl Varasse<\/strong><br>Tambour Ka, Tibwa&nbsp;:&nbsp;<strong>Jean-Charles Annonay<\/strong><br>Chant :&nbsp;<strong>Ivy Jalta, Na\u00e9ly Jalta, Vanessa Jalta, Nicolas Largen<\/strong><br>Invit\u00e9s&nbsp;:&nbsp;<strong>Tony Chasseur, Loysonjah, Patrice Hulman, B\u00e9lO<\/strong><br>Ch\u0153urs&nbsp;:&nbsp;<strong>Didier Joachim, Yan Icheck, Nicolas Largen, Ivy Jalta, Marie-Chantal Bartel<\/strong><br>Danseurs&nbsp;:&nbsp;<strong>Marie-Chantal Bartel, Yasmina Carel, Cindy Dussiel, Wilson Noteuil, Robert R\u00e9gina, Liva\u00ef Jalta, Ambre Lefroy<\/strong><br>Et la participation exceptionnelle&nbsp;:&nbsp;<strong>Groupe Afwo-Karayib, Groupe Osmoz, Emile Pelti<\/strong>&nbsp;(com\u00e9dien)<br>Ing\u00e9nieur du son&nbsp;:&nbsp;<strong>Yvan Charpentier<\/strong><\/p>\n\n\n\n<p><strong><em>Ekanga<\/em><\/strong><strong> <\/strong>signifie Origine\u00a0en lingala, langue bantou au Congo. <em>Ekanga<\/em> <em>Mouvman Kiltirel, <\/em>dirig\u00e9 par Woj\u00e9 Jalta, traduit l\u2019alliance entre l\u2019Afrique et la Martinique et propose un concert identitaire \u00e0 partir de dates m\u00e9morielles, de faits historiques et soci\u00e9taux de la Martinique. Un spectacle qui inclut aussi des danseurs sur des rythmes enracin\u00e9s dans la matrice B\u00e8l\u00e8 teint\u00e9e de modernit\u00e9.<\/p>\n\n\n\n<p>Depuis 2021 le groupe s\u2019est fait un nom avec les titres&nbsp;: <em>Lettre ouverte<\/em>&nbsp;sur la relation entre la France et les peuples d\u2019Outre-Mer, <em>Nasion Matinik<\/em> sur le drapeau RVN, <em>R\u00e9zilians<\/em>&nbsp;sur le vivre-ensemble, <em>Chiv\u00e9 grennen, Woch Listwa,<\/em> S<em>urvivans\u2026 Ekanga<\/em> incarne la rel\u00e8ve d\u2019une musique \u00e0 textes, avec fraicheur et talent.<\/p>\n\n\n\n<figure class=\"wp-block-embed is-type-video is-provider-youtube wp-block-embed-youtube wp-embed-aspect-16-9 wp-has-aspect-ratio\"><div class=\"wp-block-embed__wrapper\">\n<iframe title=\"Ekanga   R\u00e9zilians ft Tony chasseur\" width=\"500\" height=\"281\" src=\"https:\/\/www.youtube.com\/embed\/p3_a2VORCDQ?feature=oembed\" frameborder=\"0\" allow=\"accelerometer; autoplay; clipboard-write; encrypted-media; gyroscope; picture-in-picture; web-share\" referrerpolicy=\"strict-origin-when-cross-origin\" allowfullscreen><\/iframe>\n<\/div><\/figure>\n\n\n\n<p><br><\/p>\n","protected":false},"author":2,"featured_media":6610,"menu_order":0,"comment_status":"open","ping_status":"closed","template":"","meta":[],"tags":[],"event_type":[173],"event_type_2":[],"_links":{"self":[{"href":"https:\/\/tropiques-atrium.fr\/scene-nationale\/wp-json\/wp\/v2\/ajde_events\/6611"}],"collection":[{"href":"https:\/\/tropiques-atrium.fr\/scene-nationale\/wp-json\/wp\/v2\/ajde_events"}],"about":[{"href":"https:\/\/tropiques-atrium.fr\/scene-nationale\/wp-json\/wp\/v2\/types\/ajde_events"}],"author":[{"embeddable":true,"href":"https:\/\/tropiques-atrium.fr\/scene-nationale\/wp-json\/wp\/v2\/users\/2"}],"replies":[{"embeddable":true,"href":"https:\/\/tropiques-atrium.fr\/scene-nationale\/wp-json\/wp\/v2\/comments?post=6611"}],"wp:featuredmedia":[{"embeddable":true,"href":"https:\/\/tropiques-atrium.fr\/scene-nationale\/wp-json\/wp\/v2\/media\/6610"}],"wp:attachment":[{"href":"https:\/\/tropiques-atrium.fr\/scene-nationale\/wp-json\/wp\/v2\/media?parent=6611"}],"wp:term":[{"taxonomy":"post_tag","embeddable":true,"href":"https:\/\/tropiques-atrium.fr\/scene-nationale\/wp-json\/wp\/v2\/tags?post=6611"},{"taxonomy":"event_type","embeddable":true,"href":"https:\/\/tropiques-atrium.fr\/scene-nationale\/wp-json\/wp\/v2\/event_type?post=6611"},{"taxonomy":"event_type_2","embeddable":true,"href":"https:\/\/tropiques-atrium.fr\/scene-nationale\/wp-json\/wp\/v2\/event_type_2?post=6611"}],"curies":[{"name":"wp","href":"https:\/\/api.w.org\/{rel}","templated":true}]}}

<div class="wp-block-image">
<figure class="alignleft size-thumbnail"><img decoding="async" width="150" height="150" src="https://tropiques-atrium.fr/scene-nationale/wp-content/uploads/sites/13/2023/11/Rezistans-mai-2025-Logo-Tropiques-Atrium-1-150x150.jpg" alt="" class="wp-image-6734" srcset="https://tropiques-atrium.fr/scene-nationale/wp-content/uploads/sites/13/2023/11/Rezistans-mai-2025-Logo-Tropiques-Atrium-1-150x150.jpg 150w, https://tropiques-atrium.fr/scene-nationale/wp-content/uploads/sites/13/2023/11/Rezistans-mai-2025-Logo-Tropiques-Atrium-1-585x585.jpg 585w, https://tropiques-atrium.fr/scene-nationale/wp-content/uploads/sites/13/2023/11/Rezistans-mai-2025-Logo-Tropiques-Atrium-1-220x220.jpg 220w, https://tropiques-atrium.fr/scene-nationale/wp-content/uploads/sites/13/2023/11/Rezistans-mai-2025-Logo-Tropiques-Atrium-1-80x80.jpg 80w" sizes="(max-width: 150px) 100vw, 150px" /></figure></div>


<p class="has-text-align-right"><strong>Musique</strong><br><strong>Samedi 10 mai &#8211; 19h30<br></strong>Salle Aimé Césaire</p>



<p class="has-text-align-right">Tarif B – 35€ 30€ 15€</p>



<h1 class="wp-block-heading">Ekanga</h1>



<p>Direction artistique&nbsp;:&nbsp;<strong>Roger Jalta</strong><br>Direction musicale, Guitare&nbsp;:&nbsp;<strong>Renaud Rinto</strong><br>Batterie&nbsp;:&nbsp;<strong>Yan Icheck</strong><br>Basse&nbsp;:&nbsp;<strong>Miguel Agésilas</strong><br>Piano, clavier&nbsp;:&nbsp;<strong>Alain Anexime</strong><br>Tambour Bèlè&nbsp;:&nbsp;<strong>Maurice Justand</strong><br>Djembé, congas&nbsp;:&nbsp;<strong>Laël Varasse</strong><br>Tambour Ka, Tibwa&nbsp;:&nbsp;<strong>Jean-Charles Annonay</strong><br>Chant :&nbsp;<strong>Ivy Jalta, Naély Jalta, Vanessa Jalta, Nicolas Largen</strong><br>Invités&nbsp;:&nbsp;<strong>Tony Chasseur, Loysonjah, Patrice Hulman, BélO</strong><br>Chœurs&nbsp;:&nbsp;<strong>Didier Joachim, Yan Icheck, Nicolas Largen, Ivy Jalta, Marie-Chantal Bartel</strong><br>Danseurs&nbsp;:&nbsp;<strong>Marie-Chantal Bartel, Yasmina Carel, Cindy Dussiel, Wilson Noteuil, Robert Régina, Livaï Jalta, Ambre Lefroy</strong><br>Et la participation exceptionnelle&nbsp;:&nbsp;<strong>Groupe Afwo-Karayib, Groupe Osmoz, Emile Pelti</strong>&nbsp;(comédien)<br>Ingénieur du son&nbsp;:&nbsp;<strong>Yvan Charpentier</strong></p>



<p><strong><em>Ekanga</em></strong><strong> </strong>signifie Origine en lingala, langue bantou au Congo. <em>Ekanga</em> <em>Mouvman Kiltirel, </em>dirigé par Wojé Jalta, traduit l’alliance entre l’Afrique et la Martinique et propose un concert identitaire à partir de dates mémorielles, de faits historiques et sociétaux de la Martinique. Un spectacle qui inclut aussi des danseurs sur des rythmes enracinés dans la matrice Bèlè teintée de modernité.</p>



<p>Depuis 2021 le groupe s’est fait un nom avec les titres&nbsp;: <em>Lettre ouverte</em>&nbsp;sur la relation entre la France et les peuples d’Outre-Mer, <em>Nasion Matinik</em> sur le drapeau RVN, <em>Rézilians</em>&nbsp;sur le vivre-ensemble, <em>Chivé grennen, Woch Listwa,</em> S<em>urvivans… Ekanga</em> incarne la relève d’une musique à textes, avec fraicheur et talent.</p>



<figure class="wp-block-embed is-type-video is-provider-youtube wp-block-embed-youtube wp-embed-aspect-16-9 wp-has-aspect-ratio"><div class="wp-block-embed__wrapper">
<iframe title="Ekanga   Rézilians ft Tony chasseur" width="500" height="281" src="https://www.youtube.com/embed/p3_a2VORCDQ?feature=oembed" frameborder="0" allow="accelerometer; autoplay; clipboard-write; encrypted-media; gyroscope; picture-in-picture; web-share" referrerpolicy="strict-origin-when-cross-origin" allowfullscreen></iframe>
</div></figure>



<p><br></p>
