{"id":5304,"date":"2024-10-10T09:56:12","date_gmt":"2024-10-10T13:56:12","guid":{"rendered":"https:\/\/tropiques-atrium.fr\/scene-nationale\/events\/journees-de-la-harpe\/"},"modified":"2024-10-16T10:23:40","modified_gmt":"2024-10-16T14:23:40","slug":"journees-de-la-harpe","status":"publish","type":"ajde_events","link":"https:\/\/tropiques-atrium.fr\/scene-nationale\/events\/journees-de-la-harpe\/","title":{"rendered":"Journ\u00e9es de la Harpe"},"content":{"rendered":"\n\n\n<p class=\"has-text-align-right\">Musique<br><strong><strong>Mardi 29 octobre<\/strong>&nbsp;&#8211; 19h30<\/strong><br>Salle Frantz Fanon<\/p>\n\n\n\n<p class=\"has-text-align-right\">Tarif C 30\u20ac 25\u20ac 12\u20ac<\/p>\n\n\n\n<h1 class=\"wp-block-heading\">Journ\u00e9es de la Harpe<\/h1>\n\n\n\n<p>La harpe est l&#8217;un des plus anciens instruments de musique, peut-\u00eatre n\u00e9e de l\u2019<a href=\"https:\/\/fr.wikipedia.org\/wiki\/Arc_musical\">arc musical<\/a>. Son origine remonterait \u00e0 la M\u00e9sopotamie vers 3500 avant J\u00e9sus-Christ. Elle s&#8217;est r\u00e9pandue \u00e0 travers les civilisations et les continents sous des formes diff\u00e9rentes. C\u2019est un instrument universel, majestueux, que l\u2019on retrouve dans tous les styles de musique.<\/p>\n\n\n\n<p>Depuis plusieurs ann\u00e9es Claire Le Fur, met en lumi\u00e8re cet instrument et le fait dialoguer avec divers styles musicaux.<\/p>\n\n\n\n<p><strong>Programme<\/strong><\/p>\n\n\n\n<h2 class=\"wp-block-heading\">1\u00e8re partie\u00a0: Hommage \u00e0 Gabriel Faur\u00e9 (Centenaire de sa mort)<\/h2>\n\n\n\n<p>M\u00e9lodies, Berceuse, Sicilienne, Pavane, Extraits du Requiem<\/p>\n\n\n\n<p>Avec la participation de&nbsp;: <strong>Choeur de Sainte-Th\u00e9r\u00e8se, Orchestre Crescendo de l&#8217;\u00e9cole de musique Diapason, Quintette Les Aliz\u00e9s<\/strong><\/p>\n\n\n\n<h2 class=\"wp-block-heading\">2<sup>\u00e8me<\/sup> partie : <strong>Cin\u00e9-concert aquatique &#8220;Sous les mers du Monde&#8221;<\/strong> par le quintette &#8220;Les Aliz\u00e9s&#8221;<\/h2>\n\n\n\n<p>Images&nbsp;: <strong>Albert Falco, Michel M\u00e9t\u00e9ry, Jean-Pierre Stella<\/strong>, accompagn\u00e9es en live par les musiciens au rythme des poissons<\/p>\n\n\n\n<p>Avec le Rotary Club de St Pierre en soutien \u00e0 Ha\u00efti<\/p>\n\n\n\n<figure class=\"wp-block-image size-large\"><img fetchpriority=\"high\" decoding=\"async\" width=\"688\" height=\"1024\" src=\"https:\/\/tropiques-atrium.fr\/scene-nationale\/wp-content\/uploads\/sites\/13\/2024\/10\/Journees-de-la-Harpe-Tropiques-Atrium-04-Affiche-688x1024.jpg\" alt=\"\" class=\"wp-image-5342\" srcset=\"https:\/\/tropiques-atrium.fr\/scene-nationale\/wp-content\/uploads\/sites\/13\/2024\/10\/Journees-de-la-Harpe-Tropiques-Atrium-04-Affiche-688x1024.jpg 688w, https:\/\/tropiques-atrium.fr\/scene-nationale\/wp-content\/uploads\/sites\/13\/2024\/10\/Journees-de-la-Harpe-Tropiques-Atrium-04-Affiche-202x300.jpg 202w, https:\/\/tropiques-atrium.fr\/scene-nationale\/wp-content\/uploads\/sites\/13\/2024\/10\/Journees-de-la-Harpe-Tropiques-Atrium-04-Affiche-768x1143.jpg 768w, https:\/\/tropiques-atrium.fr\/scene-nationale\/wp-content\/uploads\/sites\/13\/2024\/10\/Journees-de-la-Harpe-Tropiques-Atrium-04-Affiche-1032x1536.jpg 1032w, https:\/\/tropiques-atrium.fr\/scene-nationale\/wp-content\/uploads\/sites\/13\/2024\/10\/Journees-de-la-Harpe-Tropiques-Atrium-04-Affiche-585x871.jpg 585w, https:\/\/tropiques-atrium.fr\/scene-nationale\/wp-content\/uploads\/sites\/13\/2024\/10\/Journees-de-la-Harpe-Tropiques-Atrium-04-Affiche.jpg 1344w\" sizes=\"(max-width: 688px) 100vw, 688px\" \/><\/figure>\n","protected":false},"author":2,"featured_media":5318,"menu_order":0,"comment_status":"open","ping_status":"closed","template":"","meta":[],"tags":[],"event_type":[173,171],"event_type_2":[],"_links":{"self":[{"href":"https:\/\/tropiques-atrium.fr\/scene-nationale\/wp-json\/wp\/v2\/ajde_events\/5304"}],"collection":[{"href":"https:\/\/tropiques-atrium.fr\/scene-nationale\/wp-json\/wp\/v2\/ajde_events"}],"about":[{"href":"https:\/\/tropiques-atrium.fr\/scene-nationale\/wp-json\/wp\/v2\/types\/ajde_events"}],"author":[{"embeddable":true,"href":"https:\/\/tropiques-atrium.fr\/scene-nationale\/wp-json\/wp\/v2\/users\/2"}],"replies":[{"embeddable":true,"href":"https:\/\/tropiques-atrium.fr\/scene-nationale\/wp-json\/wp\/v2\/comments?post=5304"}],"wp:featuredmedia":[{"embeddable":true,"href":"https:\/\/tropiques-atrium.fr\/scene-nationale\/wp-json\/wp\/v2\/media\/5318"}],"wp:attachment":[{"href":"https:\/\/tropiques-atrium.fr\/scene-nationale\/wp-json\/wp\/v2\/media?parent=5304"}],"wp:term":[{"taxonomy":"post_tag","embeddable":true,"href":"https:\/\/tropiques-atrium.fr\/scene-nationale\/wp-json\/wp\/v2\/tags?post=5304"},{"taxonomy":"event_type","embeddable":true,"href":"https:\/\/tropiques-atrium.fr\/scene-nationale\/wp-json\/wp\/v2\/event_type?post=5304"},{"taxonomy":"event_type_2","embeddable":true,"href":"https:\/\/tropiques-atrium.fr\/scene-nationale\/wp-json\/wp\/v2\/event_type_2?post=5304"}],"curies":[{"name":"wp","href":"https:\/\/api.w.org\/{rel}","templated":true}]}}

Journées de la Harpe

<p class="has-text-align-right">Musique<br><strong><strong>Mardi 29 octobre</strong>&nbsp;&#8211; 19h30</strong><br>Salle Frantz Fanon</p>



<p class="has-text-align-right">Tarif C 30€ 25€ 12€</p>



<h1 class="wp-block-heading">Journées de la Harpe</h1>



<p>La harpe est l&#8217;un des plus anciens instruments de musique, peut-être née de l’<a href="https://fr.wikipedia.org/wiki/Arc_musical">arc musical</a>. Son origine remonterait à la Mésopotamie vers 3500 avant Jésus-Christ. Elle s&#8217;est répandue à travers les civilisations et les continents sous des formes différentes. C’est un instrument universel, majestueux, que l’on retrouve dans tous les styles de musique.</p>



<p>Depuis plusieurs années Claire Le Fur, met en lumière cet instrument et le fait dialoguer avec divers styles musicaux.</p>



<p><strong>Programme</strong></p>



<h2 class="wp-block-heading">1ère partie : Hommage à Gabriel Fauré (Centenaire de sa mort)</h2>



<p>Mélodies, Berceuse, Sicilienne, Pavane, Extraits du Requiem</p>



<p>Avec la participation de&nbsp;: <strong>Choeur de Sainte-Thérèse, Orchestre Crescendo de l&#8217;école de musique Diapason, Quintette Les Alizés</strong></p>



<h2 class="wp-block-heading">2<sup>ème</sup> partie : <strong>Ciné-concert aquatique &#8220;Sous les mers du Monde&#8221;</strong> par le quintette &#8220;Les Alizés&#8221;</h2>



<p>Images&nbsp;: <strong>Albert Falco, Michel Météry, Jean-Pierre Stella</strong>, accompagnées en live par les musiciens au rythme des poissons</p>



<p>Avec le Rotary Club de St Pierre en soutien à Haïti</p>



<figure class="wp-block-image size-large"><img fetchpriority="high" decoding="async" width="688" height="1024" src="https://tropiques-atrium.fr/scene-nationale/wp-content/uploads/sites/13/2024/10/Journees-de-la-Harpe-Tropiques-Atrium-04-Affiche-688x1024.jpg" alt="" class="wp-image-5342" srcset="https://tropiques-atrium.fr/scene-nationale/wp-content/uploads/sites/13/2024/10/Journees-de-la-Harpe-Tropiques-Atrium-04-Affiche-688x1024.jpg 688w, https://tropiques-atrium.fr/scene-nationale/wp-content/uploads/sites/13/2024/10/Journees-de-la-Harpe-Tropiques-Atrium-04-Affiche-202x300.jpg 202w, https://tropiques-atrium.fr/scene-nationale/wp-content/uploads/sites/13/2024/10/Journees-de-la-Harpe-Tropiques-Atrium-04-Affiche-768x1143.jpg 768w, https://tropiques-atrium.fr/scene-nationale/wp-content/uploads/sites/13/2024/10/Journees-de-la-Harpe-Tropiques-Atrium-04-Affiche-1032x1536.jpg 1032w, https://tropiques-atrium.fr/scene-nationale/wp-content/uploads/sites/13/2024/10/Journees-de-la-Harpe-Tropiques-Atrium-04-Affiche-585x871.jpg 585w, https://tropiques-atrium.fr/scene-nationale/wp-content/uploads/sites/13/2024/10/Journees-de-la-Harpe-Tropiques-Atrium-04-Affiche.jpg 1344w" sizes="(max-width: 688px) 100vw, 688px" /></figure>
