{"id":4473,"date":"2024-05-23T11:05:31","date_gmt":"2024-05-23T15:05:31","guid":{"rendered":"https:\/\/tropiques-atrium.fr\/scene-nationale\/events\/sortie-de-residence-biguine-extension\/"},"modified":"2024-05-29T14:47:05","modified_gmt":"2024-05-29T18:47:05","slug":"sortie-de-residence-biguine-extension","status":"publish","type":"ajde_events","link":"https:\/\/tropiques-atrium.fr\/scene-nationale\/events\/sortie-de-residence-biguine-extension\/","title":{"rendered":"Sortie de R\u00e9sidence : Biguine Extension"},"content":{"rendered":"\n\n\n<p class=\"has-text-align-right\">Musique<br><strong><strong>Samedi 1er juin<\/strong>&nbsp;&#8211; 19h30<\/strong><br>Salle Frantz Fanon<\/p>\n\n\n\n<p class=\"has-text-align-right\">Entr\u00e9e Libre<br>(Billets disponibles une heure avant le spectacle)<\/p>\n\n\n\n<h1 class=\"wp-block-heading\">Sortie de R\u00e9sidence : Biguine Extension<\/h1>\n\n\n\n<h2 class=\"wp-block-heading\"><strong>Elvin Bironien &#8211; Ralph Lavital &#8211; Adriano Tenorio<\/strong><\/h2>\n\n\n\n<p>Chanteurs invit\u00e9s : <strong>K\u00e9lia Paulin, Maher Beauroy<\/strong><\/p>\n\n\n\n<p>Biguine extension est n\u00e9 dans le cadre de la r\u00e9sidence d\u2019artistes effectu\u00e9e en duo par le guitariste Ralph Lavital et le bassiste Elvin Bironien \u00e0 Tropiques Atrium sc\u00e8ne nationale de Martinique durant la saison 2023 \/ 2024.<br>L\u2019objectif \u00e9tait de continuer le travail de modernisation, de mise \u00e0 jour, et de transmission du r\u00e9pertoire connu et moins connu des auteurs compositeurs phares de la biguine dans le sens large du terme, \u00e0 travers une r\u00e9-interpr\u00e9tation incluant des influences esth\u00e9tiques et harmoniques li\u00e9es \u00e0 notre \u00e9poque, ainsi qu\u2019un travail de composition.<br>Apr\u00e8s une premi\u00e8re phase de travail, le duo est rejoint par le percussionniste Adriano Tenorio qui fera partie int\u00e9grante du projet.<br>Ce trio in\u00e9dit regroupe donc pour la premi\u00e8re fois, trois musiciens de la sc\u00e8ne parisienne, tr\u00e8s actifs ces derni\u00e8res ann\u00e9es, qui se c\u00f4toient r\u00e9guli\u00e8rement dans divers projets musicaux mais qui n\u2019avaient jamais jou\u00e9 ensemble sous cette formule. La r\u00e9union de ces identit\u00e9s est riche en partage, en musique et pleine de fraicheur et d\u2019intensit\u00e9\u2026<br>Le souhait de mettre en avant, en plus de la partie instrumentale, le cot\u00e9 chanson et populaire de ce courant musical dans sa forme originelle, ouvre la possibilit\u00e9 au trio d\u2019inviter des chanteuses ou chanteurs.<br>Le r\u00e9pertoire biguine, traversant les g\u00e9n\u00e9rations, montre \u00e0 travers cette \u00ab extension \u00bb qu\u2019il reste encore \u00e0 b\u00e2tir\u2026<\/p>\n\n\n\n<p>Guitare : <strong>Ralph Lavital<\/strong><br>Basse : <strong>Elvin Bironien <\/strong><br>Percussions : <strong>Adriano Tenorio <\/strong><\/p>\n\n\n\n<p>Cr\u00e9dit photos : <strong>Jeff Ludovicus<\/strong><\/p>\n\n\n\n<p>Production&nbsp;: BIZON ART<br>Coproduction : Tropiques Atrium dans le cadre du programme d\u2019accompagnement (r\u00e9sidence de cr\u00e9ation)<br>Avec le soutien de la DAC Martinique et du FEAC<\/p>\n\n\n\n<blockquote class=\"wp-block-quote has-text-align-center\">\n<figure class=\"wp-block-image size-large\"><img fetchpriority=\"high\" decoding=\"async\" width=\"724\" height=\"1024\" src=\"https:\/\/tropiques-atrium.fr\/scene-nationale\/wp-content\/uploads\/sites\/13\/2023\/11\/Biguine-Extension-Tropiques-Atrium-1-724x1024.jpg\" alt=\"\" class=\"wp-image-4493\" srcset=\"https:\/\/tropiques-atrium.fr\/scene-nationale\/wp-content\/uploads\/sites\/13\/2023\/11\/Biguine-Extension-Tropiques-Atrium-1-724x1024.jpg 724w, https:\/\/tropiques-atrium.fr\/scene-nationale\/wp-content\/uploads\/sites\/13\/2023\/11\/Biguine-Extension-Tropiques-Atrium-1-212x300.jpg 212w, https:\/\/tropiques-atrium.fr\/scene-nationale\/wp-content\/uploads\/sites\/13\/2023\/11\/Biguine-Extension-Tropiques-Atrium-1-768x1086.jpg 768w, https:\/\/tropiques-atrium.fr\/scene-nationale\/wp-content\/uploads\/sites\/13\/2023\/11\/Biguine-Extension-Tropiques-Atrium-1-1087x1536.jpg 1087w, https:\/\/tropiques-atrium.fr\/scene-nationale\/wp-content\/uploads\/sites\/13\/2023\/11\/Biguine-Extension-Tropiques-Atrium-1-585x827.jpg 585w, https:\/\/tropiques-atrium.fr\/scene-nationale\/wp-content\/uploads\/sites\/13\/2023\/11\/Biguine-Extension-Tropiques-Atrium-1.jpg 1415w\" sizes=\"(max-width: 724px) 100vw, 724px\" \/><\/figure>\n<\/blockquote>\n","protected":false},"author":2,"featured_media":4492,"menu_order":0,"comment_status":"open","ping_status":"closed","template":"","meta":[],"tags":[],"event_type":[173,171],"event_type_2":[],"_links":{"self":[{"href":"https:\/\/tropiques-atrium.fr\/scene-nationale\/wp-json\/wp\/v2\/ajde_events\/4473"}],"collection":[{"href":"https:\/\/tropiques-atrium.fr\/scene-nationale\/wp-json\/wp\/v2\/ajde_events"}],"about":[{"href":"https:\/\/tropiques-atrium.fr\/scene-nationale\/wp-json\/wp\/v2\/types\/ajde_events"}],"author":[{"embeddable":true,"href":"https:\/\/tropiques-atrium.fr\/scene-nationale\/wp-json\/wp\/v2\/users\/2"}],"replies":[{"embeddable":true,"href":"https:\/\/tropiques-atrium.fr\/scene-nationale\/wp-json\/wp\/v2\/comments?post=4473"}],"wp:featuredmedia":[{"embeddable":true,"href":"https:\/\/tropiques-atrium.fr\/scene-nationale\/wp-json\/wp\/v2\/media\/4492"}],"wp:attachment":[{"href":"https:\/\/tropiques-atrium.fr\/scene-nationale\/wp-json\/wp\/v2\/media?parent=4473"}],"wp:term":[{"taxonomy":"post_tag","embeddable":true,"href":"https:\/\/tropiques-atrium.fr\/scene-nationale\/wp-json\/wp\/v2\/tags?post=4473"},{"taxonomy":"event_type","embeddable":true,"href":"https:\/\/tropiques-atrium.fr\/scene-nationale\/wp-json\/wp\/v2\/event_type?post=4473"},{"taxonomy":"event_type_2","embeddable":true,"href":"https:\/\/tropiques-atrium.fr\/scene-nationale\/wp-json\/wp\/v2\/event_type_2?post=4473"}],"curies":[{"name":"wp","href":"https:\/\/api.w.org\/{rel}","templated":true}]}}

Sortie de Résidence : Biguine Extension

<p class="has-text-align-right">Musique<br><strong><strong>Samedi 1er juin</strong>&nbsp;&#8211; 19h30</strong><br>Salle Frantz Fanon</p>



<p class="has-text-align-right">Entrée Libre<br>(Billets disponibles une heure avant le spectacle)</p>



<h1 class="wp-block-heading">Sortie de Résidence : Biguine Extension</h1>



<h2 class="wp-block-heading"><strong>Elvin Bironien &#8211; Ralph Lavital &#8211; Adriano Tenorio</strong></h2>



<p>Chanteurs invités : <strong>Kélia Paulin, Maher Beauroy</strong></p>



<p>Biguine extension est né dans le cadre de la résidence d’artistes effectuée en duo par le guitariste Ralph Lavital et le bassiste Elvin Bironien à Tropiques Atrium scène nationale de Martinique durant la saison 2023 / 2024.<br>L’objectif était de continuer le travail de modernisation, de mise à jour, et de transmission du répertoire connu et moins connu des auteurs compositeurs phares de la biguine dans le sens large du terme, à travers une ré-interprétation incluant des influences esthétiques et harmoniques liées à notre époque, ainsi qu’un travail de composition.<br>Après une première phase de travail, le duo est rejoint par le percussionniste Adriano Tenorio qui fera partie intégrante du projet.<br>Ce trio inédit regroupe donc pour la première fois, trois musiciens de la scène parisienne, très actifs ces dernières années, qui se côtoient régulièrement dans divers projets musicaux mais qui n’avaient jamais joué ensemble sous cette formule. La réunion de ces identités est riche en partage, en musique et pleine de fraicheur et d’intensité…<br>Le souhait de mettre en avant, en plus de la partie instrumentale, le coté chanson et populaire de ce courant musical dans sa forme originelle, ouvre la possibilité au trio d’inviter des chanteuses ou chanteurs.<br>Le répertoire biguine, traversant les générations, montre à travers cette « extension » qu’il reste encore à bâtir…</p>



<p>Guitare : <strong>Ralph Lavital</strong><br>Basse : <strong>Elvin Bironien </strong><br>Percussions : <strong>Adriano Tenorio </strong></p>



<p>Crédit photos : <strong>Jeff Ludovicus</strong></p>



<p>Production&nbsp;: BIZON ART<br>Coproduction : Tropiques Atrium dans le cadre du programme d’accompagnement (résidence de création)<br>Avec le soutien de la DAC Martinique et du FEAC</p>



<blockquote class="wp-block-quote has-text-align-center">
<figure class="wp-block-image size-large"><img fetchpriority="high" decoding="async" width="724" height="1024" src="https://tropiques-atrium.fr/scene-nationale/wp-content/uploads/sites/13/2023/11/Biguine-Extension-Tropiques-Atrium-1-724x1024.jpg" alt="" class="wp-image-4493" srcset="https://tropiques-atrium.fr/scene-nationale/wp-content/uploads/sites/13/2023/11/Biguine-Extension-Tropiques-Atrium-1-724x1024.jpg 724w, https://tropiques-atrium.fr/scene-nationale/wp-content/uploads/sites/13/2023/11/Biguine-Extension-Tropiques-Atrium-1-212x300.jpg 212w, https://tropiques-atrium.fr/scene-nationale/wp-content/uploads/sites/13/2023/11/Biguine-Extension-Tropiques-Atrium-1-768x1086.jpg 768w, https://tropiques-atrium.fr/scene-nationale/wp-content/uploads/sites/13/2023/11/Biguine-Extension-Tropiques-Atrium-1-1087x1536.jpg 1087w, https://tropiques-atrium.fr/scene-nationale/wp-content/uploads/sites/13/2023/11/Biguine-Extension-Tropiques-Atrium-1-585x827.jpg 585w, https://tropiques-atrium.fr/scene-nationale/wp-content/uploads/sites/13/2023/11/Biguine-Extension-Tropiques-Atrium-1.jpg 1415w" sizes="(max-width: 724px) 100vw, 724px" /></figure>
</blockquote>
