{"id":3447,"date":"2024-02-07T14:31:44","date_gmt":"2024-02-07T18:31:44","guid":{"rendered":"https:\/\/tropiques-atrium.fr\/scene-nationale\/events\/reine-pokou\/"},"modified":"2024-03-05T14:46:15","modified_gmt":"2024-03-05T18:46:15","slug":"reine-pokou","status":"publish","type":"ajde_events","link":"https:\/\/tropiques-atrium.fr\/scene-nationale\/events\/reine-pokou\/","title":{"rendered":"Reine Pokou"},"content":{"rendered":"\n\n<div class=\"wp-block-image\">\n<figure class=\"alignright size-thumbnail\"><img decoding=\"async\" width=\"150\" height=\"150\" src=\"https:\/\/tropiques-atrium.fr\/scene-nationale\/wp-content\/uploads\/sites\/13\/2024\/02\/Ceiba-Festival-Affiche-04-150x150.jpg\" alt=\"\" class=\"wp-image-3433\" srcset=\"https:\/\/tropiques-atrium.fr\/scene-nationale\/wp-content\/uploads\/sites\/13\/2024\/02\/Ceiba-Festival-Affiche-04-150x150.jpg 150w, https:\/\/tropiques-atrium.fr\/scene-nationale\/wp-content\/uploads\/sites\/13\/2024\/02\/Ceiba-Festival-Affiche-04-300x300.jpg 300w, https:\/\/tropiques-atrium.fr\/scene-nationale\/wp-content\/uploads\/sites\/13\/2024\/02\/Ceiba-Festival-Affiche-04-1024x1024.jpg 1024w, https:\/\/tropiques-atrium.fr\/scene-nationale\/wp-content\/uploads\/sites\/13\/2024\/02\/Ceiba-Festival-Affiche-04-768x768.jpg 768w, https:\/\/tropiques-atrium.fr\/scene-nationale\/wp-content\/uploads\/sites\/13\/2024\/02\/Ceiba-Festival-Affiche-04-1536x1536.jpg 1536w, https:\/\/tropiques-atrium.fr\/scene-nationale\/wp-content\/uploads\/sites\/13\/2024\/02\/Ceiba-Festival-Affiche-04-585x585.jpg 585w, https:\/\/tropiques-atrium.fr\/scene-nationale\/wp-content\/uploads\/sites\/13\/2024\/02\/Ceiba-Festival-Affiche-04-220x220.jpg 220w, https:\/\/tropiques-atrium.fr\/scene-nationale\/wp-content\/uploads\/sites\/13\/2024\/02\/Ceiba-Festival-Affiche-04-80x80.jpg 80w, https:\/\/tropiques-atrium.fr\/scene-nationale\/wp-content\/uploads\/sites\/13\/2024\/02\/Ceiba-Festival-Affiche-04.jpg 2000w\" sizes=\"(max-width: 150px) 100vw, 150px\" \/><\/figure><\/div>\n\n\n<p class=\"has-text-align-right\">Th\u00e9\u00e2tre<br><strong>Vendredi 1er mars &#8211; 19h30<\/strong><br>Salle Frantz Fanon<\/p>\n\n\n\n<p class=\"has-text-align-right\">Tarif D &#8211; 25\u20ac 20\u20ac 8\u20ac<br><a href=\"https:\/\/www.instagram.com\/explore\/tags\/ceiba24\/\" target=\"_blank\" rel=\"noreferrer noopener\">#Ceiba24<\/a><\/p>\n\n\n\n<h1 class=\"wp-block-heading\">Reine Pokou<\/h1>\n\n\n\n<p>N\u00e9e au d\u00e9but du XVIIIe si\u00e8cle, Abla Pokou est la ni\u00e8ce du roi Osse\u00ef Tutu, fondateur de la conf\u00e9d\u00e9ration Ashanti du Ghana. \u00c0 la mort de son oncle, une guerre fratricide \u00e9clate au pays pour sa succession au tr\u00f4ne. Abla Pokou se sentant en danger s\u2019enfuit avec sa famille, ses serviteurs ainsi que ses soldats fid\u00e8les.<\/p>\n\n\n\n<p>Selon la l\u00e9gende, son peuple et elle se retrouvent bloqu\u00e9s par le majestueux fleuve de La Como\u00e9. La reine demanda alors \u00e0 l\u2019esprit de la rivi\u00e8re, quel \u00e9tait le moyen de passer et de sauver son peuple pour se rendre sur l\u2019autre rive. L\u2019esprit de la rivi\u00e8re exigea alors le sacrifice de ce que le peuple a de plus cher. Abla Pokou et ses fid\u00e8les comprennent alors que seul le sacrifice d\u2019un enfant pourront leur permettre de passer.<\/p>\n\n\n\n<p>Texte et mise en sc\u00e8ne : <strong>Fran\u00e7oise D\u00f4<\/strong><br>D&#8217;apr\u00e8s le roman <em>Reine Pokou, concerto pour un sacrifice<\/em>,<em> <\/em>de V\u00e9ronique Tadjo \u00c9ditions Actes Sud<br>Avec : <strong>Alvie Bitemo , Yasmine NDong Abdaoui, Rita Ravier<\/strong><br>Assistante \u00e0 la mise en sc\u00e8ne : <strong>Aurore James<\/strong><br>Conseiller dramaturgique \u00e0 la chor\u00e9graphie : <strong>Abdoulaye Tr\u00e9sor Konat\u00e9<\/strong><br>Cr\u00e9ation lumi\u00e8re : <strong>Cyril Mulon<\/strong><br>Cr\u00e9ation sonore : <strong>Marcel Jean-Baptiste<\/strong><br>Costumes : <strong>Ouria Dahmani-Khouhli<\/strong><\/p>\n\n\n\n<p>Production : Cie Bleus et Ardoise ; La Com\u00e9die de Saint-\u00c9tienne &#8211; CDN<br>Coproduction : Tropiques Atrium &#8211; Sc\u00e8ne nationale | avec le soutien du DIESE# Auvergne Rh\u00f4ne- Alpes, dispositif d&#8217;insertion de l&#8217;\u00c9cole de la Com\u00e9die de Saint-\u00c9tienne<br>Soutiens : Institut Fran\u00e7ais de C\u00f4te d&#8217;Ivoire et DAC Martinique ; Institut Fran\u00e7ais et Ville de Saint-\u00c9tienne ; Institut Fran\u00e7ais &#8220;Des mots \u00e0 la sc\u00e8ne&#8221; ; ETC_Cara\u00efbe ; Minist\u00e8res de la Culture et des Affaires \u00e9trang\u00e8res ; CNDC &#8211; THE\u00c2TRE OUVERT<\/p>\n\n\n\n<figure class=\"wp-block-embed is-type-video is-provider-youtube wp-block-embed-youtube wp-embed-aspect-16-9 wp-has-aspect-ratio\"><div class=\"wp-block-embed__wrapper\">\n<iframe title=\"Reine Pokou - Teaser\" width=\"500\" height=\"281\" src=\"https:\/\/www.youtube.com\/embed\/bzar8YVjH8U?feature=oembed\" frameborder=\"0\" allow=\"accelerometer; autoplay; clipboard-write; encrypted-media; gyroscope; picture-in-picture; web-share\" allowfullscreen><\/iframe>\n<\/div><\/figure>\n","protected":false},"author":2,"featured_media":3477,"menu_order":0,"comment_status":"open","ping_status":"closed","template":"","meta":[],"tags":[],"event_type":[210,211,158,171,175],"event_type_2":[],"_links":{"self":[{"href":"https:\/\/tropiques-atrium.fr\/scene-nationale\/wp-json\/wp\/v2\/ajde_events\/3447"}],"collection":[{"href":"https:\/\/tropiques-atrium.fr\/scene-nationale\/wp-json\/wp\/v2\/ajde_events"}],"about":[{"href":"https:\/\/tropiques-atrium.fr\/scene-nationale\/wp-json\/wp\/v2\/types\/ajde_events"}],"author":[{"embeddable":true,"href":"https:\/\/tropiques-atrium.fr\/scene-nationale\/wp-json\/wp\/v2\/users\/2"}],"replies":[{"embeddable":true,"href":"https:\/\/tropiques-atrium.fr\/scene-nationale\/wp-json\/wp\/v2\/comments?post=3447"}],"wp:featuredmedia":[{"embeddable":true,"href":"https:\/\/tropiques-atrium.fr\/scene-nationale\/wp-json\/wp\/v2\/media\/3477"}],"wp:attachment":[{"href":"https:\/\/tropiques-atrium.fr\/scene-nationale\/wp-json\/wp\/v2\/media?parent=3447"}],"wp:term":[{"taxonomy":"post_tag","embeddable":true,"href":"https:\/\/tropiques-atrium.fr\/scene-nationale\/wp-json\/wp\/v2\/tags?post=3447"},{"taxonomy":"event_type","embeddable":true,"href":"https:\/\/tropiques-atrium.fr\/scene-nationale\/wp-json\/wp\/v2\/event_type?post=3447"},{"taxonomy":"event_type_2","embeddable":true,"href":"https:\/\/tropiques-atrium.fr\/scene-nationale\/wp-json\/wp\/v2\/event_type_2?post=3447"}],"curies":[{"name":"wp","href":"https:\/\/api.w.org\/{rel}","templated":true}]}}

<div class="wp-block-image">
<figure class="alignright size-thumbnail"><img decoding="async" width="150" height="150" src="https://tropiques-atrium.fr/scene-nationale/wp-content/uploads/sites/13/2024/02/Ceiba-Festival-Affiche-04-150x150.jpg" alt="" class="wp-image-3433" srcset="https://tropiques-atrium.fr/scene-nationale/wp-content/uploads/sites/13/2024/02/Ceiba-Festival-Affiche-04-150x150.jpg 150w, https://tropiques-atrium.fr/scene-nationale/wp-content/uploads/sites/13/2024/02/Ceiba-Festival-Affiche-04-300x300.jpg 300w, https://tropiques-atrium.fr/scene-nationale/wp-content/uploads/sites/13/2024/02/Ceiba-Festival-Affiche-04-1024x1024.jpg 1024w, https://tropiques-atrium.fr/scene-nationale/wp-content/uploads/sites/13/2024/02/Ceiba-Festival-Affiche-04-768x768.jpg 768w, https://tropiques-atrium.fr/scene-nationale/wp-content/uploads/sites/13/2024/02/Ceiba-Festival-Affiche-04-1536x1536.jpg 1536w, https://tropiques-atrium.fr/scene-nationale/wp-content/uploads/sites/13/2024/02/Ceiba-Festival-Affiche-04-585x585.jpg 585w, https://tropiques-atrium.fr/scene-nationale/wp-content/uploads/sites/13/2024/02/Ceiba-Festival-Affiche-04-220x220.jpg 220w, https://tropiques-atrium.fr/scene-nationale/wp-content/uploads/sites/13/2024/02/Ceiba-Festival-Affiche-04-80x80.jpg 80w, https://tropiques-atrium.fr/scene-nationale/wp-content/uploads/sites/13/2024/02/Ceiba-Festival-Affiche-04.jpg 2000w" sizes="(max-width: 150px) 100vw, 150px" /></figure></div>


<p class="has-text-align-right">Théâtre<br><strong>Vendredi 1er mars &#8211; 19h30</strong><br>Salle Frantz Fanon</p>



<p class="has-text-align-right">Tarif D &#8211; 25€ 20€ 8€<br><a href="https://www.instagram.com/explore/tags/ceiba24/" target="_blank" rel="noreferrer noopener">#Ceiba24</a></p>



<h1 class="wp-block-heading">Reine Pokou</h1>



<p>Née au début du XVIIIe siècle, Abla Pokou est la nièce du roi Osseï Tutu, fondateur de la confédération Ashanti du Ghana. À la mort de son oncle, une guerre fratricide éclate au pays pour sa succession au trône. Abla Pokou se sentant en danger s’enfuit avec sa famille, ses serviteurs ainsi que ses soldats fidèles.</p>



<p>Selon la légende, son peuple et elle se retrouvent bloqués par le majestueux fleuve de La Comoé. La reine demanda alors à l’esprit de la rivière, quel était le moyen de passer et de sauver son peuple pour se rendre sur l’autre rive. L’esprit de la rivière exigea alors le sacrifice de ce que le peuple a de plus cher. Abla Pokou et ses fidèles comprennent alors que seul le sacrifice d’un enfant pourront leur permettre de passer.</p>



<p>Texte et mise en scène : <strong>Françoise Dô</strong><br>D&#8217;après le roman <em>Reine Pokou, concerto pour un sacrifice</em>,<em> </em>de Véronique Tadjo Éditions Actes Sud<br>Avec : <strong>Alvie Bitemo , Yasmine NDong Abdaoui, Rita Ravier</strong><br>Assistante à la mise en scène : <strong>Aurore James</strong><br>Conseiller dramaturgique à la chorégraphie : <strong>Abdoulaye Trésor Konaté</strong><br>Création lumière : <strong>Cyril Mulon</strong><br>Création sonore : <strong>Marcel Jean-Baptiste</strong><br>Costumes : <strong>Ouria Dahmani-Khouhli</strong></p>



<p>Production : Cie Bleus et Ardoise ; La Comédie de Saint-Étienne &#8211; CDN<br>Coproduction : Tropiques Atrium &#8211; Scène nationale | avec le soutien du DIESE# Auvergne Rhône- Alpes, dispositif d&#8217;insertion de l&#8217;École de la Comédie de Saint-Étienne<br>Soutiens : Institut Français de Côte d&#8217;Ivoire et DAC Martinique ; Institut Français et Ville de Saint-Étienne ; Institut Français &#8220;Des mots à la scène&#8221; ; ETC_Caraïbe ; Ministères de la Culture et des Affaires étrangères ; CNDC &#8211; THEÂTRE OUVERT</p>



<figure class="wp-block-embed is-type-video is-provider-youtube wp-block-embed-youtube wp-embed-aspect-16-9 wp-has-aspect-ratio"><div class="wp-block-embed__wrapper">
<iframe title="Reine Pokou - Teaser" width="500" height="281" src="https://www.youtube.com/embed/bzar8YVjH8U?feature=oembed" frameborder="0" allow="accelerometer; autoplay; clipboard-write; encrypted-media; gyroscope; picture-in-picture; web-share" allowfullscreen></iframe>
</div></figure>
