{"id":20,"date":"2020-08-02T16:48:43","date_gmt":"2020-08-02T14:48:43","guid":{"rendered":"https:\/\/tropiques-atrium.fr\/podcasts\/?page_id=20"},"modified":"2020-09-02T12:54:56","modified_gmt":"2020-09-02T16:54:56","slug":"accueil","status":"publish","type":"page","link":"https:\/\/tropiques-atrium.fr\/podcasts\/","title":{"rendered":"Accueil"},"content":{"rendered":"\t\t<div data-elementor-type=\"wp-page\" data-elementor-id=\"20\" class=\"elementor elementor-20\" data-elementor-post-type=\"page\">\n\t\t\t\t\t\t<section class=\"elementor-section elementor-top-section elementor-element elementor-element-3a80a509 elementor-section-height-min-height elementor-section-boxed elementor-section-height-default elementor-section-items-middle\" data-id=\"3a80a509\" data-element_type=\"section\" data-settings=\"{&quot;background_background&quot;:&quot;classic&quot;}\">\n\t\t\t\t\t\t<div class=\"elementor-container elementor-column-gap-default\">\n\t\t\t\t\t<div class=\"elementor-column elementor-col-100 elementor-top-column elementor-element elementor-element-5f9cf708\" data-id=\"5f9cf708\" data-element_type=\"column\">\n\t\t\t<div class=\"elementor-widget-wrap elementor-element-populated\">\n\t\t\t\t\t\t<div class=\"elementor-element elementor-element-17c9cfc7 elementor-widget elementor-widget-text-editor\" data-id=\"17c9cfc7\" data-element_type=\"widget\" data-widget_type=\"text-editor.default\">\n\t\t\t\t<div class=\"elementor-widget-container\">\n\t\t\t\t\t\t\t<p>Podcast litt\u00e9raire de Tropiques-Atrium, sc\u00e8ne nationale de Martinique<\/p>\t\t\t\t\t\t<\/div>\n\t\t\t\t<\/div>\n\t\t\t\t<div class=\"elementor-element elementor-element-1f5ca72 elementor-widget elementor-widget-image\" data-id=\"1f5ca72\" data-element_type=\"widget\" data-widget_type=\"image.default\">\n\t\t\t\t<div class=\"elementor-widget-container\">\n\t\t\t\t\t\t\t\t\t\t\t\t\t<img fetchpriority=\"high\" decoding=\"async\" width=\"1024\" height=\"171\" src=\"https:\/\/tropiques-atrium.fr\/podcasts\/wp-content\/uploads\/sites\/7\/2020\/08\/tropiques_logo_site_podcast-1024x171.png\" class=\"attachment-large size-large wp-image-45\" alt=\"\" srcset=\"https:\/\/tropiques-atrium.fr\/podcasts\/wp-content\/uploads\/sites\/7\/2020\/08\/tropiques_logo_site_podcast-1024x171.png 1024w, https:\/\/tropiques-atrium.fr\/podcasts\/wp-content\/uploads\/sites\/7\/2020\/08\/tropiques_logo_site_podcast-300x50.png 300w, https:\/\/tropiques-atrium.fr\/podcasts\/wp-content\/uploads\/sites\/7\/2020\/08\/tropiques_logo_site_podcast-768x128.png 768w, https:\/\/tropiques-atrium.fr\/podcasts\/wp-content\/uploads\/sites\/7\/2020\/08\/tropiques_logo_site_podcast.png 1200w\" sizes=\"(max-width: 1024px) 100vw, 1024px\" \/>\t\t\t\t\t\t\t\t\t\t\t\t\t<\/div>\n\t\t\t\t<\/div>\n\t\t\t\t\t<\/div>\n\t\t<\/div>\n\t\t\t\t\t<\/div>\n\t\t<\/section>\n\t\t\t\t<section class=\"elementor-section elementor-top-section elementor-element elementor-element-9ca9d32 elementor-section-boxed elementor-section-height-default elementor-section-height-default\" data-id=\"9ca9d32\" data-element_type=\"section\">\n\t\t\t\t\t\t<div class=\"elementor-container elementor-column-gap-default\">\n\t\t\t\t\t<div class=\"elementor-column elementor-col-100 elementor-top-column elementor-element elementor-element-5fee8f62\" data-id=\"5fee8f62\" data-element_type=\"column\">\n\t\t\t<div class=\"elementor-widget-wrap elementor-element-populated\">\n\t\t\t\t\t\t<div class=\"elementor-element elementor-element-4ede5de5 elementor-widget elementor-widget-heading\" data-id=\"4ede5de5\" data-element_type=\"widget\" data-widget_type=\"heading.default\">\n\t\t\t\t<div class=\"elementor-widget-container\">\n\t\t\t<h2 class=\"elementor-heading-title elementor-size-default\">\u00e0 \u00e9couter tout de suite<\/h2>\t\t<\/div>\n\t\t\t\t<\/div>\n\t\t\t\t<div class=\"elementor-element elementor-element-50bd9dc elementor-widget elementor-widget-html\" data-id=\"50bd9dc\" data-element_type=\"widget\" data-widget_type=\"html.default\">\n\t\t\t\t<div class=\"elementor-widget-container\">\n\t\t\t<div id='buzzsprout-small-player-1251479-tags-Jour-20E'><\/div><script type='text\/javascript' charset='utf-8' src='https:\/\/www.buzzsprout.com\/1251479.js?player=small&tags=Jour%20E&container_id=buzzsprout-small-player-1251479-tags-Jour-20E'><\/script>\t\t<\/div>\n\t\t\t\t<\/div>\n\t\t\t\t<div class=\"elementor-element elementor-element-ec520e5 elementor-widget elementor-widget-spacer\" data-id=\"ec520e5\" data-element_type=\"widget\" data-widget_type=\"spacer.default\">\n\t\t\t\t<div class=\"elementor-widget-container\">\n\t\t\t\t\t<div class=\"elementor-spacer\">\n\t\t\t<div class=\"elementor-spacer-inner\"><\/div>\n\t\t<\/div>\n\t\t\t\t<\/div>\n\t\t\t\t<\/div>\n\t\t\t\t<div class=\"elementor-element elementor-element-d55be91 elementor-widget elementor-widget-heading\" data-id=\"d55be91\" data-element_type=\"widget\" id=\"kids\" data-widget_type=\"heading.default\">\n\t\t\t\t<div class=\"elementor-widget-container\">\n\t\t\t<h2 class=\"elementor-heading-title elementor-size-default\">pour les enfants<\/h2>\t\t<\/div>\n\t\t\t\t<\/div>\n\t\t\t\t<div class=\"elementor-element elementor-element-82b0e8b elementor-widget elementor-widget-html\" data-id=\"82b0e8b\" data-element_type=\"widget\" data-widget_type=\"html.default\">\n\t\t\t\t<div class=\"elementor-widget-container\">\n\t\t\t<div id='buzzsprout-large-player-1251479-tags-Enfants'><\/div><script type='text\/javascript' charset='utf-8' src='https:\/\/www.buzzsprout.com\/1251479.js?player=large&tags=Enfants&container_id=buzzsprout-large-player-1251479-tags-Enfants'><\/script>\t\t<\/div>\n\t\t\t\t<\/div>\n\t\t\t\t\t<\/div>\n\t\t<\/div>\n\t\t\t\t\t<\/div>\n\t\t<\/section>\n\t\t\t\t<section class=\"elementor-section elementor-top-section elementor-element elementor-element-b745350 elementor-section-boxed elementor-section-height-default elementor-section-height-default\" data-id=\"b745350\" data-element_type=\"section\">\n\t\t\t\t\t\t<div class=\"elementor-container elementor-column-gap-default\">\n\t\t\t\t\t<div class=\"elementor-column elementor-col-100 elementor-top-column elementor-element elementor-element-e669797\" data-id=\"e669797\" data-element_type=\"column\">\n\t\t\t<div class=\"elementor-widget-wrap elementor-element-populated\">\n\t\t\t\t\t\t<div class=\"elementor-element elementor-element-ff4bd52 elementor-widget elementor-widget-heading\" data-id=\"ff4bd52\" data-element_type=\"widget\" data-widget_type=\"heading.default\">\n\t\t\t\t<div class=\"elementor-widget-container\">\n\t\t\t<h2 class=\"elementor-heading-title elementor-size-default\">Pour les parents<\/h2>\t\t<\/div>\n\t\t\t\t<\/div>\n\t\t\t\t<div class=\"elementor-element elementor-element-aaecdf6 elementor-widget elementor-widget-html\" data-id=\"aaecdf6\" data-element_type=\"widget\" data-widget_type=\"html.default\">\n\t\t\t\t<div class=\"elementor-widget-container\">\n\t\t\t<div id='buzzsprout-large-player-1251479-tags-Parents'><\/div><script type='text\/javascript' charset='utf-8' src='https:\/\/www.buzzsprout.com\/1251479.js?player=large&tags=Parents&container_id=buzzsprout-large-player-1251479-tags-Parents'><\/script>\t\t<\/div>\n\t\t\t\t<\/div>\n\t\t\t\t\t<\/div>\n\t\t<\/div>\n\t\t\t\t\t<\/div>\n\t\t<\/section>\n\t\t\t\t<section class=\"elementor-section elementor-top-section elementor-element elementor-element-4750fcd7 elementor-hidden-tablet elementor-hidden-phone elementor-section-boxed elementor-section-height-default elementor-section-height-default\" data-id=\"4750fcd7\" data-element_type=\"section\">\n\t\t\t\t\t\t<div class=\"elementor-container elementor-column-gap-default\">\n\t\t\t\t\t<div class=\"elementor-column elementor-col-50 elementor-top-column elementor-element elementor-element-7875941b\" data-id=\"7875941b\" data-element_type=\"column\">\n\t\t\t<div class=\"elementor-widget-wrap elementor-element-populated\">\n\t\t\t\t\t\t<div class=\"elementor-element elementor-element-3277cf3 elementor-widget elementor-widget-heading\" data-id=\"3277cf3\" data-element_type=\"widget\" data-widget_type=\"heading.default\">\n\t\t\t\t<div class=\"elementor-widget-container\">\n\t\t\t<h4 class=\"elementor-heading-title elementor-size-default\">Notre vision<\/h4>\t\t<\/div>\n\t\t\t\t<\/div>\n\t\t\t\t<div class=\"elementor-element elementor-element-45ea63a6 elementor-widget elementor-widget-heading\" data-id=\"45ea63a6\" data-element_type=\"widget\" data-widget_type=\"heading.default\">\n\t\t\t\t<div class=\"elementor-widget-container\">\n\t\t\t<h2 class=\"elementor-heading-title elementor-size-default\">Le mot de bienvenue<\/h2>\t\t<\/div>\n\t\t\t\t<\/div>\n\t\t\t\t\t<\/div>\n\t\t<\/div>\n\t\t\t\t<div class=\"elementor-column elementor-col-50 elementor-top-column elementor-element elementor-element-6567a782\" data-id=\"6567a782\" data-element_type=\"column\">\n\t\t\t<div class=\"elementor-widget-wrap elementor-element-populated\">\n\t\t\t\t\t\t<div class=\"elementor-element elementor-element-2671db6e elementor-widget elementor-widget-text-editor\" data-id=\"2671db6e\" data-element_type=\"widget\" data-widget_type=\"text-editor.default\">\n\t\t\t\t<div class=\"elementor-widget-container\">\n\t\t\t\t\t\t\t<p>Nous vous proposons d&#8217;aller \u00e0 la rencontre des auteurs de la Cara\u00efbe d&#8217;hier et d&#8217;aujourd&#8217;hui \u00e0 travers une mosa\u00efque de textes lus par nos talentueux com\u00e9diens.&nbsp;<br><\/p>\n<p>Des \u0153uvres s\u00e9lectionn\u00e9es pour les adultes et pour les plus jeunes. Une mosa\u00efque de textes pour r\u00eaver, sourire, pour s&#8217; interroger&#8230; Pour garder le lien.&nbsp;&nbsp;<\/p>\n<p>Tendez l&#8217;oreille et d\u00e9couvrez les tr\u00e9sors de la litt\u00e9rature carib\u00e9enne !&nbsp;<\/p>\n<p>Nos remerciements vont vers les auteurs, ayants-droits et maisons d&#8217;\u00e9dition qui nous permettent de vous proposer cette s\u00e9lection.<\/p>\t\t\t\t\t\t<\/div>\n\t\t\t\t<\/div>\n\t\t\t\t\t<\/div>\n\t\t<\/div>\n\t\t\t\t\t<\/div>\n\t\t<\/section>\n\t\t\t\t<section class=\"elementor-section elementor-top-section elementor-element elementor-element-485a4459 elementor-section-height-min-height elementor-section-boxed elementor-section-height-default elementor-section-items-middle\" data-id=\"485a4459\" data-element_type=\"section\" data-settings=\"{&quot;background_background&quot;:&quot;classic&quot;}\">\n\t\t\t\t\t\t\t<div class=\"elementor-background-overlay\"><\/div>\n\t\t\t\t\t\t\t<div class=\"elementor-container elementor-column-gap-default\">\n\t\t\t\t\t<div class=\"elementor-column elementor-col-100 elementor-top-column elementor-element elementor-element-38d23738\" data-id=\"38d23738\" data-element_type=\"column\">\n\t\t\t<div class=\"elementor-widget-wrap\">\n\t\t\t\t\t\t\t<\/div>\n\t\t<\/div>\n\t\t\t\t\t<\/div>\n\t\t<\/section>\n\t\t\t\t<\/div>\n\t\t","protected":false},"excerpt":{"rendered":"<p>Podcast litt\u00e9raire de Tropiques-Atrium, sc\u00e8ne nationale de Martinique \u00e0 \u00e9couter tout de suite pour les enfants Pour les parents Notre vision Le mot de bienvenue Nous vous proposons d&#8217;aller \u00e0 la rencontre des auteurs de la Cara\u00efbe d&#8217;hier et d&#8217;aujourd&#8217;hui \u00e0 travers une mosa\u00efque de textes lus par nos talentueux com\u00e9diens.&nbsp; Des \u0153uvres s\u00e9lectionn\u00e9es pour &#8230; <a title=\"Accueil\" class=\"read-more\" href=\"https:\/\/tropiques-atrium.fr\/podcasts\/\" aria-label=\"Plus sur Accueil\">Read more<\/a><\/p>\n","protected":false},"author":1,"featured_media":0,"parent":0,"menu_order":0,"comment_status":"closed","ping_status":"closed","template":"elementor_header_footer","meta":{"footnotes":""},"yoast_head":"<!-- This site is optimized with the Yoast SEO plugin v22.0 - https:\/\/yoast.com\/wordpress\/plugins\/seo\/ -->\n<title>Accueil - A l&#039;\u00e9coute de Tropiques<\/title>\n<meta name=\"robots\" content=\"index, follow, max-snippet:-1, max-image-preview:large, max-video-preview:-1\" \/>\n<link rel=\"canonical\" href=\"https:\/\/tropiques-atrium.fr\/podcasts\/\" \/>\n<meta property=\"og:locale\" content=\"fr_FR\" \/>\n<meta property=\"og:type\" content=\"article\" \/>\n<meta property=\"og:title\" content=\"Accueil - A l&#039;\u00e9coute de Tropiques\" \/>\n<meta property=\"og:description\" content=\"Podcast litt\u00e9raire de Tropiques-Atrium, sc\u00e8ne nationale de Martinique \u00e0 \u00e9couter tout de suite pour les enfants Pour les parents Notre vision Le mot de bienvenue Nous vous proposons d&#8217;aller \u00e0 la rencontre des auteurs de la Cara\u00efbe d&#8217;hier et d&#8217;aujourd&#8217;hui \u00e0 travers une mosa\u00efque de textes lus par nos talentueux com\u00e9diens.&nbsp; Des \u0153uvres s\u00e9lectionn\u00e9es pour ... Read more\" \/>\n<meta property=\"og:url\" content=\"https:\/\/tropiques-atrium.fr\/podcasts\/\" \/>\n<meta property=\"og:site_name\" content=\"A l&#039;\u00e9coute de Tropiques\" \/>\n<meta property=\"article:modified_time\" content=\"2020-09-02T16:54:56+00:00\" \/>\n<meta property=\"og:image\" content=\"https:\/\/tropiques-atrium.fr\/podcasts\/wp-content\/uploads\/sites\/7\/2020\/08\/tropiques_logo_site_podcast-1024x171.png\" \/>\n<meta name=\"twitter:card\" content=\"summary_large_image\" \/>\n<meta name=\"twitter:label1\" content=\"Dur\u00e9e de lecture estim\u00e9e\" \/>\n\t<meta name=\"twitter:data1\" content=\"1 minute\" \/>\n<!-- \/ Yoast SEO plugin. -->","yoast_head_json":{"title":"Accueil - A l&#039;\u00e9coute de Tropiques","robots":{"index":"index","follow":"follow","max-snippet":"max-snippet:-1","max-image-preview":"max-image-preview:large","max-video-preview":"max-video-preview:-1"},"canonical":"https:\/\/tropiques-atrium.fr\/podcasts\/","og_locale":"fr_FR","og_type":"article","og_title":"Accueil - A l&#039;\u00e9coute de Tropiques","og_description":"Podcast litt\u00e9raire de Tropiques-Atrium, sc\u00e8ne nationale de Martinique \u00e0 \u00e9couter tout de suite pour les enfants Pour les parents Notre vision Le mot de bienvenue Nous vous proposons d&#8217;aller \u00e0 la rencontre des auteurs de la Cara\u00efbe d&#8217;hier et d&#8217;aujourd&#8217;hui \u00e0 travers une mosa\u00efque de textes lus par nos talentueux com\u00e9diens.&nbsp; Des \u0153uvres s\u00e9lectionn\u00e9es pour ... Read more","og_url":"https:\/\/tropiques-atrium.fr\/podcasts\/","og_site_name":"A l&#039;\u00e9coute de Tropiques","article_modified_time":"2020-09-02T16:54:56+00:00","og_image":[{"url":"https:\/\/tropiques-atrium.fr\/podcasts\/wp-content\/uploads\/sites\/7\/2020\/08\/tropiques_logo_site_podcast-1024x171.png"}],"twitter_card":"summary_large_image","twitter_misc":{"Dur\u00e9e de lecture estim\u00e9e":"1 minute"},"schema":{"@context":"https:\/\/schema.org","@graph":[{"@type":"WebPage","@id":"https:\/\/tropiques-atrium.fr\/podcasts\/","url":"https:\/\/tropiques-atrium.fr\/podcasts\/","name":"Accueil - A l&#039;\u00e9coute de Tropiques","isPartOf":{"@id":"https:\/\/tropiques-atrium.fr\/podcasts\/#website"},"datePublished":"2020-08-02T14:48:43+00:00","dateModified":"2020-09-02T16:54:56+00:00","breadcrumb":{"@id":"https:\/\/tropiques-atrium.fr\/podcasts\/#breadcrumb"},"inLanguage":"fr-FR","potentialAction":[{"@type":"ReadAction","target":["https:\/\/tropiques-atrium.fr\/podcasts\/"]}]},{"@type":"BreadcrumbList","@id":"https:\/\/tropiques-atrium.fr\/podcasts\/#breadcrumb","itemListElement":[{"@type":"ListItem","position":1,"name":"Accueil","item":"https:\/\/tropiques-atrium.fr\/podcasts\/"},{"@type":"ListItem","position":2,"name":"Accueil"}]},{"@type":"WebSite","@id":"https:\/\/tropiques-atrium.fr\/podcasts\/#website","url":"https:\/\/tropiques-atrium.fr\/podcasts\/","name":"A l&#039;\u00e9coute de Tropiques","description":"Un site utilisant Les sites de Tropiques-Atrium","potentialAction":[{"@type":"SearchAction","target":{"@type":"EntryPoint","urlTemplate":"https:\/\/tropiques-atrium.fr\/podcasts\/?s={search_term_string}"},"query-input":"required name=search_term_string"}],"inLanguage":"fr-FR"}]}},"amp_enabled":false,"_links":{"self":[{"href":"https:\/\/tropiques-atrium.fr\/podcasts\/wp-json\/wp\/v2\/pages\/20"}],"collection":[{"href":"https:\/\/tropiques-atrium.fr\/podcasts\/wp-json\/wp\/v2\/pages"}],"about":[{"href":"https:\/\/tropiques-atrium.fr\/podcasts\/wp-json\/wp\/v2\/types\/page"}],"author":[{"embeddable":true,"href":"https:\/\/tropiques-atrium.fr\/podcasts\/wp-json\/wp\/v2\/users\/1"}],"replies":[{"embeddable":true,"href":"https:\/\/tropiques-atrium.fr\/podcasts\/wp-json\/wp\/v2\/comments?post=20"}],"version-history":[{"count":23,"href":"https:\/\/tropiques-atrium.fr\/podcasts\/wp-json\/wp\/v2\/pages\/20\/revisions"}],"predecessor-version":[{"id":54,"href":"https:\/\/tropiques-atrium.fr\/podcasts\/wp-json\/wp\/v2\/pages\/20\/revisions\/54"}],"wp:attachment":[{"href":"https:\/\/tropiques-atrium.fr\/podcasts\/wp-json\/wp\/v2\/media?parent=20"}],"curies":[{"name":"wp","href":"https:\/\/api.w.org\/{rel}","templated":true}]}}