{"id":247,"date":"2020-06-01T21:57:25","date_gmt":"2020-06-01T19:57:25","guid":{"rendered":"https:\/\/tropiques-atrium.fr\/le-mois-laminaire\/?page_id=247"},"modified":"2020-06-02T20:13:08","modified_gmt":"2020-06-02T18:13:08","slug":"le-calendrier-lagunaire","status":"publish","type":"page","link":"https:\/\/tropiques-atrium.fr\/le-mois-laminaire\/le-calendrier-lagunaire\/","title":{"rendered":"Le calendrier lagunaire"},"content":{"rendered":"\t\t<div data-elementor-type=\"wp-page\" data-elementor-id=\"247\" class=\"elementor elementor-247\" data-elementor-post-type=\"page\">\n\t\t\t\t\t\t<section class=\"elementor-section elementor-top-section elementor-element elementor-element-cc3797e elementor-section-boxed elementor-section-height-default elementor-section-height-default\" data-id=\"cc3797e\" data-element_type=\"section\" data-settings=\"{&quot;background_background&quot;:&quot;classic&quot;}\">\n\t\t\t\t\t\t<div class=\"elementor-container elementor-column-gap-default\">\n\t\t\t\t\t<div class=\"elementor-column elementor-col-100 elementor-top-column elementor-element elementor-element-cff020d\" data-id=\"cff020d\" data-element_type=\"column\">\n\t\t\t<div class=\"elementor-widget-wrap elementor-element-populated\">\n\t\t\t\t\t\t<div class=\"elementor-element elementor-element-acb5c34 elementor-widget elementor-widget-breadcrumbs\" data-id=\"acb5c34\" data-element_type=\"widget\" data-widget_type=\"breadcrumbs.default\">\n\t\t\t\t<div class=\"elementor-widget-container\">\n\t\t\t<p id=\"breadcrumbs\"><span><span><a href=\"https:\/\/tropiques-atrium.fr\/le-mois-laminaire\/\">Accueil<\/a><\/span><\/span><\/p>\t\t<\/div>\n\t\t\t\t<\/div>\n\t\t\t\t<section class=\"elementor-section elementor-inner-section elementor-element elementor-element-f547ade elementor-section-boxed elementor-section-height-default elementor-section-height-default\" data-id=\"f547ade\" data-element_type=\"section\" data-settings=\"{&quot;background_background&quot;:&quot;classic&quot;}\">\n\t\t\t\t\t\t<div class=\"elementor-container elementor-column-gap-default\">\n\t\t\t\t\t<div class=\"elementor-column elementor-col-50 elementor-inner-column elementor-element elementor-element-f4d007b\" data-id=\"f4d007b\" data-element_type=\"column\">\n\t\t\t<div class=\"elementor-widget-wrap elementor-element-populated\">\n\t\t\t\t\t\t<div class=\"elementor-element elementor-element-a241e9c elementor-widget elementor-widget-heading\" data-id=\"a241e9c\" data-element_type=\"widget\" data-widget_type=\"heading.default\">\n\t\t\t\t<div class=\"elementor-widget-container\">\n\t\t\t<h2 class=\"elementor-heading-title elementor-size-default\">Le calendrier lagunaire<\/h2>\t\t<\/div>\n\t\t\t\t<\/div>\n\t\t\t\t<div class=\"elementor-element elementor-element-1567082 elementor-widget elementor-widget-text-editor\" data-id=\"1567082\" data-element_type=\"widget\" data-widget_type=\"text-editor.default\">\n\t\t\t\t<div class=\"elementor-widget-container\">\n\t\t\t\t\t\t\t<p>J\u2019habite une blessure sacr\u00e9e<br><\/p>\n<p>j\u2019habite des anc\u00eatres imaginaires<\/p>\n<p>j\u2019habite un vouloir obscur<\/p>\n<p>j\u2019habite un long silence<\/p>\n<p>j\u2019habite une soif irr\u00e9m\u00e9diable<\/p>\n<p>j\u2019habite un voyage de mille ans<\/p>\n<p>j\u2019habite une guerre de trois cent ans<\/p>\n<p>j\u2019habite un culte d\u00e9saffect\u00e9<\/p>\n<p>entre bulbe et ca\u00efeu j\u2019habite l\u2019espace inexploit\u00e9<\/p>\n<p>j\u2019habite du basalte non une coul\u00e9e<\/p>\n<p>mais de la lave le mascaret<\/p>\n<p>qui remonte la valleuse \u00e0 toute allure<\/p>\n<p>et br\u00fble toutes les mosqu\u00e9es<\/p>\n<p>je m\u2019accommode de mon mieux de cet avatar<\/p>\n<p>d\u2019une version du paradis absurdement rat\u00e9e<\/p>\n<p>-c\u2019est bien pire qu\u2019un enfer-<\/p>\n<p>j\u2019habite de temps en temps une de mes plaies<\/p>\n<p>chaque minute je change d\u2019appartement<\/p>\n<p>et toute paix m\u2019effraie<\/p>\n<p><br><\/p>\n<p>tourbillon de feu<\/p>\n<p>ascidie comme nulle autre pour poussi\u00e8res<\/p>\n<p>de mondes \u00e9gar\u00e9s<\/p>\n<p>ayant crach\u00e9s volcan mes entrailles d\u2019eau vive<\/p>\n<p>je reste avec mes pains de mots et mes minerais secrets<\/p>\n<p><br><\/p>\n<p>j\u2019habite donc une vaste pens\u00e9e<\/p>\n<p>mais le plus souvent je pr\u00e9f\u00e8re me confiner<\/p>\n<p>dans la plus petite de mes id\u00e9es<\/p>\n<p><br><\/p>\n<p>ou bien j\u2019habite une formule magique<\/p>\n<p>les seuls premiers mots<\/p>\n<p>tout le reste \u00e9tant oubli\u00e9<\/p>\n<p>j\u2019habite l\u2019emb\u00e2cle<\/p>\n<p>j\u2019habite la d\u00e9b\u00e2cle<\/p>\n<p>j\u2019habite le pan d\u2019un grand d\u00e9sastre<\/p>\n<p>j\u2019habite souvent le pis le plus sec<\/p>\n<p>du piton le plus efflanqu\u00e9-la louve de ces nuages-<\/p>\n<p>j\u2019habite l\u2019aur\u00e9ole des c\u00e9tac\u00e9s<\/p>\n<p>j\u2019habite un troupeau de ch\u00e8vres tirant sur la t\u00e9tine<\/p>\n<p>de l\u2019arganier le plus d\u00e9sol\u00e9<\/p>\n<p>\u00e0 vrai dire je ne sais plus mon adresse exacte<\/p>\n<p>bathyale ou abyssale<\/p>\n<p>j\u2019habite le trou des poulpes<\/p>\n<p>je me bats avec un poulpe pour un trou de poulpe<\/p>\n<p><br><\/p>\n<p>fr\u00e8res n\u2019insistez pas<\/p>\n<p>vrac de varech<\/p>\n<p>m\u2019accrochant en cuscute<\/p>\n<p>ou me d\u00e9ployant en porona<\/p>\n<p>c\u2019est tout un<\/p>\n<p>et que le flot roule<\/p>\n<p>et que ventouse le soleil<\/p>\n<p>et que flagelle le vent<\/p>\n<p>ronde bosse de mon n\u00e9ant<\/p>\n<p><br><\/p>\n<p>la pression atmosph\u00e9rique ou plut\u00f4t l\u2019historique<\/p>\n<p>agrandit d\u00e9mesur\u00e9ment mes maux<\/p>\n<p>m\u00eame si elle rend somptueux certains de mes mots<\/p>\n<p><br><\/p>\t\t\t\t\t\t<\/div>\n\t\t\t\t<\/div>\n\t\t\t\t\t<\/div>\n\t\t<\/div>\n\t\t\t\t<div class=\"elementor-column elementor-col-50 elementor-inner-column elementor-element elementor-element-8457530\" data-id=\"8457530\" data-element_type=\"column\">\n\t\t\t<div class=\"elementor-widget-wrap elementor-element-populated\">\n\t\t\t\t\t\t<div class=\"elementor-element elementor-element-866c555 elementor-widget elementor-widget-heading\" data-id=\"866c555\" data-element_type=\"widget\" data-widget_type=\"heading.default\">\n\t\t\t\t<div class=\"elementor-widget-container\">\n\t\t\t<h2 class=\"elementor-heading-title elementor-size-default\">Lagoonal Calendar<\/h2>\t\t<\/div>\n\t\t\t\t<\/div>\n\t\t\t\t<div class=\"elementor-element elementor-element-bf66837 elementor-widget elementor-widget-text-editor\" data-id=\"bf66837\" data-element_type=\"widget\" data-widget_type=\"text-editor.default\">\n\t\t\t\t<div class=\"elementor-widget-container\">\n\t\t\t\t\t\t\t<p>I inhabit a sacred wound<br><\/p>\n<p>I inhabit imaginary ancestors<\/p>\n<p>I inhabit an obscure desire<\/p>\n<p>I inhabit a long silence<\/p>\n<p>I inhabit an irremediable thirst<\/p>\n<p>I inhabit a one-thousand-year journey<\/p>\n<p>I inhabit a three-hundred-year war<\/p>\n<p>I inhabit an abandoned cult&nbsp;<\/p>\n<p>between bulb and bulbil I inhabit the unexploited space<\/p>\n<p>I inhabit not a vein of a basalt&nbsp;<\/p>\n<p>but the rising tide of lava<\/p>\n<p>which runs at full pitch back up the gulch<\/p>\n<p>to burn all the mosques<\/p>\n<p>I accommodate myself as best as I can to this avatar<\/p>\n<p>to an absurdly botched version of paradise<\/p>\n<p>&#8211; it is worse than hell \u2013<\/p>\n<p>I inhabit from time to time one of my wounds<\/p>\n<p>Each minute I change my apartments<\/p>\n<p>and all peace frightens me&nbsp;<\/p>\n<p>whirlwind of fire<\/p>\n<p>Ascidium like none other to hold the dust of wandering worlds<\/p>\n<p>having spat of the volcano my fresh-water entrails<\/p>\n<p>I remain with my loaves of words and my secret minerals<\/p>\n<p>&nbsp;<\/p>\n<p>I inhabit thus a vast thought<\/p>\n<p>but mostly prefer to confine myself<\/p>\n<p>to the littlest of my ideas<\/p>\n<p>or I inhabit a magic formula<\/p>\n<p>but only the first few words<\/p>\n<p>the rest forgotten&nbsp;<\/p>\n<p>I inhabit the ice jam<\/p>\n<p>I inhabit the thaw<\/p>\n<p>I inhabit the face of a great disaster<\/p>\n<p>I inhabit the driest udder<\/p>\n<p>of the most emaciated flank- the lever of these clouds-<\/p>\n<p>I inhabit the halo of the Cactaceae&nbsp;<\/p>\n<p>I inhabit a herd of goats pulling on the teat<\/p>\n<p>of the most desolate argan tree<\/p>\n<p>to tell you the truth I no longer know my correct address<\/p>\n<p>bathyal or abyssal&nbsp;<\/p>\n<p>&nbsp;<\/p>\n<p>I inhabit the hole of an octopus&nbsp;<\/p>\n<p>I fight with an octopus over an octopus hole&nbsp;<\/p>\n<p>&nbsp;<\/p>\n<p>brother don\u2019t insist<\/p>\n<p>a mess of kelp<\/p>\n<p>clinging like a parasite<\/p>\n<p>or twining porana-like<\/p>\n<p>it\u2019s all the same&nbsp;<\/p>\n<p>&nbsp;<\/p>\n<p>And let the wave toss<\/p>\n<p>&nbsp; &nbsp; &nbsp; &nbsp; &nbsp; &nbsp; &nbsp; &nbsp; And let the sun leech<\/p>\n<p>&nbsp; &nbsp; &nbsp; &nbsp; &nbsp; &nbsp; &nbsp; &nbsp; And let the wind whip<\/p>\n<p>Round hill of my nothingness<\/p>\n<p>&nbsp;<\/p>\n<p>The atmospheric, no historic pressure<\/p>\n<p>increases immeasurably my plight.<\/p>\n<p>even as it charges my beauty with words&nbsp;<\/p><p><br><\/p><p>Traduction Carrie Noland&nbsp;<\/p>\t\t\t\t\t\t<\/div>\n\t\t\t\t<\/div>\n\t\t\t\t\t<\/div>\n\t\t<\/div>\n\t\t\t\t\t<\/div>\n\t\t<\/section>\n\t\t\t\t\t<\/div>\n\t\t<\/div>\n\t\t\t\t\t<\/div>\n\t\t<\/section>\n\t\t\t\t<\/div>\n\t\t","protected":false},"excerpt":{"rendered":"<p>Le calendrier lagunaire J\u2019habite une blessure sacr\u00e9e j\u2019habite des anc\u00eatres imaginaires j\u2019habite un vouloir obscur j\u2019habite un long silence j\u2019habite une soif irr\u00e9m\u00e9diable j\u2019habite un voyage de mille ans j\u2019habite une guerre de trois cent ans j\u2019habite un culte d\u00e9saffect\u00e9 entre bulbe et ca\u00efeu j\u2019habite l\u2019espace inexploit\u00e9 j\u2019habite du basalte non une coul\u00e9e mais de &#8230; <a title=\"Le calendrier lagunaire\" class=\"read-more\" href=\"https:\/\/tropiques-atrium.fr\/le-mois-laminaire\/le-calendrier-lagunaire\/\" aria-label=\"Plus sur Le calendrier lagunaire\">Read more<\/a><\/p>\n","protected":false},"author":1,"featured_media":0,"parent":0,"menu_order":0,"comment_status":"closed","ping_status":"closed","template":"elementor_header_footer","meta":{"footnotes":""},"yoast_head":"<!-- This site is optimized with the Yoast SEO plugin v22.0 - https:\/\/yoast.com\/wordpress\/plugins\/seo\/ -->\n<title>Le calendrier lagunaire - Le Moi(s) Laminaire<\/title>\n<meta name=\"robots\" content=\"index, follow, max-snippet:-1, max-image-preview:large, max-video-preview:-1\" \/>\n<link rel=\"canonical\" href=\"https:\/\/tropiques-atrium.fr\/le-mois-laminaire\/le-calendrier-lagunaire\/\" \/>\n<meta property=\"og:locale\" content=\"fr_FR\" \/>\n<meta property=\"og:type\" content=\"article\" \/>\n<meta property=\"og:title\" content=\"Le calendrier lagunaire - Le Moi(s) Laminaire\" \/>\n<meta property=\"og:description\" content=\"Le calendrier lagunaire J\u2019habite une blessure sacr\u00e9e j\u2019habite des anc\u00eatres imaginaires j\u2019habite un vouloir obscur j\u2019habite un long silence j\u2019habite une soif irr\u00e9m\u00e9diable j\u2019habite un voyage de mille ans j\u2019habite une guerre de trois cent ans j\u2019habite un culte d\u00e9saffect\u00e9 entre bulbe et ca\u00efeu j\u2019habite l\u2019espace inexploit\u00e9 j\u2019habite du basalte non une coul\u00e9e mais de ... Read more\" \/>\n<meta property=\"og:url\" content=\"https:\/\/tropiques-atrium.fr\/le-mois-laminaire\/le-calendrier-lagunaire\/\" \/>\n<meta property=\"og:site_name\" content=\"Le Moi(s) Laminaire\" \/>\n<meta property=\"article:modified_time\" content=\"2020-06-02T18:13:08+00:00\" \/>\n<meta name=\"twitter:card\" content=\"summary_large_image\" \/>\n<meta name=\"twitter:label1\" content=\"Dur\u00e9e de lecture estim\u00e9e\" \/>\n\t<meta name=\"twitter:data1\" content=\"4 minutes\" \/>\n<!-- \/ Yoast SEO plugin. -->","yoast_head_json":{"title":"Le calendrier lagunaire - Le Moi(s) Laminaire","robots":{"index":"index","follow":"follow","max-snippet":"max-snippet:-1","max-image-preview":"max-image-preview:large","max-video-preview":"max-video-preview:-1"},"canonical":"https:\/\/tropiques-atrium.fr\/le-mois-laminaire\/le-calendrier-lagunaire\/","og_locale":"fr_FR","og_type":"article","og_title":"Le calendrier lagunaire - Le Moi(s) Laminaire","og_description":"Le calendrier lagunaire J\u2019habite une blessure sacr\u00e9e j\u2019habite des anc\u00eatres imaginaires j\u2019habite un vouloir obscur j\u2019habite un long silence j\u2019habite une soif irr\u00e9m\u00e9diable j\u2019habite un voyage de mille ans j\u2019habite une guerre de trois cent ans j\u2019habite un culte d\u00e9saffect\u00e9 entre bulbe et ca\u00efeu j\u2019habite l\u2019espace inexploit\u00e9 j\u2019habite du basalte non une coul\u00e9e mais de ... Read more","og_url":"https:\/\/tropiques-atrium.fr\/le-mois-laminaire\/le-calendrier-lagunaire\/","og_site_name":"Le Moi(s) Laminaire","article_modified_time":"2020-06-02T18:13:08+00:00","twitter_card":"summary_large_image","twitter_misc":{"Dur\u00e9e de lecture estim\u00e9e":"4 minutes"},"schema":{"@context":"https:\/\/schema.org","@graph":[{"@type":"WebPage","@id":"https:\/\/tropiques-atrium.fr\/le-mois-laminaire\/le-calendrier-lagunaire\/","url":"https:\/\/tropiques-atrium.fr\/le-mois-laminaire\/le-calendrier-lagunaire\/","name":"Le calendrier lagunaire - Le Moi(s) Laminaire","isPartOf":{"@id":"https:\/\/tropiques-atrium.fr\/le-mois-laminaire\/#website"},"datePublished":"2020-06-01T19:57:25+00:00","dateModified":"2020-06-02T18:13:08+00:00","breadcrumb":{"@id":"https:\/\/tropiques-atrium.fr\/le-mois-laminaire\/le-calendrier-lagunaire\/#breadcrumb"},"inLanguage":"fr-FR","potentialAction":[{"@type":"ReadAction","target":["https:\/\/tropiques-atrium.fr\/le-mois-laminaire\/le-calendrier-lagunaire\/"]}]},{"@type":"BreadcrumbList","@id":"https:\/\/tropiques-atrium.fr\/le-mois-laminaire\/le-calendrier-lagunaire\/#breadcrumb","itemListElement":[{"@type":"ListItem","position":1,"name":"Accueil","item":"https:\/\/tropiques-atrium.fr\/le-mois-laminaire\/"},{"@type":"ListItem","position":2,"name":"Le calendrier lagunaire"}]},{"@type":"WebSite","@id":"https:\/\/tropiques-atrium.fr\/le-mois-laminaire\/#website","url":"https:\/\/tropiques-atrium.fr\/le-mois-laminaire\/","name":"Le Moi(s) Laminaire","description":"Un site utilisant Les sites de Tropiques-Atrium","publisher":{"@id":"https:\/\/tropiques-atrium.fr\/le-mois-laminaire\/#organization"},"potentialAction":[{"@type":"SearchAction","target":{"@type":"EntryPoint","urlTemplate":"https:\/\/tropiques-atrium.fr\/le-mois-laminaire\/?s={search_term_string}"},"query-input":"required name=search_term_string"}],"inLanguage":"fr-FR"},{"@type":"Organization","@id":"https:\/\/tropiques-atrium.fr\/le-mois-laminaire\/#organization","name":"Le Moi(s) Laminaire","url":"https:\/\/tropiques-atrium.fr\/le-mois-laminaire\/","logo":{"@type":"ImageObject","inLanguage":"fr-FR","@id":"https:\/\/tropiques-atrium.fr\/le-mois-laminaire\/#\/schema\/logo\/image\/","url":"https:\/\/tropiques-atrium.fr\/le-mois-laminaire\/wp-content\/uploads\/sites\/4\/2020\/06\/MoiS_Laminaire_logo-pt.png","contentUrl":"https:\/\/tropiques-atrium.fr\/le-mois-laminaire\/wp-content\/uploads\/sites\/4\/2020\/06\/MoiS_Laminaire_logo-pt.png","width":300,"height":128,"caption":"Le Moi(s) Laminaire"},"image":{"@id":"https:\/\/tropiques-atrium.fr\/le-mois-laminaire\/#\/schema\/logo\/image\/"}}]}},"amp_enabled":false,"_links":{"self":[{"href":"https:\/\/tropiques-atrium.fr\/le-mois-laminaire\/wp-json\/wp\/v2\/pages\/247"}],"collection":[{"href":"https:\/\/tropiques-atrium.fr\/le-mois-laminaire\/wp-json\/wp\/v2\/pages"}],"about":[{"href":"https:\/\/tropiques-atrium.fr\/le-mois-laminaire\/wp-json\/wp\/v2\/types\/page"}],"author":[{"embeddable":true,"href":"https:\/\/tropiques-atrium.fr\/le-mois-laminaire\/wp-json\/wp\/v2\/users\/1"}],"replies":[{"embeddable":true,"href":"https:\/\/tropiques-atrium.fr\/le-mois-laminaire\/wp-json\/wp\/v2\/comments?post=247"}],"version-history":[{"count":5,"href":"https:\/\/tropiques-atrium.fr\/le-mois-laminaire\/wp-json\/wp\/v2\/pages\/247\/revisions"}],"predecessor-version":[{"id":301,"href":"https:\/\/tropiques-atrium.fr\/le-mois-laminaire\/wp-json\/wp\/v2\/pages\/247\/revisions\/301"}],"wp:attachment":[{"href":"https:\/\/tropiques-atrium.fr\/le-mois-laminaire\/wp-json\/wp\/v2\/media?parent=247"}],"curies":[{"name":"wp","href":"https:\/\/api.w.org\/{rel}","templated":true}]}}