{"version":"1.0","provider_name":"Le Moi(s) Laminaire","provider_url":"https:\/\/tropiques-atrium.fr\/le-mois-laminaire","author_name":"Tropiques-Atrium - Sc\u00e8ne Nationale de Martinique","author_url":"https:\/\/tropiques-atrium.fr\/le-mois-laminaire\/author\/tropiques-atrium-super-admin\/","title":"Jos\u00e9 Dalmat - Le Moi(s) Laminaire","type":"rich","width":600,"height":338,"html":"<blockquote class=\"wp-embedded-content\" data-secret=\"IwaJtanxv9\"><a href=\"https:\/\/tropiques-atrium.fr\/le-mois-laminaire\/jose-dalmat\/\">Jos\u00e9 Dalmat<\/a><\/blockquote><iframe sandbox=\"allow-scripts\" security=\"restricted\" src=\"https:\/\/tropiques-atrium.fr\/le-mois-laminaire\/jose-dalmat\/embed\/#?secret=IwaJtanxv9\" width=\"600\" height=\"338\" title=\"\u00ab\u00a0Jos\u00e9 Dalmat\u00a0\u00bb &#8212; Le Moi(s) Laminaire\" data-secret=\"IwaJtanxv9\" frameborder=\"0\" marginwidth=\"0\" marginheight=\"0\" scrolling=\"no\" class=\"wp-embedded-content\"><\/iframe><script>\n\/*! This file is auto-generated *\/\n!function(d,l){\"use strict\";l.querySelector&&d.addEventListener&&\"undefined\"!=typeof URL&&(d.wp=d.wp||{},d.wp.receiveEmbedMessage||(d.wp.receiveEmbedMessage=function(e){var t=e.data;if((t||t.secret||t.message||t.value)&&!\/[^a-zA-Z0-9]\/.test(t.secret)){for(var s,r,n,a=l.querySelectorAll('iframe[data-secret=\"'+t.secret+'\"]'),o=l.querySelectorAll('blockquote[data-secret=\"'+t.secret+'\"]'),c=new RegExp(\"^https?:$\",\"i\"),i=0;i<o.length;i++)o[i].style.display=\"none\";for(i=0;i<a.length;i++)s=a[i],e.source===s.contentWindow&&(s.removeAttribute(\"style\"),\"height\"===t.message?(1e3<(r=parseInt(t.value,10))?r=1e3:~~r<200&&(r=200),s.height=r):\"link\"===t.message&&(r=new URL(s.getAttribute(\"src\")),n=new URL(t.value),c.test(n.protocol))&&n.host===r.host&&l.activeElement===s&&(d.top.location.href=t.value))}},d.addEventListener(\"message\",d.wp.receiveEmbedMessage,!1),l.addEventListener(\"DOMContentLoaded\",function(){for(var e,t,s=l.querySelectorAll(\"iframe.wp-embedded-content\"),r=0;r<s.length;r++)(t=(e=s[r]).getAttribute(\"data-secret\"))||(t=Math.random().toString(36).substring(2,12),e.src+=\"#?secret=\"+t,e.setAttribute(\"data-secret\",t)),e.contentWindow.postMessage({message:\"ready\",secret:t},\"*\")},!1)))}(window,document);\n<\/script>\n","thumbnail_url":"https:\/\/tropiques-atrium.fr\/le-mois-laminaire\/wp-content\/uploads\/sites\/4\/2020\/06\/dalmat.jpg","thumbnail_width":700,"thumbnail_height":503,"description":"Com\u00e9dien, membre fondateur du Th\u00e9\u00e2tre de la Soif Nouvelle\/CDR de Martinique, il a continu\u00e9 \u00e0 se former et \u00e0 travailler \u00e0 Paris. On l\u2019a vu \u00e0 la t\u00e9l\u00e9, au cin\u00e9ma et beaucoup au th\u00e9\u00e2tre. Jeune auteur, il est aussi animateur radio et directeur artistique d\u2019\u00e9v\u00e9nements culturels."}

Tropiques-Atrium - Scène Nationale de Martinique

José Dalmat - Le Moi(s) Laminaire

<blockquote class="wp-embedded-content" data-secret="IwaJtanxv9"><a href="https://tropiques-atrium.fr/le-mois-laminaire/jose-dalmat/">José Dalmat</a></blockquote><iframe sandbox="allow-scripts" security="restricted" src="https://tropiques-atrium.fr/le-mois-laminaire/jose-dalmat/embed/#?secret=IwaJtanxv9" width="600" height="338" title="« José Dalmat » &#8212; Le Moi(s) Laminaire" data-secret="IwaJtanxv9" frameborder="0" marginwidth="0" marginheight="0" scrolling="no" class="wp-embedded-content"></iframe><script>
/*! This file is auto-generated */
!function(d,l){"use strict";l.querySelector&&d.addEventListener&&"undefined"!=typeof URL&&(d.wp=d.wp||{},d.wp.receiveEmbedMessage||(d.wp.receiveEmbedMessage=function(e){var t=e.data;if((t||t.secret||t.message||t.value)&&!/[^a-zA-Z0-9]/.test(t.secret)){for(var s,r,n,a=l.querySelectorAll('iframe[data-secret="'+t.secret+'"]'),o=l.querySelectorAll('blockquote[data-secret="'+t.secret+'"]'),c=new RegExp("^https?:$","i"),i=0;i<o.length;i++)o[i].style.display="none";for(i=0;i<a.length;i++)s=a[i],e.source===s.contentWindow&&(s.removeAttribute("style"),"height"===t.message?(1e3<(r=parseInt(t.value,10))?r=1e3:~~r<200&&(r=200),s.height=r):"link"===t.message&&(r=new URL(s.getAttribute("src")),n=new URL(t.value),c.test(n.protocol))&&n.host===r.host&&l.activeElement===s&&(d.top.location.href=t.value))}},d.addEventListener("message",d.wp.receiveEmbedMessage,!1),l.addEventListener("DOMContentLoaded",function(){for(var e,t,s=l.querySelectorAll("iframe.wp-embedded-content"),r=0;r<s.length;r++)(t=(e=s[r]).getAttribute("data-secret"))||(t=Math.random().toString(36).substring(2,12),e.src+="#?secret="+t,e.setAttribute("data-secret",t)),e.contentWindow.postMessage({message:"ready",secret:t},"*")},!1)))}(window,document);
</script>

Comédien, membre fondateur du Théâtre de la Soif Nouvelle/CDR de Martinique, il a continué à se former et à travailler à Paris. On l’a vu à la télé, au cinéma et beaucoup au théâtre. Jeune auteur, il est aussi animateur radio et directeur artistique d’événements culturels.
