{"id":281,"date":"2020-06-18T12:43:56","date_gmt":"2020-06-18T10:43:56","guid":{"rendered":"https:\/\/tropiques-atrium.fr\/fete-de-la-musique\/?page_id=281"},"modified":"2020-06-18T12:49:48","modified_gmt":"2020-06-18T10:49:48","slug":"ils-ont-joue-a-tropiques-atrium","status":"publish","type":"page","link":"https:\/\/tropiques-atrium.fr\/fete-de-la-musique\/ils-ont-joue-a-tropiques-atrium\/","title":{"rendered":"Ils ont jou\u00e9 \u00e0 Tropiques-Atrium"},"content":{"rendered":"\t\t<div data-elementor-type=\"wp-page\" data-elementor-id=\"281\" class=\"elementor elementor-281\" data-elementor-post-type=\"page\">\n\t\t\t\t\t\t<section class=\"elementor-section elementor-top-section elementor-element elementor-element-29742e7c elementor-section-boxed elementor-section-height-default elementor-section-height-default\" data-id=\"29742e7c\" data-element_type=\"section\">\n\t\t\t\t\t\t<div class=\"elementor-container elementor-column-gap-default\">\n\t\t\t\t\t<div class=\"elementor-column elementor-col-100 elementor-top-column elementor-element elementor-element-6ced174b\" data-id=\"6ced174b\" data-element_type=\"column\">\n\t\t\t<div class=\"elementor-widget-wrap elementor-element-populated\">\n\t\t\t\t\t\t<div class=\"elementor-element elementor-element-917eef6 elementor-grid-3 elementor-grid-tablet-2 elementor-grid-mobile-1 elementor-posts--thumbnail-top elementor-card-shadow-yes elementor-posts__hover-gradient elementor-widget elementor-widget-posts\" data-id=\"917eef6\" data-element_type=\"widget\" data-settings=\"{&quot;pagination_type&quot;:&quot;numbers&quot;,&quot;cards_columns&quot;:&quot;3&quot;,&quot;cards_columns_tablet&quot;:&quot;2&quot;,&quot;cards_columns_mobile&quot;:&quot;1&quot;,&quot;cards_row_gap&quot;:{&quot;unit&quot;:&quot;px&quot;,&quot;size&quot;:35,&quot;sizes&quot;:[]},&quot;cards_row_gap_tablet&quot;:{&quot;unit&quot;:&quot;px&quot;,&quot;size&quot;:&quot;&quot;,&quot;sizes&quot;:[]},&quot;cards_row_gap_mobile&quot;:{&quot;unit&quot;:&quot;px&quot;,&quot;size&quot;:&quot;&quot;,&quot;sizes&quot;:[]}}\" data-widget_type=\"posts.cards\">\n\t\t\t\t<div class=\"elementor-widget-container\">\n\t\t\t\t\t<div class=\"elementor-posts-container elementor-posts elementor-posts--skin-cards elementor-grid\">\n\t\t\t\t<article class=\"elementor-post elementor-grid-item post-276 post type-post status-publish format-standard has-post-thumbnail hentry category-nos-musiciens\">\n\t\t\t<div class=\"elementor-post__card\">\n\t\t\t\t<a class=\"elementor-post__thumbnail__link\" href=\"https:\/\/tropiques-atrium.fr\/fete-de-la-musique\/salif-keita\/\" tabindex=\"-1\" ><div class=\"elementor-post__thumbnail\"><img fetchpriority=\"high\" decoding=\"async\" width=\"300\" height=\"199\" src=\"https:\/\/tropiques-atrium.fr\/fete-de-la-musique\/wp-content\/uploads\/sites\/6\/2020\/06\/SALIF-300x199.jpg\" class=\"attachment-medium size-medium wp-image-261\" alt=\"\" srcset=\"https:\/\/tropiques-atrium.fr\/fete-de-la-musique\/wp-content\/uploads\/sites\/6\/2020\/06\/SALIF-300x199.jpg 300w, https:\/\/tropiques-atrium.fr\/fete-de-la-musique\/wp-content\/uploads\/sites\/6\/2020\/06\/SALIF-1024x680.jpg 1024w, https:\/\/tropiques-atrium.fr\/fete-de-la-musique\/wp-content\/uploads\/sites\/6\/2020\/06\/SALIF-768x510.jpg 768w, https:\/\/tropiques-atrium.fr\/fete-de-la-musique\/wp-content\/uploads\/sites\/6\/2020\/06\/SALIF.jpg 1200w\" sizes=\"(max-width: 300px) 100vw, 300px\" \/><\/div><\/a>\n\t\t\t\t<div class=\"elementor-post__text\">\n\t\t\t\t<h3 class=\"elementor-post__title\">\n\t\t\t<a href=\"https:\/\/tropiques-atrium.fr\/fete-de-la-musique\/salif-keita\/\" >\n\t\t\t\tSalif Keita\t\t\t<\/a>\n\t\t<\/h3>\n\t\t\t\t<\/div>\n\t\t\t\t\t<\/div>\n\t\t<\/article>\n\t\t\t\t<article class=\"elementor-post elementor-grid-item post-274 post type-post status-publish format-standard has-post-thumbnail hentry category-nos-musiciens\">\n\t\t\t<div class=\"elementor-post__card\">\n\t\t\t\t<a class=\"elementor-post__thumbnail__link\" href=\"https:\/\/tropiques-atrium.fr\/fete-de-la-musique\/marialy-pacheco\/\" tabindex=\"-1\" ><div class=\"elementor-post__thumbnail\"><img decoding=\"async\" width=\"300\" height=\"200\" src=\"https:\/\/tropiques-atrium.fr\/fete-de-la-musique\/wp-content\/uploads\/sites\/6\/2020\/06\/114-001-300x200.jpg\" class=\"attachment-medium size-medium wp-image-264\" alt=\"\" srcset=\"https:\/\/tropiques-atrium.fr\/fete-de-la-musique\/wp-content\/uploads\/sites\/6\/2020\/06\/114-001-300x200.jpg 300w, https:\/\/tropiques-atrium.fr\/fete-de-la-musique\/wp-content\/uploads\/sites\/6\/2020\/06\/114-001-1024x684.jpg 1024w, https:\/\/tropiques-atrium.fr\/fete-de-la-musique\/wp-content\/uploads\/sites\/6\/2020\/06\/114-001-768x513.jpg 768w, https:\/\/tropiques-atrium.fr\/fete-de-la-musique\/wp-content\/uploads\/sites\/6\/2020\/06\/114-001.jpg 1200w\" sizes=\"(max-width: 300px) 100vw, 300px\" \/><\/div><\/a>\n\t\t\t\t<div class=\"elementor-post__text\">\n\t\t\t\t<h3 class=\"elementor-post__title\">\n\t\t\t<a href=\"https:\/\/tropiques-atrium.fr\/fete-de-la-musique\/marialy-pacheco\/\" >\n\t\t\t\tMarialy Pach\u00e9co\t\t\t<\/a>\n\t\t<\/h3>\n\t\t\t\t<\/div>\n\t\t\t\t\t<\/div>\n\t\t<\/article>\n\t\t\t\t<article class=\"elementor-post elementor-grid-item post-272 post type-post status-publish format-standard has-post-thumbnail hentry category-nos-musiciens\">\n\t\t\t<div class=\"elementor-post__card\">\n\t\t\t\t<a class=\"elementor-post__thumbnail__link\" href=\"https:\/\/tropiques-atrium.fr\/fete-de-la-musique\/lucky-peterson\/\" tabindex=\"-1\" ><div class=\"elementor-post__thumbnail\"><img decoding=\"async\" width=\"300\" height=\"199\" src=\"https:\/\/tropiques-atrium.fr\/fete-de-la-musique\/wp-content\/uploads\/sites\/6\/2020\/06\/Photo-2241-001-1-300x199.jpg\" class=\"attachment-medium size-medium wp-image-258\" alt=\"\" srcset=\"https:\/\/tropiques-atrium.fr\/fete-de-la-musique\/wp-content\/uploads\/sites\/6\/2020\/06\/Photo-2241-001-1-300x199.jpg 300w, https:\/\/tropiques-atrium.fr\/fete-de-la-musique\/wp-content\/uploads\/sites\/6\/2020\/06\/Photo-2241-001-1-1024x680.jpg 1024w, https:\/\/tropiques-atrium.fr\/fete-de-la-musique\/wp-content\/uploads\/sites\/6\/2020\/06\/Photo-2241-001-1-768x510.jpg 768w, https:\/\/tropiques-atrium.fr\/fete-de-la-musique\/wp-content\/uploads\/sites\/6\/2020\/06\/Photo-2241-001-1.jpg 1200w\" sizes=\"(max-width: 300px) 100vw, 300px\" \/><\/div><\/a>\n\t\t\t\t<div class=\"elementor-post__text\">\n\t\t\t\t<h3 class=\"elementor-post__title\">\n\t\t\t<a href=\"https:\/\/tropiques-atrium.fr\/fete-de-la-musique\/lucky-peterson\/\" >\n\t\t\t\tLucky Peterson\t\t\t<\/a>\n\t\t<\/h3>\n\t\t\t\t<\/div>\n\t\t\t\t\t<\/div>\n\t\t<\/article>\n\t\t\t\t<article class=\"elementor-post elementor-grid-item post-270 post type-post status-publish format-standard has-post-thumbnail hentry category-nos-musiciens\">\n\t\t\t<div class=\"elementor-post__card\">\n\t\t\t\t<a class=\"elementor-post__thumbnail__link\" href=\"https:\/\/tropiques-atrium.fr\/fete-de-la-musique\/chucho-valdes\/\" tabindex=\"-1\" ><div class=\"elementor-post__thumbnail\"><img loading=\"lazy\" decoding=\"async\" width=\"300\" height=\"200\" src=\"https:\/\/tropiques-atrium.fr\/fete-de-la-musique\/wp-content\/uploads\/sites\/6\/2020\/06\/145-001-300x200.jpg\" class=\"attachment-medium size-medium wp-image-263\" alt=\"\" srcset=\"https:\/\/tropiques-atrium.fr\/fete-de-la-musique\/wp-content\/uploads\/sites\/6\/2020\/06\/145-001-300x200.jpg 300w, https:\/\/tropiques-atrium.fr\/fete-de-la-musique\/wp-content\/uploads\/sites\/6\/2020\/06\/145-001-1024x684.jpg 1024w, https:\/\/tropiques-atrium.fr\/fete-de-la-musique\/wp-content\/uploads\/sites\/6\/2020\/06\/145-001-768x513.jpg 768w, https:\/\/tropiques-atrium.fr\/fete-de-la-musique\/wp-content\/uploads\/sites\/6\/2020\/06\/145-001.jpg 1200w\" sizes=\"(max-width: 300px) 100vw, 300px\" \/><\/div><\/a>\n\t\t\t\t<div class=\"elementor-post__text\">\n\t\t\t\t<h3 class=\"elementor-post__title\">\n\t\t\t<a href=\"https:\/\/tropiques-atrium.fr\/fete-de-la-musique\/chucho-valdes\/\" >\n\t\t\t\tChucho Vald\u00e8s\t\t\t<\/a>\n\t\t<\/h3>\n\t\t\t\t<\/div>\n\t\t\t\t\t<\/div>\n\t\t<\/article>\n\t\t\t\t<article class=\"elementor-post elementor-grid-item post-256 post type-post status-publish format-standard has-post-thumbnail hentry category-nos-musiciens\">\n\t\t\t<div class=\"elementor-post__card\">\n\t\t\t\t<a class=\"elementor-post__thumbnail__link\" href=\"https:\/\/tropiques-atrium.fr\/fete-de-la-musique\/abd-al-malik\/\" tabindex=\"-1\" ><div class=\"elementor-post__thumbnail\"><img loading=\"lazy\" decoding=\"async\" width=\"300\" height=\"199\" src=\"https:\/\/tropiques-atrium.fr\/fete-de-la-musique\/wp-content\/uploads\/sites\/6\/2020\/06\/ABD-AL-MALIK--300x199.jpg\" class=\"attachment-medium size-medium wp-image-257\" alt=\"\" srcset=\"https:\/\/tropiques-atrium.fr\/fete-de-la-musique\/wp-content\/uploads\/sites\/6\/2020\/06\/ABD-AL-MALIK--300x199.jpg 300w, https:\/\/tropiques-atrium.fr\/fete-de-la-musique\/wp-content\/uploads\/sites\/6\/2020\/06\/ABD-AL-MALIK--1024x680.jpg 1024w, https:\/\/tropiques-atrium.fr\/fete-de-la-musique\/wp-content\/uploads\/sites\/6\/2020\/06\/ABD-AL-MALIK--768x510.jpg 768w, https:\/\/tropiques-atrium.fr\/fete-de-la-musique\/wp-content\/uploads\/sites\/6\/2020\/06\/ABD-AL-MALIK-.jpg 1200w\" sizes=\"(max-width: 300px) 100vw, 300px\" \/><\/div><\/a>\n\t\t\t\t<div class=\"elementor-post__text\">\n\t\t\t\t<h3 class=\"elementor-post__title\">\n\t\t\t<a href=\"https:\/\/tropiques-atrium.fr\/fete-de-la-musique\/abd-al-malik\/\" >\n\t\t\t\tAbd al Malik\t\t\t<\/a>\n\t\t<\/h3>\n\t\t\t\t<\/div>\n\t\t\t\t\t<\/div>\n\t\t<\/article>\n\t\t\t\t<article class=\"elementor-post elementor-grid-item post-253 post type-post status-publish format-standard has-post-thumbnail hentry category-nos-musiciens\">\n\t\t\t<div class=\"elementor-post__card\">\n\t\t\t\t<a class=\"elementor-post__thumbnail__link\" href=\"https:\/\/tropiques-atrium.fr\/fete-de-la-musique\/michel-petrucciani-au-cmac\/\" tabindex=\"-1\" ><div class=\"elementor-post__thumbnail\"><img loading=\"lazy\" decoding=\"async\" width=\"300\" height=\"200\" src=\"https:\/\/tropiques-atrium.fr\/fete-de-la-musique\/wp-content\/uploads\/sites\/6\/2020\/06\/PETRUCCIANI-AUGUIAC-300x200.jpg\" class=\"attachment-medium size-medium wp-image-254\" alt=\"\" srcset=\"https:\/\/tropiques-atrium.fr\/fete-de-la-musique\/wp-content\/uploads\/sites\/6\/2020\/06\/PETRUCCIANI-AUGUIAC-300x200.jpg 300w, https:\/\/tropiques-atrium.fr\/fete-de-la-musique\/wp-content\/uploads\/sites\/6\/2020\/06\/PETRUCCIANI-AUGUIAC-1024x683.jpg 1024w, https:\/\/tropiques-atrium.fr\/fete-de-la-musique\/wp-content\/uploads\/sites\/6\/2020\/06\/PETRUCCIANI-AUGUIAC-768x512.jpg 768w, https:\/\/tropiques-atrium.fr\/fete-de-la-musique\/wp-content\/uploads\/sites\/6\/2020\/06\/PETRUCCIANI-AUGUIAC.jpg 1200w\" sizes=\"(max-width: 300px) 100vw, 300px\" \/><\/div><\/a>\n\t\t\t\t<div class=\"elementor-post__text\">\n\t\t\t\t<h3 class=\"elementor-post__title\">\n\t\t\t<a href=\"https:\/\/tropiques-atrium.fr\/fete-de-la-musique\/michel-petrucciani-au-cmac\/\" >\n\t\t\t\tMichel P\u00e9trucciani au CMAC\t\t\t<\/a>\n\t\t<\/h3>\n\t\t\t\t<\/div>\n\t\t\t\t\t<\/div>\n\t\t<\/article>\n\t\t\t\t<article class=\"elementor-post elementor-grid-item post-249 post type-post status-publish format-standard has-post-thumbnail hentry category-nos-musiciens\">\n\t\t\t<div class=\"elementor-post__card\">\n\t\t\t\t<a class=\"elementor-post__thumbnail__link\" href=\"https:\/\/tropiques-atrium.fr\/fete-de-la-musique\/emeline-michel\/\" tabindex=\"-1\" ><div class=\"elementor-post__thumbnail\"><img loading=\"lazy\" decoding=\"async\" width=\"300\" height=\"200\" src=\"https:\/\/tropiques-atrium.fr\/fete-de-la-musique\/wp-content\/uploads\/sites\/6\/2020\/06\/256-001-1-300x200.jpg\" class=\"attachment-medium size-medium wp-image-251\" alt=\"\" srcset=\"https:\/\/tropiques-atrium.fr\/fete-de-la-musique\/wp-content\/uploads\/sites\/6\/2020\/06\/256-001-1-300x200.jpg 300w, https:\/\/tropiques-atrium.fr\/fete-de-la-musique\/wp-content\/uploads\/sites\/6\/2020\/06\/256-001-1-768x512.jpg 768w, https:\/\/tropiques-atrium.fr\/fete-de-la-musique\/wp-content\/uploads\/sites\/6\/2020\/06\/256-001-1.jpg 1024w\" sizes=\"(max-width: 300px) 100vw, 300px\" \/><\/div><\/a>\n\t\t\t\t<div class=\"elementor-post__text\">\n\t\t\t\t<h3 class=\"elementor-post__title\">\n\t\t\t<a href=\"https:\/\/tropiques-atrium.fr\/fete-de-la-musique\/emeline-michel\/\" >\n\t\t\t\tEmeline Michel\t\t\t<\/a>\n\t\t<\/h3>\n\t\t\t\t<\/div>\n\t\t\t\t\t<\/div>\n\t\t<\/article>\n\t\t\t\t<article class=\"elementor-post elementor-grid-item post-245 post type-post status-publish format-standard has-post-thumbnail hentry category-nos-musiciens\">\n\t\t\t<div class=\"elementor-post__card\">\n\t\t\t\t<a class=\"elementor-post__thumbnail__link\" href=\"https:\/\/tropiques-atrium.fr\/fete-de-la-musique\/bago\/\" tabindex=\"-1\" ><div class=\"elementor-post__thumbnail\"><img loading=\"lazy\" decoding=\"async\" width=\"300\" height=\"200\" src=\"https:\/\/tropiques-atrium.fr\/fete-de-la-musique\/wp-content\/uploads\/sites\/6\/2020\/06\/408-001-300x200.jpg\" class=\"attachment-medium size-medium wp-image-246\" alt=\"\" srcset=\"https:\/\/tropiques-atrium.fr\/fete-de-la-musique\/wp-content\/uploads\/sites\/6\/2020\/06\/408-001-300x200.jpg 300w, https:\/\/tropiques-atrium.fr\/fete-de-la-musique\/wp-content\/uploads\/sites\/6\/2020\/06\/408-001-1024x684.jpg 1024w, https:\/\/tropiques-atrium.fr\/fete-de-la-musique\/wp-content\/uploads\/sites\/6\/2020\/06\/408-001-768x513.jpg 768w, https:\/\/tropiques-atrium.fr\/fete-de-la-musique\/wp-content\/uploads\/sites\/6\/2020\/06\/408-001.jpg 1200w\" sizes=\"(max-width: 300px) 100vw, 300px\" \/><\/div><\/a>\n\t\t\t\t<div class=\"elementor-post__text\">\n\t\t\t\t<h3 class=\"elementor-post__title\">\n\t\t\t<a href=\"https:\/\/tropiques-atrium.fr\/fete-de-la-musique\/bago\/\" >\n\t\t\t\tBago\t\t\t<\/a>\n\t\t<\/h3>\n\t\t\t\t<\/div>\n\t\t\t\t\t<\/div>\n\t\t<\/article>\n\t\t\t\t<article class=\"elementor-post elementor-grid-item post-235 post type-post status-publish format-standard has-post-thumbnail hentry category-nos-musiciens\">\n\t\t\t<div class=\"elementor-post__card\">\n\t\t\t\t<a class=\"elementor-post__thumbnail__link\" href=\"https:\/\/tropiques-atrium.fr\/fete-de-la-musique\/manu\/\" tabindex=\"-1\" ><div class=\"elementor-post__thumbnail\"><img loading=\"lazy\" decoding=\"async\" width=\"300\" height=\"235\" src=\"https:\/\/tropiques-atrium.fr\/fete-de-la-musique\/wp-content\/uploads\/sites\/6\/2020\/06\/MANU-ET-DEDE-CMAC-2006-2-300x235.jpg\" class=\"attachment-medium size-medium wp-image-214\" alt=\"\" srcset=\"https:\/\/tropiques-atrium.fr\/fete-de-la-musique\/wp-content\/uploads\/sites\/6\/2020\/06\/MANU-ET-DEDE-CMAC-2006-2-300x235.jpg 300w, https:\/\/tropiques-atrium.fr\/fete-de-la-musique\/wp-content\/uploads\/sites\/6\/2020\/06\/MANU-ET-DEDE-CMAC-2006-2-1024x801.jpg 1024w, https:\/\/tropiques-atrium.fr\/fete-de-la-musique\/wp-content\/uploads\/sites\/6\/2020\/06\/MANU-ET-DEDE-CMAC-2006-2-768x601.jpg 768w, https:\/\/tropiques-atrium.fr\/fete-de-la-musique\/wp-content\/uploads\/sites\/6\/2020\/06\/MANU-ET-DEDE-CMAC-2006-2.jpg 1363w\" sizes=\"(max-width: 300px) 100vw, 300px\" \/><\/div><\/a>\n\t\t\t\t<div class=\"elementor-post__text\">\n\t\t\t\t<h3 class=\"elementor-post__title\">\n\t\t\t<a href=\"https:\/\/tropiques-atrium.fr\/fete-de-la-musique\/manu\/\" >\n\t\t\t\tManu Dibango \u00e0 Tropiques-Atrium\t\t\t<\/a>\n\t\t<\/h3>\n\t\t\t\t<\/div>\n\t\t\t\t\t<\/div>\n\t\t<\/article>\n\t\t\t\t<\/div>\n\t\t\n\t\t\t\t<\/div>\n\t\t\t\t<\/div>\n\t\t\t\t\t<\/div>\n\t\t<\/div>\n\t\t\t\t\t<\/div>\n\t\t<\/section>\n\t\t\t\t<section class=\"elementor-section elementor-top-section elementor-element elementor-element-facc849 elementor-section-boxed elementor-section-height-default elementor-section-height-default\" data-id=\"facc849\" data-element_type=\"section\">\n\t\t\t\t\t\t<div class=\"elementor-container elementor-column-gap-default\">\n\t\t\t\t\t<div class=\"elementor-column elementor-col-100 elementor-top-column elementor-element elementor-element-80cc4d3\" data-id=\"80cc4d3\" data-element_type=\"column\">\n\t\t\t<div class=\"elementor-widget-wrap elementor-element-populated\">\n\t\t\t\t\t\t<div class=\"elementor-element elementor-element-d90f6d4 elementor-widget elementor-widget-image\" data-id=\"d90f6d4\" data-element_type=\"widget\" data-widget_type=\"image.default\">\n\t\t\t\t<div class=\"elementor-widget-container\">\n\t\t\t\t\t\t\t\t\t\t\t\t\t<img loading=\"lazy\" decoding=\"async\" width=\"1024\" height=\"438\" src=\"https:\/\/tropiques-atrium.fr\/fete-de-la-musique\/wp-content\/uploads\/sites\/6\/2020\/06\/tutelle-1024x438.jpg\" class=\"attachment-large size-large wp-image-266\" alt=\"\" srcset=\"https:\/\/tropiques-atrium.fr\/fete-de-la-musique\/wp-content\/uploads\/sites\/6\/2020\/06\/tutelle-1024x438.jpg 1024w, https:\/\/tropiques-atrium.fr\/fete-de-la-musique\/wp-content\/uploads\/sites\/6\/2020\/06\/tutelle-300x128.jpg 300w, https:\/\/tropiques-atrium.fr\/fete-de-la-musique\/wp-content\/uploads\/sites\/6\/2020\/06\/tutelle-768x328.jpg 768w, https:\/\/tropiques-atrium.fr\/fete-de-la-musique\/wp-content\/uploads\/sites\/6\/2020\/06\/tutelle.jpg 1156w\" sizes=\"(max-width: 1024px) 100vw, 1024px\" \/>\t\t\t\t\t\t\t\t\t\t\t\t\t<\/div>\n\t\t\t\t<\/div>\n\t\t\t\t\t<\/div>\n\t\t<\/div>\n\t\t\t\t\t<\/div>\n\t\t<\/section>\n\t\t\t\t<\/div>\n\t\t","protected":false},"excerpt":{"rendered":"","protected":false},"author":1,"featured_media":0,"parent":0,"menu_order":0,"comment_status":"closed","ping_status":"closed","template":"elementor_header_footer","meta":{"footnotes":""},"yoast_head":"<!-- This site is optimized with the Yoast SEO plugin v22.0 - https:\/\/yoast.com\/wordpress\/plugins\/seo\/ -->\n<title>Ils ont jou\u00e9 \u00e0 Tropiques-Atrium - La F\u00eate de la Musique<\/title>\n<meta name=\"robots\" content=\"index, follow, max-snippet:-1, max-image-preview:large, max-video-preview:-1\" \/>\n<link rel=\"canonical\" href=\"https:\/\/tropiques-atrium.fr\/fete-de-la-musique\/ils-ont-joue-a-tropiques-atrium\/\" \/>\n<meta property=\"og:locale\" content=\"fr_FR\" \/>\n<meta property=\"og:type\" content=\"article\" \/>\n<meta property=\"og:title\" content=\"Ils ont jou\u00e9 \u00e0 Tropiques-Atrium - La F\u00eate de la Musique\" \/>\n<meta property=\"og:url\" content=\"https:\/\/tropiques-atrium.fr\/fete-de-la-musique\/ils-ont-joue-a-tropiques-atrium\/\" \/>\n<meta property=\"og:site_name\" content=\"La F\u00eate de la Musique\" \/>\n<meta property=\"article:modified_time\" content=\"2020-06-18T10:49:48+00:00\" \/>\n<meta property=\"og:image\" content=\"https:\/\/tropiques-atrium.fr\/fete-de-la-musique\/wp-content\/uploads\/sites\/6\/2020\/06\/tutelle-1024x438.jpg\" \/>\n<meta name=\"twitter:card\" content=\"summary_large_image\" \/>\n<!-- \/ Yoast SEO plugin. -->","yoast_head_json":{"title":"Ils ont jou\u00e9 \u00e0 Tropiques-Atrium - La F\u00eate de la Musique","robots":{"index":"index","follow":"follow","max-snippet":"max-snippet:-1","max-image-preview":"max-image-preview:large","max-video-preview":"max-video-preview:-1"},"canonical":"https:\/\/tropiques-atrium.fr\/fete-de-la-musique\/ils-ont-joue-a-tropiques-atrium\/","og_locale":"fr_FR","og_type":"article","og_title":"Ils ont jou\u00e9 \u00e0 Tropiques-Atrium - La F\u00eate de la Musique","og_url":"https:\/\/tropiques-atrium.fr\/fete-de-la-musique\/ils-ont-joue-a-tropiques-atrium\/","og_site_name":"La F\u00eate de la Musique","article_modified_time":"2020-06-18T10:49:48+00:00","og_image":[{"url":"https:\/\/tropiques-atrium.fr\/fete-de-la-musique\/wp-content\/uploads\/sites\/6\/2020\/06\/tutelle-1024x438.jpg"}],"twitter_card":"summary_large_image","schema":{"@context":"https:\/\/schema.org","@graph":[{"@type":"WebPage","@id":"https:\/\/tropiques-atrium.fr\/fete-de-la-musique\/ils-ont-joue-a-tropiques-atrium\/","url":"https:\/\/tropiques-atrium.fr\/fete-de-la-musique\/ils-ont-joue-a-tropiques-atrium\/","name":"Ils ont jou\u00e9 \u00e0 Tropiques-Atrium - La F\u00eate de la Musique","isPartOf":{"@id":"https:\/\/tropiques-atrium.fr\/fete-de-la-musique\/#website"},"datePublished":"2020-06-18T10:43:56+00:00","dateModified":"2020-06-18T10:49:48+00:00","breadcrumb":{"@id":"https:\/\/tropiques-atrium.fr\/fete-de-la-musique\/ils-ont-joue-a-tropiques-atrium\/#breadcrumb"},"inLanguage":"fr-FR","potentialAction":[{"@type":"ReadAction","target":["https:\/\/tropiques-atrium.fr\/fete-de-la-musique\/ils-ont-joue-a-tropiques-atrium\/"]}]},{"@type":"BreadcrumbList","@id":"https:\/\/tropiques-atrium.fr\/fete-de-la-musique\/ils-ont-joue-a-tropiques-atrium\/#breadcrumb","itemListElement":[{"@type":"ListItem","position":1,"name":"Accueil","item":"https:\/\/tropiques-atrium.fr\/fete-de-la-musique\/"},{"@type":"ListItem","position":2,"name":"Ils ont jou\u00e9 \u00e0 Tropiques-Atrium"}]},{"@type":"WebSite","@id":"https:\/\/tropiques-atrium.fr\/fete-de-la-musique\/#website","url":"https:\/\/tropiques-atrium.fr\/fete-de-la-musique\/","name":"La F\u00eate de la Musique","description":"","publisher":{"@id":"https:\/\/tropiques-atrium.fr\/fete-de-la-musique\/#organization"},"potentialAction":[{"@type":"SearchAction","target":{"@type":"EntryPoint","urlTemplate":"https:\/\/tropiques-atrium.fr\/fete-de-la-musique\/?s={search_term_string}"},"query-input":"required name=search_term_string"}],"inLanguage":"fr-FR"},{"@type":"Organization","@id":"https:\/\/tropiques-atrium.fr\/fete-de-la-musique\/#organization","name":"La F\u00eate de la Musique","url":"https:\/\/tropiques-atrium.fr\/fete-de-la-musique\/","logo":{"@type":"ImageObject","inLanguage":"fr-FR","@id":"https:\/\/tropiques-atrium.fr\/fete-de-la-musique\/#\/schema\/logo\/image\/","url":"https:\/\/tropiques-atrium.fr\/fete-de-la-musique\/wp-content\/uploads\/sites\/6\/2020\/06\/logo_tropiques_atrium_400px.png","contentUrl":"https:\/\/tropiques-atrium.fr\/fete-de-la-musique\/wp-content\/uploads\/sites\/6\/2020\/06\/logo_tropiques_atrium_400px.png","width":300,"height":150,"caption":"La F\u00eate de la Musique"},"image":{"@id":"https:\/\/tropiques-atrium.fr\/fete-de-la-musique\/#\/schema\/logo\/image\/"}}]}},"amp_enabled":false,"_links":{"self":[{"href":"https:\/\/tropiques-atrium.fr\/fete-de-la-musique\/wp-json\/wp\/v2\/pages\/281"}],"collection":[{"href":"https:\/\/tropiques-atrium.fr\/fete-de-la-musique\/wp-json\/wp\/v2\/pages"}],"about":[{"href":"https:\/\/tropiques-atrium.fr\/fete-de-la-musique\/wp-json\/wp\/v2\/types\/page"}],"author":[{"embeddable":true,"href":"https:\/\/tropiques-atrium.fr\/fete-de-la-musique\/wp-json\/wp\/v2\/users\/1"}],"replies":[{"embeddable":true,"href":"https:\/\/tropiques-atrium.fr\/fete-de-la-musique\/wp-json\/wp\/v2\/comments?post=281"}],"version-history":[{"count":4,"href":"https:\/\/tropiques-atrium.fr\/fete-de-la-musique\/wp-json\/wp\/v2\/pages\/281\/revisions"}],"predecessor-version":[{"id":286,"href":"https:\/\/tropiques-atrium.fr\/fete-de-la-musique\/wp-json\/wp\/v2\/pages\/281\/revisions\/286"}],"wp:attachment":[{"href":"https:\/\/tropiques-atrium.fr\/fete-de-la-musique\/wp-json\/wp\/v2\/media?parent=281"}],"curies":[{"name":"wp","href":"https:\/\/api.w.org\/{rel}","templated":true}]}}