{"id":1409,"date":"2019-03-21T18:58:30","date_gmt":"2019-03-21T17:58:30","guid":{"rendered":"https:\/\/tropiques-atrium.fr\/rcm\/?page_id=1409"},"modified":"2024-10-07T17:56:49","modified_gmt":"2024-10-07T15:56:49","slug":"partenaires","status":"publish","type":"page","link":"https:\/\/tropiques-atrium.fr\/cinemartinique\/partenaires\/","title":{"rendered":"Partenaires &#8211; 2019"},"content":{"rendered":"\t\t<div data-elementor-type=\"wp-post\" data-elementor-id=\"1409\" class=\"elementor elementor-1409 elementor-bc-flex-widget\" data-elementor-post-type=\"page\">\n\t\t\t\t\t\t<section class=\"elementor-section elementor-top-section elementor-element elementor-element-bf5a0a6 elementor-section-boxed elementor-section-height-default elementor-section-height-default\" data-id=\"bf5a0a6\" data-element_type=\"section\">\n\t\t\t\t\t\t<div class=\"elementor-container elementor-column-gap-default\">\n\t\t\t\t\t<div class=\"elementor-column elementor-col-100 elementor-top-column elementor-element elementor-element-e0fdbd4\" data-id=\"e0fdbd4\" data-element_type=\"column\">\n\t\t\t<div class=\"elementor-widget-wrap\">\n\t\t\t\t\t\t\t<\/div>\n\t\t<\/div>\n\t\t\t\t\t<\/div>\n\t\t<\/section>\n\t\t\t\t<section class=\"elementor-section elementor-top-section elementor-element elementor-element-9b89f76 elementor-section-boxed elementor-section-height-default elementor-section-height-default\" data-id=\"9b89f76\" data-element_type=\"section\">\n\t\t\t\t\t\t<div class=\"elementor-container elementor-column-gap-default\">\n\t\t\t\t\t<div class=\"elementor-column elementor-col-66 elementor-top-column elementor-element elementor-element-5cd6f46\" data-id=\"5cd6f46\" data-element_type=\"column\">\n\t\t\t<div class=\"elementor-widget-wrap elementor-element-populated\">\n\t\t\t\t\t\t<div class=\"elementor-element elementor-element-76658c4 elementor-widget elementor-widget-heading\" data-id=\"76658c4\" data-element_type=\"widget\" data-widget_type=\"heading.default\">\n\t\t\t\t<div class=\"elementor-widget-container\">\n\t\t\t<h2 class=\"elementor-heading-title elementor-size-default\"><a href=\"https:\/\/tropiques-atrium.fr\/rcm\/partenaires\/\">Partenaires RCM 2019 :<\/a><\/h2>\t\t<\/div>\n\t\t\t\t<\/div>\n\t\t\t\t<div class=\"elementor-element elementor-element-2ec5c13 elementor-widget elementor-widget-spacer\" data-id=\"2ec5c13\" data-element_type=\"widget\" data-widget_type=\"spacer.default\">\n\t\t\t\t<div class=\"elementor-widget-container\">\n\t\t\t\t\t<div class=\"elementor-spacer\">\n\t\t\t<div class=\"elementor-spacer-inner\"><\/div>\n\t\t<\/div>\n\t\t\t\t<\/div>\n\t\t\t\t<\/div>\n\t\t\t\t<div class=\"elementor-element elementor-element-b13c881 elementor-widget elementor-widget-text-editor\" data-id=\"b13c881\" data-element_type=\"widget\" data-widget_type=\"text-editor.default\">\n\t\t\t\t<div class=\"elementor-widget-container\">\n\t\t\t\t\t\t\t<p><span style=\"color: #000000;\">Les Rencontres Cin\u00e9mas Martinique 2019 remercient l\u2019ensemble des partenaires, lieux et communes qui accueillent ce Festival.<\/span><\/p>\t\t\t\t\t\t<\/div>\n\t\t\t\t<\/div>\n\t\t\t\t<div class=\"elementor-element elementor-element-2fa0ba7 elementor-widget elementor-widget-spacer\" data-id=\"2fa0ba7\" data-element_type=\"widget\" data-widget_type=\"spacer.default\">\n\t\t\t\t<div class=\"elementor-widget-container\">\n\t\t\t\t\t<div class=\"elementor-spacer\">\n\t\t\t<div class=\"elementor-spacer-inner\"><\/div>\n\t\t<\/div>\n\t\t\t\t<\/div>\n\t\t\t\t<\/div>\n\t\t\t\t<div class=\"elementor-element elementor-element-010b56b elementor-widget elementor-widget-image\" data-id=\"010b56b\" data-element_type=\"widget\" data-widget_type=\"image.default\">\n\t\t\t\t<div class=\"elementor-widget-container\">\n\t\t\t\t\t\t\t\t\t\t\t\t\t<img fetchpriority=\"high\" decoding=\"async\" width=\"1024\" height=\"435\" src=\"https:\/\/tropiques-atrium.fr\/cinemartinique\/wp-content\/uploads\/sites\/3\/2019\/03\/Partenaires-festival-RCM-2019-01-1024x435.jpg\" class=\"attachment-large size-large wp-image-1410\" alt=\"\" srcset=\"https:\/\/tropiques-atrium.fr\/cinemartinique\/wp-content\/uploads\/sites\/3\/2019\/03\/Partenaires-festival-RCM-2019-01-1024x435.jpg 1024w, https:\/\/tropiques-atrium.fr\/cinemartinique\/wp-content\/uploads\/sites\/3\/2019\/03\/Partenaires-festival-RCM-2019-01-300x128.jpg 300w, https:\/\/tropiques-atrium.fr\/cinemartinique\/wp-content\/uploads\/sites\/3\/2019\/03\/Partenaires-festival-RCM-2019-01-768x327.jpg 768w, https:\/\/tropiques-atrium.fr\/cinemartinique\/wp-content\/uploads\/sites\/3\/2019\/03\/Partenaires-festival-RCM-2019-01.jpg 1503w\" sizes=\"(max-width: 1024px) 100vw, 1024px\" \/>\t\t\t\t\t\t\t\t\t\t\t\t\t<\/div>\n\t\t\t\t<\/div>\n\t\t\t\t<div class=\"elementor-element elementor-element-a1ef49f elementor-widget elementor-widget-image\" data-id=\"a1ef49f\" data-element_type=\"widget\" data-widget_type=\"image.default\">\n\t\t\t\t<div class=\"elementor-widget-container\">\n\t\t\t\t\t\t\t\t\t\t\t\t\t<img decoding=\"async\" width=\"1024\" height=\"389\" src=\"https:\/\/tropiques-atrium.fr\/cinemartinique\/wp-content\/uploads\/sites\/3\/2019\/03\/Partenaires-festival-RCM-2019-02-1024x389.jpg\" class=\"attachment-large size-large wp-image-1411\" alt=\"\" srcset=\"https:\/\/tropiques-atrium.fr\/cinemartinique\/wp-content\/uploads\/sites\/3\/2019\/03\/Partenaires-festival-RCM-2019-02-1024x389.jpg 1024w, https:\/\/tropiques-atrium.fr\/cinemartinique\/wp-content\/uploads\/sites\/3\/2019\/03\/Partenaires-festival-RCM-2019-02-300x114.jpg 300w, https:\/\/tropiques-atrium.fr\/cinemartinique\/wp-content\/uploads\/sites\/3\/2019\/03\/Partenaires-festival-RCM-2019-02-768x292.jpg 768w, https:\/\/tropiques-atrium.fr\/cinemartinique\/wp-content\/uploads\/sites\/3\/2019\/03\/Partenaires-festival-RCM-2019-02.jpg 1482w\" sizes=\"(max-width: 1024px) 100vw, 1024px\" \/>\t\t\t\t\t\t\t\t\t\t\t\t\t<\/div>\n\t\t\t\t<\/div>\n\t\t\t\t<div class=\"elementor-element elementor-element-c8e4d8d elementor-widget elementor-widget-image\" data-id=\"c8e4d8d\" data-element_type=\"widget\" data-widget_type=\"image.default\">\n\t\t\t\t<div class=\"elementor-widget-container\">\n\t\t\t\t\t\t\t\t\t\t\t\t\t<img decoding=\"async\" width=\"1024\" height=\"433\" src=\"https:\/\/tropiques-atrium.fr\/cinemartinique\/wp-content\/uploads\/sites\/3\/2019\/03\/Partenaires-festival-RCM-2019-03-1024x433.jpg\" class=\"attachment-large size-large wp-image-1412\" alt=\"\" srcset=\"https:\/\/tropiques-atrium.fr\/cinemartinique\/wp-content\/uploads\/sites\/3\/2019\/03\/Partenaires-festival-RCM-2019-03-1024x433.jpg 1024w, https:\/\/tropiques-atrium.fr\/cinemartinique\/wp-content\/uploads\/sites\/3\/2019\/03\/Partenaires-festival-RCM-2019-03-300x127.jpg 300w, https:\/\/tropiques-atrium.fr\/cinemartinique\/wp-content\/uploads\/sites\/3\/2019\/03\/Partenaires-festival-RCM-2019-03-768x325.jpg 768w, https:\/\/tropiques-atrium.fr\/cinemartinique\/wp-content\/uploads\/sites\/3\/2019\/03\/Partenaires-festival-RCM-2019-03.jpg 1443w\" sizes=\"(max-width: 1024px) 100vw, 1024px\" \/>\t\t\t\t\t\t\t\t\t\t\t\t\t<\/div>\n\t\t\t\t<\/div>\n\t\t\t\t\t<\/div>\n\t\t<\/div>\n\t\t\t\t<div class=\"elementor-column elementor-col-33 elementor-top-column elementor-element elementor-element-7724915\" data-id=\"7724915\" data-element_type=\"column\">\n\t\t\t<div class=\"elementor-widget-wrap elementor-element-populated\">\n\t\t\t\t\t\t<div class=\"elementor-element elementor-element-d369c28 elementor-search-form--skin-classic elementor-search-form--button-type-icon elementor-search-form--icon-search elementor-widget elementor-widget-search-form\" data-id=\"d369c28\" data-element_type=\"widget\" data-settings=\"{&quot;skin&quot;:&quot;classic&quot;}\" data-widget_type=\"search-form.default\">\n\t\t\t\t<div class=\"elementor-widget-container\">\n\t\t\t\t\t<search role=\"search\">\n\t\t\t<form class=\"elementor-search-form\" action=\"https:\/\/tropiques-atrium.fr\/cinemartinique\" method=\"get\">\n\t\t\t\t\t\t\t\t\t\t\t\t<div class=\"elementor-search-form__container\">\n\t\t\t\t\t<label class=\"elementor-screen-only\" for=\"elementor-search-form-d369c28\">Rechercher <\/label>\n\n\t\t\t\t\t\n\t\t\t\t\t<input id=\"elementor-search-form-d369c28\" placeholder=\"Rechercher ...\" class=\"elementor-search-form__input\" type=\"search\" name=\"s\" value=\"\">\n\t\t\t\t\t\n\t\t\t\t\t\t\t\t\t\t\t<button class=\"elementor-search-form__submit\" type=\"submit\" aria-label=\"Rechercher \">\n\t\t\t\t\t\t\t\t\t\t\t\t\t\t\t<i aria-hidden=\"true\" class=\"fas fa-search\"><\/i>\t\t\t\t\t\t\t\t<span class=\"elementor-screen-only\">Rechercher <\/span>\n\t\t\t\t\t\t\t\t\t\t\t\t\t<\/button>\n\t\t\t\t\t\n\t\t\t\t\t\t\t\t\t<\/div>\n\t\t\t<\/form>\n\t\t<\/search>\n\t\t\t\t<\/div>\n\t\t\t\t<\/div>\n\t\t\t\t<div class=\"elementor-element elementor-element-bb8b4f2 elementor-widget elementor-widget-heading\" data-id=\"bb8b4f2\" data-element_type=\"widget\" data-widget_type=\"heading.default\">\n\t\t\t\t<div class=\"elementor-widget-container\">\n\t\t\t<h3 class=\"elementor-heading-title elementor-size-default\">Les news des Rencontres<\/h3>\t\t<\/div>\n\t\t\t\t<\/div>\n\t\t\t\t<div class=\"elementor-element elementor-element-c2ae84d elementor-grid-1 elementor-grid-tablet-2 elementor-grid-mobile-1 elementor-posts--thumbnail-top elementor-card-shadow-yes elementor-posts__hover-gradient elementor-widget elementor-widget-posts\" data-id=\"c2ae84d\" data-element_type=\"widget\" data-settings=\"{&quot;pagination_type&quot;:&quot;numbers&quot;,&quot;cards_columns&quot;:&quot;1&quot;,&quot;cards_row_gap&quot;:{&quot;unit&quot;:&quot;px&quot;,&quot;size&quot;:10,&quot;sizes&quot;:[]},&quot;cards_columns_tablet&quot;:&quot;2&quot;,&quot;cards_columns_mobile&quot;:&quot;1&quot;,&quot;cards_row_gap_tablet&quot;:{&quot;unit&quot;:&quot;px&quot;,&quot;size&quot;:&quot;&quot;,&quot;sizes&quot;:[]},&quot;cards_row_gap_mobile&quot;:{&quot;unit&quot;:&quot;px&quot;,&quot;size&quot;:&quot;&quot;,&quot;sizes&quot;:[]}}\" data-widget_type=\"posts.cards\">\n\t\t\t\t<div class=\"elementor-widget-container\">\n\t\t\t\t\t<div class=\"elementor-posts-container elementor-posts elementor-posts--skin-cards elementor-grid\">\n\t\t\t\t<article class=\"elementor-post elementor-grid-item post-15830 post type-post status-publish format-standard has-post-thumbnail hentry category-actualites infinite-scroll-item\">\n\t\t\t<div class=\"elementor-post__card\">\n\t\t\t\t<a class=\"elementor-post__thumbnail__link\" href=\"https:\/\/tropiques-atrium.fr\/cinemartinique\/2025\/10\/29\/le-palmares-de-lespri-sinema\/\" tabindex=\"-1\" ><div class=\"elementor-post__thumbnail\"><img loading=\"lazy\" decoding=\"async\" width=\"300\" height=\"188\" src=\"https:\/\/tropiques-atrium.fr\/cinemartinique\/wp-content\/uploads\/sites\/3\/2019\/03\/Le-palmares-de-Lespri-Sinema-2025-Tropiques-Atrium-1-300x188.jpg\" class=\"attachment-medium size-medium wp-image-15829\" alt=\"\" srcset=\"https:\/\/tropiques-atrium.fr\/cinemartinique\/wp-content\/uploads\/sites\/3\/2019\/03\/Le-palmares-de-Lespri-Sinema-2025-Tropiques-Atrium-1-300x188.jpg 300w, https:\/\/tropiques-atrium.fr\/cinemartinique\/wp-content\/uploads\/sites\/3\/2019\/03\/Le-palmares-de-Lespri-Sinema-2025-Tropiques-Atrium-1-1024x640.jpg 1024w, https:\/\/tropiques-atrium.fr\/cinemartinique\/wp-content\/uploads\/sites\/3\/2019\/03\/Le-palmares-de-Lespri-Sinema-2025-Tropiques-Atrium-1-768x480.jpg 768w, https:\/\/tropiques-atrium.fr\/cinemartinique\/wp-content\/uploads\/sites\/3\/2019\/03\/Le-palmares-de-Lespri-Sinema-2025-Tropiques-Atrium-1-1536x960.jpg 1536w, https:\/\/tropiques-atrium.fr\/cinemartinique\/wp-content\/uploads\/sites\/3\/2019\/03\/Le-palmares-de-Lespri-Sinema-2025-Tropiques-Atrium-1-420x265.jpg 420w, https:\/\/tropiques-atrium.fr\/cinemartinique\/wp-content\/uploads\/sites\/3\/2019\/03\/Le-palmares-de-Lespri-Sinema-2025-Tropiques-Atrium-1-585x366.jpg 585w, https:\/\/tropiques-atrium.fr\/cinemartinique\/wp-content\/uploads\/sites\/3\/2019\/03\/Le-palmares-de-Lespri-Sinema-2025-Tropiques-Atrium-1.jpg 1600w\" sizes=\"(max-width: 300px) 100vw, 300px\" \/><\/div><\/a>\n\t\t\t\t<div class=\"elementor-post__text\">\n\t\t\t\t<h3 class=\"elementor-post__title\">\n\t\t\t<a href=\"https:\/\/tropiques-atrium.fr\/cinemartinique\/2025\/10\/29\/le-palmares-de-lespri-sinema\/\" >\n\t\t\t\tLe palmar\u00e8s de Lespri Sin\u00e9ma\t\t\t<\/a>\n\t\t<\/h3>\n\t\t\t\t<div class=\"elementor-post__excerpt\">\n\t\t\t<p>Cat\u00e9gorie Documentaire : Mention Sp\u00e9ciale du JuryCE FEU QUON TAIT \/ fragments d&#8217;une jeunesse queerde Antoinette GIRET et Julien BONNAIRE Prix du juryKOUKEKOUT de Jospeh HILLEL prix offert par Le Grand PrixAL OESTE EN ZAPATA de Divad BIM prix offert par Cat\u00e9gorie Court-M\u00e9trage : Prix du PublicADAN NANM EK KO de Ella MOUN prix offert par Prix du Jury JeuneA RIVER HOLDS A PERFECT MEMORY de Hope STRICKLAND Mention Sp\u00e9ciale du JuryADAN NANM EK KO de Ella MOUN prix offert par<\/p>\n\t\t<\/div>\n\t\t\n\t\t<a class=\"elementor-post__read-more\" href=\"https:\/\/tropiques-atrium.fr\/cinemartinique\/2025\/10\/29\/le-palmares-de-lespri-sinema\/\" aria-label=\"En savoir plus sur Le palmar\u00e8s de Lespri Sin\u00e9ma\" tabindex=\"-1\" >\n\t\t\tLire plus \u00bb\t\t<\/a>\n\n\t\t\t\t<\/div>\n\t\t\t\t\t<\/div>\n\t\t<\/article>\n\t\t\t\t<article class=\"elementor-post elementor-grid-item post-15818 post type-post status-publish format-standard has-post-thumbnail hentry category-545 category-actualites-2025 infinite-scroll-item\">\n\t\t\t<div class=\"elementor-post__card\">\n\t\t\t\t<a class=\"elementor-post__thumbnail__link\" href=\"https:\/\/tropiques-atrium.fr\/cinemartinique\/2025\/10\/21\/la-vr-a-tropiques-atrium-pendant-lespri-sinema-2025\/\" tabindex=\"-1\" ><div class=\"elementor-post__thumbnail\"><img loading=\"lazy\" decoding=\"async\" width=\"300\" height=\"188\" src=\"https:\/\/tropiques-atrium.fr\/cinemartinique\/wp-content\/uploads\/sites\/3\/2025\/10\/2025-10-20-Lespri-Sinema-VR-\u00a9showda-05-300x188.jpg\" class=\"attachment-medium size-medium wp-image-15825\" alt=\"\" srcset=\"https:\/\/tropiques-atrium.fr\/cinemartinique\/wp-content\/uploads\/sites\/3\/2025\/10\/2025-10-20-Lespri-Sinema-VR-\u00a9showda-05-300x188.jpg 300w, https:\/\/tropiques-atrium.fr\/cinemartinique\/wp-content\/uploads\/sites\/3\/2025\/10\/2025-10-20-Lespri-Sinema-VR-\u00a9showda-05-1024x640.jpg 1024w, https:\/\/tropiques-atrium.fr\/cinemartinique\/wp-content\/uploads\/sites\/3\/2025\/10\/2025-10-20-Lespri-Sinema-VR-\u00a9showda-05-768x480.jpg 768w, https:\/\/tropiques-atrium.fr\/cinemartinique\/wp-content\/uploads\/sites\/3\/2025\/10\/2025-10-20-Lespri-Sinema-VR-\u00a9showda-05-1536x960.jpg 1536w, https:\/\/tropiques-atrium.fr\/cinemartinique\/wp-content\/uploads\/sites\/3\/2025\/10\/2025-10-20-Lespri-Sinema-VR-\u00a9showda-05-420x265.jpg 420w, https:\/\/tropiques-atrium.fr\/cinemartinique\/wp-content\/uploads\/sites\/3\/2025\/10\/2025-10-20-Lespri-Sinema-VR-\u00a9showda-05-585x366.jpg 585w, https:\/\/tropiques-atrium.fr\/cinemartinique\/wp-content\/uploads\/sites\/3\/2025\/10\/2025-10-20-Lespri-Sinema-VR-\u00a9showda-05.jpg 2000w\" sizes=\"(max-width: 300px) 100vw, 300px\" \/><\/div><\/a>\n\t\t\t\t<div class=\"elementor-post__text\">\n\t\t\t\t<h3 class=\"elementor-post__title\">\n\t\t\t<a href=\"https:\/\/tropiques-atrium.fr\/cinemartinique\/2025\/10\/21\/la-vr-a-tropiques-atrium-pendant-lespri-sinema-2025\/\" >\n\t\t\t\tLa VR \u00e0 Tropiques Atrium pendant Lespri Sin\u00e9ma 2025\t\t\t<\/a>\n\t\t<\/h3>\n\t\t\t\t<div class=\"elementor-post__excerpt\">\n\t\t\t<p>D\u00e9couvrez nos films en R\u00e9alit\u00e9 Virtuelle \u00e0 Tropiques Atrium S\u00e9ances tous les jours durant Lespri Sin\u00e9ma, de 16h \u00e0 19h, \u00e0 la biblioth\u00e8que de Tropiques Atrium, avec les films : Dream Builders Arnaud Desjardins | France, 2021, 8 min. Un jardin entour\u00e9 de brume\u2026 Une gigantesque coupole monumentale appara\u00eetlentement devant nos yeux. La sph\u00e8re qui \u00e9merge devant nous est appel\u00e9e leC\u00e9notaphe pour Isaac Newton et n\u2019a jamais \u00e9t\u00e9 construite. L&#8217;oubli que nous serons Jonathan Hagard | Japon, 2024, 8 min. Explorez<\/p>\n\t\t<\/div>\n\t\t\n\t\t<a class=\"elementor-post__read-more\" href=\"https:\/\/tropiques-atrium.fr\/cinemartinique\/2025\/10\/21\/la-vr-a-tropiques-atrium-pendant-lespri-sinema-2025\/\" aria-label=\"En savoir plus sur La VR \u00e0 Tropiques Atrium pendant Lespri Sin\u00e9ma 2025\" tabindex=\"-1\" >\n\t\t\tLire plus \u00bb\t\t<\/a>\n\n\t\t\t\t<\/div>\n\t\t\t\t\t<\/div>\n\t\t<\/article>\n\t\t\t\t<article class=\"elementor-post elementor-grid-item post-15554 post type-post status-publish format-standard has-post-thumbnail hentry category-545 category-actualites-2025 tag-atelier tag-lesprisinema tag-lesprisinema2025 infinite-scroll-item\">\n\t\t\t<div class=\"elementor-post__card\">\n\t\t\t\t<a class=\"elementor-post__thumbnail__link\" href=\"https:\/\/tropiques-atrium.fr\/cinemartinique\/2025\/10\/08\/atelier-de-realisation-pour-les-12-14-ans\/\" tabindex=\"-1\" ><div class=\"elementor-post__thumbnail\"><img loading=\"lazy\" decoding=\"async\" width=\"300\" height=\"200\" src=\"https:\/\/tropiques-atrium.fr\/cinemartinique\/wp-content\/uploads\/sites\/3\/2019\/03\/Atelier-Jeunes-Lespri-Sinema-25-Tropiques-Atrium-01-300x200.jpg\" class=\"attachment-medium size-medium wp-image-15549\" alt=\"\" srcset=\"https:\/\/tropiques-atrium.fr\/cinemartinique\/wp-content\/uploads\/sites\/3\/2019\/03\/Atelier-Jeunes-Lespri-Sinema-25-Tropiques-Atrium-01-300x200.jpg 300w, https:\/\/tropiques-atrium.fr\/cinemartinique\/wp-content\/uploads\/sites\/3\/2019\/03\/Atelier-Jeunes-Lespri-Sinema-25-Tropiques-Atrium-01-1024x683.jpg 1024w, https:\/\/tropiques-atrium.fr\/cinemartinique\/wp-content\/uploads\/sites\/3\/2019\/03\/Atelier-Jeunes-Lespri-Sinema-25-Tropiques-Atrium-01-768x512.jpg 768w, https:\/\/tropiques-atrium.fr\/cinemartinique\/wp-content\/uploads\/sites\/3\/2019\/03\/Atelier-Jeunes-Lespri-Sinema-25-Tropiques-Atrium-01-585x390.jpg 585w, https:\/\/tropiques-atrium.fr\/cinemartinique\/wp-content\/uploads\/sites\/3\/2019\/03\/Atelier-Jeunes-Lespri-Sinema-25-Tropiques-Atrium-01.jpg 1345w\" sizes=\"(max-width: 300px) 100vw, 300px\" \/><\/div><\/a>\n\t\t\t\t<div class=\"elementor-post__text\">\n\t\t\t\t<h3 class=\"elementor-post__title\">\n\t\t\t<a href=\"https:\/\/tropiques-atrium.fr\/cinemartinique\/2025\/10\/08\/atelier-de-realisation-pour-les-12-14-ans\/\" >\n\t\t\t\tAtelier de r\u00e9alisation, pour les 12-14 ans\t\t\t<\/a>\n\t\t<\/h3>\n\t\t\t\t<div class=\"elementor-post__excerpt\">\n\t\t\t<p>Et si tu passais derri\u00e8re la cam\u00e9ra ! Dans le cadre de&nbsp;Lespri Sin\u00e9ma, Tropiques Atrium propose un atelier de r\u00e9alisation sp\u00e9cialement con\u00e7u pour les 12-14 ans. Encadr\u00e9s par Nadia Charlery, r\u00e9alisatrice et directrice de casting, les participants d\u00e9couvriront les bases de la mise en sc\u00e8ne, du tournage et de la direction d\u2019acteurs \u00e0 travers une exp\u00e9rience ludique et cr\u00e9ative. \ud83d\udcc5 21, 22 et 23 octobre \u2013 de 9h \u00e0 12h\ud83d\udccd Tropiques Atrium Sc\u00e8ne nationale\ud83d\udcb6 Tarif : 90 \u20ac \ud83d\udce7 Inscriptions :<\/p>\n\t\t<\/div>\n\t\t\n\t\t<a class=\"elementor-post__read-more\" href=\"https:\/\/tropiques-atrium.fr\/cinemartinique\/2025\/10\/08\/atelier-de-realisation-pour-les-12-14-ans\/\" aria-label=\"En savoir plus sur Atelier de r\u00e9alisation, pour les 12-14 ans\" tabindex=\"-1\" >\n\t\t\tLire plus \u00bb\t\t<\/a>\n\n\t\t\t\t<\/div>\n\t\t\t\t\t<\/div>\n\t\t<\/article>\n\t\t\t\t<\/div>\n\t\t\n\t\t\t\t<div class=\"e-load-more-anchor\" data-page=\"1\" data-max-page=\"45\" data-next-page=\"https:\/\/tropiques-atrium.fr\/cinemartinique\/wp-json\/wp\/v2\/pages\/1409\/page\/2\/\"><\/div>\n\t\t\t\t<nav class=\"elementor-pagination\" aria-label=\"Pagination\">\n\t\t\t<span aria-current=\"page\" class=\"page-numbers current\"><span class=\"elementor-screen-only\">Page<\/span>1<\/span>\n<a class=\"page-numbers\" href=\"https:\/\/tropiques-atrium.fr\/cinemartinique\/wp-json\/wp\/v2\/pages\/1409\/page\/2\/\"><span class=\"elementor-screen-only\">Page<\/span>2<\/a>\n<a class=\"page-numbers\" href=\"https:\/\/tropiques-atrium.fr\/cinemartinique\/wp-json\/wp\/v2\/pages\/1409\/page\/3\/\"><span class=\"elementor-screen-only\">Page<\/span>3<\/a>\n<a class=\"page-numbers\" href=\"https:\/\/tropiques-atrium.fr\/cinemartinique\/wp-json\/wp\/v2\/pages\/1409\/page\/4\/\"><span class=\"elementor-screen-only\">Page<\/span>4<\/a>\t\t<\/nav>\n\t\t\t\t<\/div>\n\t\t\t\t<\/div>\n\t\t\t\t\t<\/div>\n\t\t<\/div>\n\t\t\t\t\t<\/div>\n\t\t<\/section>\n\t\t\t\t<\/div>\n\t\t","protected":false},"excerpt":{"rendered":"<p>Partenaires RCM 2019 : Les Rencontres Cin\u00e9mas Martinique 2019 remercient l\u2019ensemble des partenaires, lieux et communes qui accueillent ce Festival. Les news des Rencontres<\/p>\n","protected":false},"author":2,"featured_media":0,"parent":0,"menu_order":0,"comment_status":"closed","ping_status":"closed","template":"elementor_header_footer","meta":{"footnotes":""},"yoast_head":"<!-- This site is optimized with the Yoast SEO plugin v22.0 - https:\/\/yoast.com\/wordpress\/plugins\/seo\/ -->\n<title>Partenaires - 2019 - Cin\u00e9Martinique Festival<\/title>\n<meta name=\"robots\" content=\"index, follow, max-snippet:-1, max-image-preview:large, max-video-preview:-1\" \/>\n<link rel=\"canonical\" href=\"https:\/\/tropiques-atrium.fr\/cinemartinique\/partenaires\/\" \/>\n<meta property=\"og:locale\" content=\"fr_FR\" \/>\n<meta property=\"og:type\" content=\"article\" \/>\n<meta property=\"og:title\" content=\"Partenaires - 2019 - Cin\u00e9Martinique Festival\" \/>\n<meta property=\"og:description\" content=\"Partenaires RCM 2019 : Les Rencontres Cin\u00e9mas Martinique 2019 remercient l\u2019ensemble des partenaires, lieux et communes qui accueillent ce Festival. Les news des Rencontres\" \/>\n<meta property=\"og:url\" content=\"https:\/\/tropiques-atrium.fr\/cinemartinique\/partenaires\/\" \/>\n<meta property=\"og:site_name\" content=\"Cin\u00e9Martinique Festival\" \/>\n<meta property=\"article:modified_time\" content=\"2024-10-07T15:56:49+00:00\" \/>\n<meta property=\"og:image\" content=\"https:\/\/tropiques-atrium.fr\/rcm\/wp-content\/uploads\/sites\/3\/2019\/03\/Partenaires-festival-RCM-2019-01-1024x435.jpg\" \/>\n<meta name=\"twitter:card\" content=\"summary_large_image\" \/>\n<!-- \/ Yoast SEO plugin. -->","yoast_head_json":{"title":"Partenaires - 2019 - Cin\u00e9Martinique Festival","robots":{"index":"index","follow":"follow","max-snippet":"max-snippet:-1","max-image-preview":"max-image-preview:large","max-video-preview":"max-video-preview:-1"},"canonical":"https:\/\/tropiques-atrium.fr\/cinemartinique\/partenaires\/","og_locale":"fr_FR","og_type":"article","og_title":"Partenaires - 2019 - Cin\u00e9Martinique Festival","og_description":"Partenaires RCM 2019 : Les Rencontres Cin\u00e9mas Martinique 2019 remercient l\u2019ensemble des partenaires, lieux et communes qui accueillent ce Festival. Les news des Rencontres","og_url":"https:\/\/tropiques-atrium.fr\/cinemartinique\/partenaires\/","og_site_name":"Cin\u00e9Martinique Festival","article_modified_time":"2024-10-07T15:56:49+00:00","og_image":[{"url":"https:\/\/tropiques-atrium.fr\/rcm\/wp-content\/uploads\/sites\/3\/2019\/03\/Partenaires-festival-RCM-2019-01-1024x435.jpg"}],"twitter_card":"summary_large_image","schema":{"@context":"https:\/\/schema.org","@graph":[{"@type":"WebPage","@id":"https:\/\/tropiques-atrium.fr\/cinemartinique\/partenaires\/","url":"https:\/\/tropiques-atrium.fr\/cinemartinique\/partenaires\/","name":"Partenaires - 2019 - Cin\u00e9Martinique Festival","isPartOf":{"@id":"https:\/\/tropiques-atrium.fr\/cinemartinique\/#website"},"datePublished":"2019-03-21T17:58:30+00:00","dateModified":"2024-10-07T15:56:49+00:00","breadcrumb":{"@id":"https:\/\/tropiques-atrium.fr\/cinemartinique\/partenaires\/#breadcrumb"},"inLanguage":"fr-FR","potentialAction":[{"@type":"ReadAction","target":["https:\/\/tropiques-atrium.fr\/cinemartinique\/partenaires\/"]}]},{"@type":"BreadcrumbList","@id":"https:\/\/tropiques-atrium.fr\/cinemartinique\/partenaires\/#breadcrumb","itemListElement":[{"@type":"ListItem","position":1,"name":"Accueil","item":"https:\/\/tropiques-atrium.fr\/cinemartinique\/"},{"@type":"ListItem","position":2,"name":"Partenaires &#8211; 2019"}]},{"@type":"WebSite","@id":"https:\/\/tropiques-atrium.fr\/cinemartinique\/#website","url":"https:\/\/tropiques-atrium.fr\/cinemartinique\/","name":"Cin\u00e9Martinique Festival","description":"","publisher":{"@id":"https:\/\/tropiques-atrium.fr\/cinemartinique\/#organization"},"potentialAction":[{"@type":"SearchAction","target":{"@type":"EntryPoint","urlTemplate":"https:\/\/tropiques-atrium.fr\/cinemartinique\/?s={search_term_string}"},"query-input":"required name=search_term_string"}],"inLanguage":"fr-FR"},{"@type":"Organization","@id":"https:\/\/tropiques-atrium.fr\/cinemartinique\/#organization","name":"Cin\u00e9Martinique Festival","url":"https:\/\/tropiques-atrium.fr\/cinemartinique\/","logo":{"@type":"ImageObject","inLanguage":"fr-FR","@id":"https:\/\/tropiques-atrium.fr\/cinemartinique\/#\/schema\/logo\/image\/","url":"https:\/\/tropiques-atrium.fr\/cinemartinique\/wp-content\/uploads\/sites\/3\/2022\/01\/CineMartinique-logo-1.png","contentUrl":"https:\/\/tropiques-atrium.fr\/cinemartinique\/wp-content\/uploads\/sites\/3\/2022\/01\/CineMartinique-logo-1.png","width":1205,"height":362,"caption":"Cin\u00e9Martinique Festival"},"image":{"@id":"https:\/\/tropiques-atrium.fr\/cinemartinique\/#\/schema\/logo\/image\/"}}]}},"amp_enabled":false,"_links":{"self":[{"href":"https:\/\/tropiques-atrium.fr\/cinemartinique\/wp-json\/wp\/v2\/pages\/1409"}],"collection":[{"href":"https:\/\/tropiques-atrium.fr\/cinemartinique\/wp-json\/wp\/v2\/pages"}],"about":[{"href":"https:\/\/tropiques-atrium.fr\/cinemartinique\/wp-json\/wp\/v2\/types\/page"}],"author":[{"embeddable":true,"href":"https:\/\/tropiques-atrium.fr\/cinemartinique\/wp-json\/wp\/v2\/users\/2"}],"replies":[{"embeddable":true,"href":"https:\/\/tropiques-atrium.fr\/cinemartinique\/wp-json\/wp\/v2\/comments?post=1409"}],"version-history":[{"count":10,"href":"https:\/\/tropiques-atrium.fr\/cinemartinique\/wp-json\/wp\/v2\/pages\/1409\/revisions"}],"predecessor-version":[{"id":15242,"href":"https:\/\/tropiques-atrium.fr\/cinemartinique\/wp-json\/wp\/v2\/pages\/1409\/revisions\/15242"}],"wp:attachment":[{"href":"https:\/\/tropiques-atrium.fr\/cinemartinique\/wp-json\/wp\/v2\/media?parent=1409"}],"curies":[{"name":"wp","href":"https:\/\/api.w.org\/{rel}","templated":true}]}}