{"id":12060,"date":"2022-10-12T03:19:58","date_gmt":"2022-10-12T01:19:58","guid":{"rendered":"https:\/\/tropiques-atrium.fr\/cinemartinique\/?page_id=12060"},"modified":"2024-10-07T17:56:05","modified_gmt":"2024-10-07T15:56:05","slug":"les-partenaires","status":"publish","type":"page","link":"https:\/\/tropiques-atrium.fr\/cinemartinique\/les-partenaires\/","title":{"rendered":"Les partenaires &#8211; 2022"},"content":{"rendered":"\t\t<div data-elementor-type=\"wp-page\" data-elementor-id=\"12060\" class=\"elementor elementor-12060\" data-elementor-post-type=\"page\">\n\t\t\t\t\t\t<section class=\"elementor-section elementor-top-section elementor-element elementor-element-74efd6c elementor-section-boxed elementor-section-height-default elementor-section-height-default\" data-id=\"74efd6c\" data-element_type=\"section\">\n\t\t\t\t\t\t<div class=\"elementor-container elementor-column-gap-default\">\n\t\t\t\t\t<div class=\"elementor-column elementor-col-100 elementor-top-column elementor-element elementor-element-0b5bb39\" data-id=\"0b5bb39\" data-element_type=\"column\">\n\t\t\t<div class=\"elementor-widget-wrap elementor-element-populated\">\n\t\t\t\t\t\t<div class=\"elementor-element elementor-element-e7035bb elementor-align-left elementor-widget elementor-widget-breadcrumbs\" data-id=\"e7035bb\" data-element_type=\"widget\" data-widget_type=\"breadcrumbs.default\">\n\t\t\t\t<div class=\"elementor-widget-container\">\n\t\t\t<p id=\"breadcrumbs\"><span><span><a href=\"https:\/\/tropiques-atrium.fr\/cinemartinique\/\">Accueil<\/a><\/span><\/span><\/p>\t\t<\/div>\n\t\t\t\t<\/div>\n\t\t\t\t<div class=\"elementor-element elementor-element-3f3d954 elementor-widget-divider--view-line elementor-widget elementor-widget-divider\" data-id=\"3f3d954\" data-element_type=\"widget\" data-widget_type=\"divider.default\">\n\t\t\t\t<div class=\"elementor-widget-container\">\n\t\t\t\t\t<div class=\"elementor-divider\">\n\t\t\t<span class=\"elementor-divider-separator\">\n\t\t\t\t\t\t<\/span>\n\t\t<\/div>\n\t\t\t\t<\/div>\n\t\t\t\t<\/div>\n\t\t\t\t\t<\/div>\n\t\t<\/div>\n\t\t\t\t\t<\/div>\n\t\t<\/section>\n\t\t\t\t<section class=\"elementor-section elementor-top-section elementor-element elementor-element-1cb8d05 elementor-section-boxed elementor-section-height-default elementor-section-height-default\" data-id=\"1cb8d05\" data-element_type=\"section\">\n\t\t\t\t\t\t<div class=\"elementor-container elementor-column-gap-default\">\n\t\t\t\t\t<div class=\"elementor-column elementor-col-100 elementor-top-column elementor-element elementor-element-4e79620\" data-id=\"4e79620\" data-element_type=\"column\">\n\t\t\t<div class=\"elementor-widget-wrap elementor-element-populated\">\n\t\t\t\t\t\t<div class=\"elementor-element elementor-element-4f544ee elementor-widget elementor-widget-text-editor\" data-id=\"4f544ee\" data-element_type=\"widget\" data-widget_type=\"text-editor.default\">\n\t\t\t\t<div class=\"elementor-widget-container\">\n\t\t\t\t\t\t\t<p>LES PARTENAIRES DU FESTIVAL<\/p>\t\t\t\t\t\t<\/div>\n\t\t\t\t<\/div>\n\t\t\t\t\t<\/div>\n\t\t<\/div>\n\t\t\t\t\t<\/div>\n\t\t<\/section>\n\t\t\t\t<section class=\"elementor-section elementor-top-section elementor-element elementor-element-269b1ae elementor-section-boxed elementor-section-height-default elementor-section-height-default\" data-id=\"269b1ae\" data-element_type=\"section\">\n\t\t\t\t\t\t<div class=\"elementor-container elementor-column-gap-default\">\n\t\t\t\t\t<div class=\"elementor-column elementor-col-100 elementor-top-column elementor-element elementor-element-f6e8b1b\" data-id=\"f6e8b1b\" data-element_type=\"column\">\n\t\t\t<div class=\"elementor-widget-wrap elementor-element-populated\">\n\t\t\t\t\t\t<div class=\"elementor-element elementor-element-691486c elementor-widget elementor-widget-image\" data-id=\"691486c\" data-element_type=\"widget\" data-widget_type=\"image.default\">\n\t\t\t\t<div class=\"elementor-widget-container\">\n\t\t\t\t\t\t\t\t\t\t\t\t\t<img fetchpriority=\"high\" decoding=\"async\" width=\"846\" height=\"1024\" src=\"https:\/\/tropiques-atrium.fr\/cinemartinique\/wp-content\/uploads\/sites\/3\/2022\/10\/CineMque_Mag_OCT2022BAT-47-846x1024.jpg\" class=\"attachment-large size-large wp-image-11763\" alt=\"\" srcset=\"https:\/\/tropiques-atrium.fr\/cinemartinique\/wp-content\/uploads\/sites\/3\/2022\/10\/CineMque_Mag_OCT2022BAT-47-846x1024.jpg 846w, https:\/\/tropiques-atrium.fr\/cinemartinique\/wp-content\/uploads\/sites\/3\/2022\/10\/CineMque_Mag_OCT2022BAT-47-248x300.jpg 248w, https:\/\/tropiques-atrium.fr\/cinemartinique\/wp-content\/uploads\/sites\/3\/2022\/10\/CineMque_Mag_OCT2022BAT-47-768x929.jpg 768w, https:\/\/tropiques-atrium.fr\/cinemartinique\/wp-content\/uploads\/sites\/3\/2022\/10\/CineMque_Mag_OCT2022BAT-47.jpg 1200w\" sizes=\"(max-width: 846px) 100vw, 846px\" \/>\t\t\t\t\t\t\t\t\t\t\t\t\t<\/div>\n\t\t\t\t<\/div>\n\t\t\t\t\t<\/div>\n\t\t<\/div>\n\t\t\t\t\t<\/div>\n\t\t<\/section>\n\t\t\t\t<section class=\"elementor-section elementor-top-section elementor-element elementor-element-b0e0d09 elementor-section-boxed elementor-section-height-default elementor-section-height-default\" data-id=\"b0e0d09\" data-element_type=\"section\">\n\t\t\t\t\t\t<div class=\"elementor-container elementor-column-gap-default\">\n\t\t\t\t\t<div class=\"elementor-column elementor-col-33 elementor-top-column elementor-element elementor-element-b3bb965\" data-id=\"b3bb965\" data-element_type=\"column\">\n\t\t\t<div class=\"elementor-widget-wrap elementor-element-populated\">\n\t\t\t\t\t\t<div class=\"elementor-element elementor-element-38d5699 elementor-widget-divider--view-line elementor-widget elementor-widget-divider\" data-id=\"38d5699\" data-element_type=\"widget\" data-widget_type=\"divider.default\">\n\t\t\t\t<div class=\"elementor-widget-container\">\n\t\t\t\t\t<div class=\"elementor-divider\">\n\t\t\t<span class=\"elementor-divider-separator\">\n\t\t\t\t\t\t<\/span>\n\t\t<\/div>\n\t\t\t\t<\/div>\n\t\t\t\t<\/div>\n\t\t\t\t<div class=\"elementor-element elementor-element-827f17d elementor-widget elementor-widget-text-editor\" data-id=\"827f17d\" data-element_type=\"widget\" data-widget_type=\"text-editor.default\">\n\t\t\t\t<div class=\"elementor-widget-container\">\n\t\t\t\t\t\t\t<p>En tant qu\u2019acteur \u00e9conomique, je consid\u00e8re que nous avons \u00e9galement la mission, dans la mesure de nos possibilit\u00e9s, d\u2019apporter notre soutien au d\u00e9veloppement des activit\u00e9s culturelles de notre Martinique.<\/p><p>Le Cin\u00e9martinique Festival est une opportunit\u00e9 unique de d\u00e9couvrir des films d\u2019autres pays, des documentaires int\u00e9ressants, et aussi de donner une vitrine \u00e0 de jeunes talents sur des courts m\u00e9trages.<\/p><p>Peugeot Martinique est heureux et fier d\u2019\u00eatre un partenaire de Tropiques Atrium, et en particulier du Cin\u00e9martinique Festival.<\/p><p><em>Patrick OUENSANGA<\/em><br \/><em>Directeur G\u00e9n\u00e9ral<\/em><br \/><em>Blue Automobiles SAS<\/em><\/p>\t\t\t\t\t\t<\/div>\n\t\t\t\t<\/div>\n\t\t\t\t\t<\/div>\n\t\t<\/div>\n\t\t\t\t<div class=\"elementor-column elementor-col-33 elementor-top-column elementor-element elementor-element-06c2a17\" data-id=\"06c2a17\" data-element_type=\"column\">\n\t\t\t<div class=\"elementor-widget-wrap\">\n\t\t\t\t\t\t\t<\/div>\n\t\t<\/div>\n\t\t\t\t<div class=\"elementor-column elementor-col-33 elementor-top-column elementor-element elementor-element-e6c20f5\" data-id=\"e6c20f5\" data-element_type=\"column\">\n\t\t\t<div class=\"elementor-widget-wrap\">\n\t\t\t\t\t\t\t<\/div>\n\t\t<\/div>\n\t\t\t\t\t<\/div>\n\t\t<\/section>\n\t\t\t\t<\/div>\n\t\t","protected":false},"excerpt":{"rendered":"<p>LES PARTENAIRES DU FESTIVAL En tant qu\u2019acteur \u00e9conomique, je consid\u00e8re que nous avons \u00e9galement la mission, dans la mesure de nos possibilit\u00e9s, d\u2019apporter notre soutien au d\u00e9veloppement des activit\u00e9s culturelles de notre Martinique. Le Cin\u00e9martinique Festival est une opportunit\u00e9 unique de d\u00e9couvrir des films d\u2019autres pays, des documentaires int\u00e9ressants, et aussi de donner une vitrine \u00e0 de jeunes talents sur des courts m\u00e9trages. Peugeot Martinique est heureux et fier d\u2019\u00eatre un partenaire de Tropiques Atrium, et en particulier du Cin\u00e9martinique Festival. &#8230; <\/p>\n<p class=\"read-more-container\"><a title=\"Les partenaires &#8211; 2022\" class=\"read-more button\" href=\"https:\/\/tropiques-atrium.fr\/cinemartinique\/les-partenaires\/#more-12060\" aria-label=\"Plus sur Les partenaires &#8211; 2022\">En savoir +<\/a><\/p>\n","protected":false},"author":1,"featured_media":0,"parent":0,"menu_order":0,"comment_status":"closed","ping_status":"closed","template":"elementor_header_footer","meta":{"footnotes":""},"yoast_head":"<!-- This site is optimized with the Yoast SEO plugin v22.0 - https:\/\/yoast.com\/wordpress\/plugins\/seo\/ -->\n<title>Les partenaires - 2022 - Cin\u00e9Martinique Festival<\/title>\n<meta name=\"robots\" content=\"index, follow, max-snippet:-1, max-image-preview:large, max-video-preview:-1\" \/>\n<link rel=\"canonical\" href=\"https:\/\/tropiques-atrium.fr\/cinemartinique\/les-partenaires\/\" \/>\n<meta property=\"og:locale\" content=\"fr_FR\" \/>\n<meta property=\"og:type\" content=\"article\" \/>\n<meta property=\"og:title\" content=\"Les partenaires - 2022 - Cin\u00e9Martinique Festival\" \/>\n<meta property=\"og:description\" content=\"LES PARTENAIRES DU FESTIVAL En tant qu\u2019acteur \u00e9conomique, je consid\u00e8re que nous avons \u00e9galement la mission, dans la mesure de nos possibilit\u00e9s, d\u2019apporter notre soutien au d\u00e9veloppement des activit\u00e9s culturelles de notre Martinique. Le Cin\u00e9martinique Festival est une opportunit\u00e9 unique de d\u00e9couvrir des films d\u2019autres pays, des documentaires int\u00e9ressants, et aussi de donner une vitrine \u00e0 de jeunes talents sur des courts m\u00e9trages. Peugeot Martinique est heureux et fier d\u2019\u00eatre un partenaire de Tropiques Atrium, et en particulier du Cin\u00e9martinique Festival. ... En savoir +\" \/>\n<meta property=\"og:url\" content=\"https:\/\/tropiques-atrium.fr\/cinemartinique\/les-partenaires\/\" \/>\n<meta property=\"og:site_name\" content=\"Cin\u00e9Martinique Festival\" \/>\n<meta property=\"article:modified_time\" content=\"2024-10-07T15:56:05+00:00\" \/>\n<meta property=\"og:image\" content=\"https:\/\/tropiques-atrium.fr\/cinemartinique\/wp-content\/uploads\/sites\/3\/2022\/10\/CineMque_Mag_OCT2022BAT-47-846x1024.jpg\" \/>\n<meta name=\"twitter:card\" content=\"summary_large_image\" \/>\n<meta name=\"twitter:label1\" content=\"Dur\u00e9e de lecture estim\u00e9e\" \/>\n\t<meta name=\"twitter:data1\" content=\"1 minute\" \/>\n<!-- \/ Yoast SEO plugin. -->","yoast_head_json":{"title":"Les partenaires - 2022 - Cin\u00e9Martinique Festival","robots":{"index":"index","follow":"follow","max-snippet":"max-snippet:-1","max-image-preview":"max-image-preview:large","max-video-preview":"max-video-preview:-1"},"canonical":"https:\/\/tropiques-atrium.fr\/cinemartinique\/les-partenaires\/","og_locale":"fr_FR","og_type":"article","og_title":"Les partenaires - 2022 - Cin\u00e9Martinique Festival","og_description":"LES PARTENAIRES DU FESTIVAL En tant qu\u2019acteur \u00e9conomique, je consid\u00e8re que nous avons \u00e9galement la mission, dans la mesure de nos possibilit\u00e9s, d\u2019apporter notre soutien au d\u00e9veloppement des activit\u00e9s culturelles de notre Martinique. Le Cin\u00e9martinique Festival est une opportunit\u00e9 unique de d\u00e9couvrir des films d\u2019autres pays, des documentaires int\u00e9ressants, et aussi de donner une vitrine \u00e0 de jeunes talents sur des courts m\u00e9trages. Peugeot Martinique est heureux et fier d\u2019\u00eatre un partenaire de Tropiques Atrium, et en particulier du Cin\u00e9martinique Festival. ... En savoir +","og_url":"https:\/\/tropiques-atrium.fr\/cinemartinique\/les-partenaires\/","og_site_name":"Cin\u00e9Martinique Festival","article_modified_time":"2024-10-07T15:56:05+00:00","og_image":[{"url":"https:\/\/tropiques-atrium.fr\/cinemartinique\/wp-content\/uploads\/sites\/3\/2022\/10\/CineMque_Mag_OCT2022BAT-47-846x1024.jpg"}],"twitter_card":"summary_large_image","twitter_misc":{"Dur\u00e9e de lecture estim\u00e9e":"1 minute"},"schema":{"@context":"https:\/\/schema.org","@graph":[{"@type":"WebPage","@id":"https:\/\/tropiques-atrium.fr\/cinemartinique\/les-partenaires\/","url":"https:\/\/tropiques-atrium.fr\/cinemartinique\/les-partenaires\/","name":"Les partenaires - 2022 - Cin\u00e9Martinique Festival","isPartOf":{"@id":"https:\/\/tropiques-atrium.fr\/cinemartinique\/#website"},"datePublished":"2022-10-12T01:19:58+00:00","dateModified":"2024-10-07T15:56:05+00:00","breadcrumb":{"@id":"https:\/\/tropiques-atrium.fr\/cinemartinique\/les-partenaires\/#breadcrumb"},"inLanguage":"fr-FR","potentialAction":[{"@type":"ReadAction","target":["https:\/\/tropiques-atrium.fr\/cinemartinique\/les-partenaires\/"]}]},{"@type":"BreadcrumbList","@id":"https:\/\/tropiques-atrium.fr\/cinemartinique\/les-partenaires\/#breadcrumb","itemListElement":[{"@type":"ListItem","position":1,"name":"Accueil","item":"https:\/\/tropiques-atrium.fr\/cinemartinique\/"},{"@type":"ListItem","position":2,"name":"Les partenaires &#8211; 2022"}]},{"@type":"WebSite","@id":"https:\/\/tropiques-atrium.fr\/cinemartinique\/#website","url":"https:\/\/tropiques-atrium.fr\/cinemartinique\/","name":"Cin\u00e9Martinique Festival","description":"","publisher":{"@id":"https:\/\/tropiques-atrium.fr\/cinemartinique\/#organization"},"potentialAction":[{"@type":"SearchAction","target":{"@type":"EntryPoint","urlTemplate":"https:\/\/tropiques-atrium.fr\/cinemartinique\/?s={search_term_string}"},"query-input":"required name=search_term_string"}],"inLanguage":"fr-FR"},{"@type":"Organization","@id":"https:\/\/tropiques-atrium.fr\/cinemartinique\/#organization","name":"Cin\u00e9Martinique Festival","url":"https:\/\/tropiques-atrium.fr\/cinemartinique\/","logo":{"@type":"ImageObject","inLanguage":"fr-FR","@id":"https:\/\/tropiques-atrium.fr\/cinemartinique\/#\/schema\/logo\/image\/","url":"https:\/\/tropiques-atrium.fr\/cinemartinique\/wp-content\/uploads\/sites\/3\/2022\/01\/CineMartinique-logo-1.png","contentUrl":"https:\/\/tropiques-atrium.fr\/cinemartinique\/wp-content\/uploads\/sites\/3\/2022\/01\/CineMartinique-logo-1.png","width":1205,"height":362,"caption":"Cin\u00e9Martinique Festival"},"image":{"@id":"https:\/\/tropiques-atrium.fr\/cinemartinique\/#\/schema\/logo\/image\/"}}]}},"amp_enabled":false,"_links":{"self":[{"href":"https:\/\/tropiques-atrium.fr\/cinemartinique\/wp-json\/wp\/v2\/pages\/12060"}],"collection":[{"href":"https:\/\/tropiques-atrium.fr\/cinemartinique\/wp-json\/wp\/v2\/pages"}],"about":[{"href":"https:\/\/tropiques-atrium.fr\/cinemartinique\/wp-json\/wp\/v2\/types\/page"}],"author":[{"embeddable":true,"href":"https:\/\/tropiques-atrium.fr\/cinemartinique\/wp-json\/wp\/v2\/users\/1"}],"replies":[{"embeddable":true,"href":"https:\/\/tropiques-atrium.fr\/cinemartinique\/wp-json\/wp\/v2\/comments?post=12060"}],"version-history":[{"count":18,"href":"https:\/\/tropiques-atrium.fr\/cinemartinique\/wp-json\/wp\/v2\/pages\/12060\/revisions"}],"predecessor-version":[{"id":15240,"href":"https:\/\/tropiques-atrium.fr\/cinemartinique\/wp-json\/wp\/v2\/pages\/12060\/revisions\/15240"}],"wp:attachment":[{"href":"https:\/\/tropiques-atrium.fr\/cinemartinique\/wp-json\/wp\/v2\/media?parent=12060"}],"curies":[{"name":"wp","href":"https:\/\/api.w.org\/{rel}","templated":true}]}}