{"id":13983,"date":"2023-10-05T22:00:18","date_gmt":"2023-10-05T20:00:18","guid":{"rendered":"https:\/\/tropiques-atrium.fr\/cinemartinique\/events\/nosotras\/"},"modified":"2023-10-09T23:23:42","modified_gmt":"2023-10-09T21:23:42","slug":"nosotras","status":"publish","type":"ajde_events","link":"https:\/\/tropiques-atrium.fr\/cinemartinique\/events\/nosotras\/","title":{"rendered":"Nosotras"},"content":{"rendered":"\n<h1 class=\"wp-block-heading\">Nosotras<\/h1>\n\n\n\n<p class=\"has-text-align-right\"><strong>Comp\u00e9tition documentaire, Documentaire<\/strong><br><strong>Entr\u00e9e libre<\/strong><\/p>\n\n\n\n<p>Colombie &#8211; 1h12min &#8211; VOSTFR<br>R\u00e9alisation : Emilce Quevedo D\u00edaz<\/p>\n\n\n\n<h2 class=\"wp-block-heading\">S\u00e9ance : Jeudi 19 octobre | 15h | Salle La Terrasse<\/h2>\n\n\n\n<h2 class=\"wp-block-heading\">L&#8217;histoire :<\/h2>\n\n\n\n<p>\u00c0 travers trois g\u00e9n\u00e9rations de femmes de sa famille, la r\u00e9alisatrice r\u00e9fl\u00e9chit aux joies des liens et de la r\u00e9silience des femmes, mais aussi \u00e0 l&#8217;impact d\u00e9vastateur des r\u00f4les traditionnels des hommes et des femmes, \u00e0 l&#8217;in\u00e9galit\u00e9 entre les sexes et \u00e0 la discrimination des liens et de la r\u00e9silience des femmes.<\/p>\n\n\n\n<p><strong>Equipe du film<\/strong><\/p>\n\n\n\n<p>R\u00e9alisateur : Emilce Quevedo D\u00edaz<br>Production : Emilce Quevedo D\u00edaz, Susana Urrea<br>Ecriture : Emilce Quevedo D\u00edaz, Tatiana Andrade, Mar\u00eda Jos\u00e9 Salcedo<br>Montage : Ricardo Acosta, Mar\u00eda Alejandra Briganti, Carlos Cordero<br>Son : Isabel Torres, Marcela Vanegas, Deisy Quevedo D\u00edaz, Carolina Fern\u00e1ndez<br>Directeur de la photographie : Emilce Quevedo D\u00edaz<br>Musique : \u201cLas \u00c1\u00f1ez\u201d, Juan Salazar<\/p>\n\n\n<div class=\"wp-block-image\">\n<figure class=\"aligncenter size-large\"><img fetchpriority=\"high\" decoding=\"async\" width=\"691\" height=\"1024\" src=\"https:\/\/tropiques-atrium.fr\/cinemartinique\/wp-content\/uploads\/sites\/3\/2023\/10\/Nosotras-Cinemartinique-Festival-2023-Tropiques-Atrium-1-691x1024.jpg\" alt=\"\" class=\"wp-image-13984\" srcset=\"https:\/\/tropiques-atrium.fr\/cinemartinique\/wp-content\/uploads\/sites\/3\/2023\/10\/Nosotras-Cinemartinique-Festival-2023-Tropiques-Atrium-1-691x1024.jpg 691w, https:\/\/tropiques-atrium.fr\/cinemartinique\/wp-content\/uploads\/sites\/3\/2023\/10\/Nosotras-Cinemartinique-Festival-2023-Tropiques-Atrium-1-202x300.jpg 202w, https:\/\/tropiques-atrium.fr\/cinemartinique\/wp-content\/uploads\/sites\/3\/2023\/10\/Nosotras-Cinemartinique-Festival-2023-Tropiques-Atrium-1-768x1138.jpg 768w, https:\/\/tropiques-atrium.fr\/cinemartinique\/wp-content\/uploads\/sites\/3\/2023\/10\/Nosotras-Cinemartinique-Festival-2023-Tropiques-Atrium-1-585x867.jpg 585w, https:\/\/tropiques-atrium.fr\/cinemartinique\/wp-content\/uploads\/sites\/3\/2023\/10\/Nosotras-Cinemartinique-Festival-2023-Tropiques-Atrium-1.jpg 797w\" sizes=\"(max-width: 691px) 100vw, 691px\" \/><\/figure><\/div>","protected":false},"author":2,"featured_media":13988,"menu_order":0,"comment_status":"closed","ping_status":"closed","template":"","meta":[],"tags":[369,378],"event_type":[10,6,384,17],"event_type_2":[500,389],"yoast_head":"<!-- This site is optimized with the Yoast SEO plugin v22.0 - https:\/\/yoast.com\/wordpress\/plugins\/seo\/ -->\n<title>Nosotras - Cin\u00e9Martinique Festival<\/title>\n<meta name=\"robots\" content=\"index, follow, max-snippet:-1, max-image-preview:large, max-video-preview:-1\" \/>\n<link rel=\"canonical\" href=\"https:\/\/tropiques-atrium.fr\/cinemartinique\/events\/nosotras\/\" \/>\n<meta property=\"og:locale\" content=\"fr_FR\" \/>\n<meta property=\"og:type\" content=\"article\" \/>\n<meta property=\"og:title\" content=\"Nosotras - Cin\u00e9Martinique Festival\" \/>\n<meta property=\"og:description\" content=\"Nosotras Comp\u00e9tition documentaire, DocumentaireEntr\u00e9e libre Colombie &#8211; 1h12min &#8211; VOSTFRR\u00e9alisation : Emilce Quevedo D\u00edaz S\u00e9ance : Jeudi 19 octobre | 15h | Salle La Terrasse L&#8217;histoire : \u00c0 travers trois g\u00e9n\u00e9rations de femmes de sa famille, la r\u00e9alisatrice r\u00e9fl\u00e9chit aux joies des liens et de la r\u00e9silience des femmes, mais aussi \u00e0 l&#8217;impact d\u00e9vastateur des r\u00f4les traditionnels des hommes et des femmes, \u00e0 l&#8217;in\u00e9galit\u00e9 entre les sexes et \u00e0 la discrimination des liens et de la r\u00e9silience des femmes. Equipe du ... En savoir +\" \/>\n<meta property=\"og:url\" content=\"https:\/\/tropiques-atrium.fr\/cinemartinique\/events\/nosotras\/\" \/>\n<meta property=\"og:site_name\" content=\"Cin\u00e9Martinique Festival\" \/>\n<meta property=\"article:modified_time\" content=\"2023-10-09T21:23:42+00:00\" \/>\n<meta property=\"og:image\" content=\"https:\/\/tropiques-atrium.fr\/cinemartinique\/wp-content\/uploads\/sites\/3\/2023\/10\/Nosotras-Cinemartinique-Festival-2023-Tropiques-Atrium-5.jpg\" \/>\n\t<meta property=\"og:image:width\" content=\"1920\" \/>\n\t<meta property=\"og:image:height\" content=\"1080\" \/>\n\t<meta property=\"og:image:type\" content=\"image\/jpeg\" \/>\n<meta name=\"twitter:card\" content=\"summary_large_image\" \/>\n<meta name=\"twitter:label1\" content=\"Dur\u00e9e de lecture estim\u00e9e\" \/>\n\t<meta name=\"twitter:data1\" content=\"1 minute\" \/>\n<!-- \/ Yoast SEO plugin. -->","yoast_head_json":{"title":"Nosotras - Cin\u00e9Martinique Festival","robots":{"index":"index","follow":"follow","max-snippet":"max-snippet:-1","max-image-preview":"max-image-preview:large","max-video-preview":"max-video-preview:-1"},"canonical":"https:\/\/tropiques-atrium.fr\/cinemartinique\/events\/nosotras\/","og_locale":"fr_FR","og_type":"article","og_title":"Nosotras - Cin\u00e9Martinique Festival","og_description":"Nosotras Comp\u00e9tition documentaire, DocumentaireEntr\u00e9e libre Colombie &#8211; 1h12min &#8211; VOSTFRR\u00e9alisation : Emilce Quevedo D\u00edaz S\u00e9ance : Jeudi 19 octobre | 15h | Salle La Terrasse L&#8217;histoire : \u00c0 travers trois g\u00e9n\u00e9rations de femmes de sa famille, la r\u00e9alisatrice r\u00e9fl\u00e9chit aux joies des liens et de la r\u00e9silience des femmes, mais aussi \u00e0 l&#8217;impact d\u00e9vastateur des r\u00f4les traditionnels des hommes et des femmes, \u00e0 l&#8217;in\u00e9galit\u00e9 entre les sexes et \u00e0 la discrimination des liens et de la r\u00e9silience des femmes. Equipe du ... En savoir +","og_url":"https:\/\/tropiques-atrium.fr\/cinemartinique\/events\/nosotras\/","og_site_name":"Cin\u00e9Martinique Festival","article_modified_time":"2023-10-09T21:23:42+00:00","og_image":[{"width":1920,"height":1080,"url":"https:\/\/tropiques-atrium.fr\/cinemartinique\/wp-content\/uploads\/sites\/3\/2023\/10\/Nosotras-Cinemartinique-Festival-2023-Tropiques-Atrium-5.jpg","type":"image\/jpeg"}],"twitter_card":"summary_large_image","twitter_misc":{"Dur\u00e9e de lecture estim\u00e9e":"1 minute"},"schema":{"@context":"https:\/\/schema.org","@graph":[{"@type":"WebPage","@id":"https:\/\/tropiques-atrium.fr\/cinemartinique\/events\/nosotras\/","url":"https:\/\/tropiques-atrium.fr\/cinemartinique\/events\/nosotras\/","name":"Nosotras - Cin\u00e9Martinique Festival","isPartOf":{"@id":"https:\/\/tropiques-atrium.fr\/cinemartinique\/#website"},"datePublished":"2023-10-05T20:00:18+00:00","dateModified":"2023-10-09T21:23:42+00:00","breadcrumb":{"@id":"https:\/\/tropiques-atrium.fr\/cinemartinique\/events\/nosotras\/#breadcrumb"},"inLanguage":"fr-FR","potentialAction":[{"@type":"ReadAction","target":["https:\/\/tropiques-atrium.fr\/cinemartinique\/events\/nosotras\/"]}]},{"@type":"BreadcrumbList","@id":"https:\/\/tropiques-atrium.fr\/cinemartinique\/events\/nosotras\/#breadcrumb","itemListElement":[{"@type":"ListItem","position":1,"name":"Accueil","item":"https:\/\/tropiques-atrium.fr\/cinemartinique\/"},{"@type":"ListItem","position":2,"name":"Events","item":"https:\/\/tropiques-atrium.fr\/cinemartinique\/events\/"},{"@type":"ListItem","position":3,"name":"Nosotras"}]},{"@type":"WebSite","@id":"https:\/\/tropiques-atrium.fr\/cinemartinique\/#website","url":"https:\/\/tropiques-atrium.fr\/cinemartinique\/","name":"Cin\u00e9Martinique Festival","description":"","publisher":{"@id":"https:\/\/tropiques-atrium.fr\/cinemartinique\/#organization"},"potentialAction":[{"@type":"SearchAction","target":{"@type":"EntryPoint","urlTemplate":"https:\/\/tropiques-atrium.fr\/cinemartinique\/?s={search_term_string}"},"query-input":"required name=search_term_string"}],"inLanguage":"fr-FR"},{"@type":"Organization","@id":"https:\/\/tropiques-atrium.fr\/cinemartinique\/#organization","name":"Cin\u00e9Martinique Festival","url":"https:\/\/tropiques-atrium.fr\/cinemartinique\/","logo":{"@type":"ImageObject","inLanguage":"fr-FR","@id":"https:\/\/tropiques-atrium.fr\/cinemartinique\/#\/schema\/logo\/image\/","url":"https:\/\/tropiques-atrium.fr\/cinemartinique\/wp-content\/uploads\/sites\/3\/2022\/01\/CineMartinique-logo-1.png","contentUrl":"https:\/\/tropiques-atrium.fr\/cinemartinique\/wp-content\/uploads\/sites\/3\/2022\/01\/CineMartinique-logo-1.png","width":1205,"height":362,"caption":"Cin\u00e9Martinique Festival"},"image":{"@id":"https:\/\/tropiques-atrium.fr\/cinemartinique\/#\/schema\/logo\/image\/"}}]}},"_links":{"self":[{"href":"https:\/\/tropiques-atrium.fr\/cinemartinique\/wp-json\/wp\/v2\/ajde_events\/13983"}],"collection":[{"href":"https:\/\/tropiques-atrium.fr\/cinemartinique\/wp-json\/wp\/v2\/ajde_events"}],"about":[{"href":"https:\/\/tropiques-atrium.fr\/cinemartinique\/wp-json\/wp\/v2\/types\/ajde_events"}],"author":[{"embeddable":true,"href":"https:\/\/tropiques-atrium.fr\/cinemartinique\/wp-json\/wp\/v2\/users\/2"}],"replies":[{"embeddable":true,"href":"https:\/\/tropiques-atrium.fr\/cinemartinique\/wp-json\/wp\/v2\/comments?post=13983"}],"version-history":[{"count":1,"href":"https:\/\/tropiques-atrium.fr\/cinemartinique\/wp-json\/wp\/v2\/ajde_events\/13983\/revisions"}],"predecessor-version":[{"id":13989,"href":"https:\/\/tropiques-atrium.fr\/cinemartinique\/wp-json\/wp\/v2\/ajde_events\/13983\/revisions\/13989"}],"wp:featuredmedia":[{"embeddable":true,"href":"https:\/\/tropiques-atrium.fr\/cinemartinique\/wp-json\/wp\/v2\/media\/13988"}],"wp:attachment":[{"href":"https:\/\/tropiques-atrium.fr\/cinemartinique\/wp-json\/wp\/v2\/media?parent=13983"}],"wp:term":[{"taxonomy":"post_tag","embeddable":true,"href":"https:\/\/tropiques-atrium.fr\/cinemartinique\/wp-json\/wp\/v2\/tags?post=13983"},{"taxonomy":"event_type","embeddable":true,"href":"https:\/\/tropiques-atrium.fr\/cinemartinique\/wp-json\/wp\/v2\/event_type?post=13983"},{"taxonomy":"event_type_2","embeddable":true,"href":"https:\/\/tropiques-atrium.fr\/cinemartinique\/wp-json\/wp\/v2\/event_type_2?post=13983"}],"curies":[{"name":"wp","href":"https:\/\/api.w.org\/{rel}","templated":true}]}}

<h1 class="wp-block-heading">Nosotras</h1>



<p class="has-text-align-right"><strong>Compétition documentaire, Documentaire</strong><br><strong>Entrée libre</strong></p>



<p>Colombie &#8211; 1h12min &#8211; VOSTFR<br>Réalisation : Emilce Quevedo Díaz</p>



<h2 class="wp-block-heading">Séance : Jeudi 19 octobre | 15h | Salle La Terrasse</h2>



<h2 class="wp-block-heading">L&#8217;histoire :</h2>



<p>À travers trois générations de femmes de sa famille, la réalisatrice réfléchit aux joies des liens et de la résilience des femmes, mais aussi à l&#8217;impact dévastateur des rôles traditionnels des hommes et des femmes, à l&#8217;inégalité entre les sexes et à la discrimination des liens et de la résilience des femmes.</p>



<p><strong>Equipe du film</strong></p>



<p>Réalisateur : Emilce Quevedo Díaz<br>Production : Emilce Quevedo Díaz, Susana Urrea<br>Ecriture : Emilce Quevedo Díaz, Tatiana Andrade, María José Salcedo<br>Montage : Ricardo Acosta, María Alejandra Briganti, Carlos Cordero<br>Son : Isabel Torres, Marcela Vanegas, Deisy Quevedo Díaz, Carolina Fernández<br>Directeur de la photographie : Emilce Quevedo Díaz<br>Musique : “Las Áñez”, Juan Salazar</p>


<div class="wp-block-image">
<figure class="aligncenter size-large"><img fetchpriority="high" decoding="async" width="691" height="1024" src="https://tropiques-atrium.fr/cinemartinique/wp-content/uploads/sites/3/2023/10/Nosotras-Cinemartinique-Festival-2023-Tropiques-Atrium-1-691x1024.jpg" alt="" class="wp-image-13984" srcset="https://tropiques-atrium.fr/cinemartinique/wp-content/uploads/sites/3/2023/10/Nosotras-Cinemartinique-Festival-2023-Tropiques-Atrium-1-691x1024.jpg 691w, https://tropiques-atrium.fr/cinemartinique/wp-content/uploads/sites/3/2023/10/Nosotras-Cinemartinique-Festival-2023-Tropiques-Atrium-1-202x300.jpg 202w, https://tropiques-atrium.fr/cinemartinique/wp-content/uploads/sites/3/2023/10/Nosotras-Cinemartinique-Festival-2023-Tropiques-Atrium-1-768x1138.jpg 768w, https://tropiques-atrium.fr/cinemartinique/wp-content/uploads/sites/3/2023/10/Nosotras-Cinemartinique-Festival-2023-Tropiques-Atrium-1-585x867.jpg 585w, https://tropiques-atrium.fr/cinemartinique/wp-content/uploads/sites/3/2023/10/Nosotras-Cinemartinique-Festival-2023-Tropiques-Atrium-1.jpg 797w" sizes="(max-width: 691px) 100vw, 691px" /></figure></div>

<!-- This site is optimized with the Yoast SEO plugin v22.0 - https://yoast.com/wordpress/plugins/seo/ -->
<title>Nosotras - CinéMartinique Festival</title>
<meta name="robots" content="index, follow, max-snippet:-1, max-image-preview:large, max-video-preview:-1" />
<link rel="canonical" href="https://tropiques-atrium.fr/cinemartinique/events/nosotras/" />
<meta property="og:locale" content="fr_FR" />
<meta property="og:type" content="article" />
<meta property="og:title" content="Nosotras - CinéMartinique Festival" />
<meta property="og:description" content="Nosotras Compétition documentaire, DocumentaireEntrée libre Colombie &#8211; 1h12min &#8211; VOSTFRRéalisation : Emilce Quevedo Díaz Séance : Jeudi 19 octobre | 15h | Salle La Terrasse L&#8217;histoire : À travers trois générations de femmes de sa famille, la réalisatrice réfléchit aux joies des liens et de la résilience des femmes, mais aussi à l&#8217;impact dévastateur des rôles traditionnels des hommes et des femmes, à l&#8217;inégalité entre les sexes et à la discrimination des liens et de la résilience des femmes. Equipe du ... En savoir +" />
<meta property="og:url" content="https://tropiques-atrium.fr/cinemartinique/events/nosotras/" />
<meta property="og:site_name" content="CinéMartinique Festival" />
<meta property="article:modified_time" content="2023-10-09T21:23:42+00:00" />
<meta property="og:image" content="https://tropiques-atrium.fr/cinemartinique/wp-content/uploads/sites/3/2023/10/Nosotras-Cinemartinique-Festival-2023-Tropiques-Atrium-5.jpg" />
	<meta property="og:image:width" content="1920" />
	<meta property="og:image:height" content="1080" />
	<meta property="og:image:type" content="image/jpeg" />
<meta name="twitter:card" content="summary_large_image" />
<meta name="twitter:label1" content="Durée de lecture estimée" />
	<meta name="twitter:data1" content="1 minute" />
<!-- / Yoast SEO plugin. -->

Nosotras - CinéMartinique Festival

Nosotras Compétition documentaire, DocumentaireEntrée libre Colombie &#8211; 1h12min &#8211; VOSTFRRéalisation : Emilce Quevedo Díaz Séance : Jeudi 19 octobre | 15h | Salle La Terrasse L&#8217;histoire : À travers trois générations de femmes de sa famille, la réalisatrice réfléchit aux joies des liens et de la résilience des femmes, mais aussi à l&#8217;impact dévastateur des rôles traditionnels des hommes et des femmes, à l&#8217;inégalité entre les sexes et à la discrimination des liens et de la résilience des femmes. Equipe du ... En savoir +

CinéMartinique Festival
